--
-- Host: localhost    Database: onehr_onehrstag0284
-- ------------------------------------------------------


--
-- Table structure for table `discussion_general_subject`
--

CREATE TABLE `discussion_general_subject` (
  `id` int(10) unsigned NOT NULL,
  `parent_id` int(11) NOT NULL,
  `general_subject` text NOT NULL,
  `created_by` int(11) NOT NULL,
  `created_at` timestamp NULL DEFAULT NULL,
  `updated_at` timestamp NULL DEFAULT NULL,
  PRIMARY KEY (`id`)
) ENGINE=InnoDB DEFAULT CHARSET=utf8mb4 COLLATE=utf8mb4_unicode_ci;

--
-- Dumping data for table `discussion_general_subject`
--


--
-- Table structure for table `discussion_member_post`
--

CREATE TABLE `discussion_member_post` (
  `id` int(10) unsigned NOT NULL AUTO_INCREMENT,
  `discussion_post_id` int(11) NOT NULL,
  `member_id` int(11) NOT NULL DEFAULT 0,
  `member_post` text NOT NULL DEFAULT '0',
  `created_at` timestamp NULL DEFAULT NULL,
  `updated_at` timestamp NULL DEFAULT NULL,
  PRIMARY KEY (`id`)
) ENGINE=InnoDB DEFAULT CHARSET=utf8mb4 COLLATE=utf8mb4_unicode_ci;

--
-- Dumping data for table `discussion_member_post`
--


--
-- Table structure for table `discussion_post`
--

CREATE TABLE `discussion_post` (
  `id` int(10) unsigned NOT NULL AUTO_INCREMENT,
  `parent_id` int(11) NOT NULL,
  `discussion_post_id` int(11) DEFAULT NULL,
  `post` text NOT NULL,
  `is_reply` int(11) NOT NULL DEFAULT 0,
  `member_id` int(11) NOT NULL,
  `created_at` timestamp NULL DEFAULT NULL,
  `updated_at` timestamp NULL DEFAULT NULL,
  PRIMARY KEY (`id`)
) ENGINE=InnoDB AUTO_INCREMENT=11 DEFAULT CHARSET=utf8mb4 COLLATE=utf8mb4_unicode_ci;

--
-- Dumping data for table `discussion_post`
--

INSERT INTO `discussion_post` VALUES (1,10,NULL,'<h1>Productivity Analysis For HR: What To Track</h1><p>86% of UK small and medium enterprises (SMEs) believe that productivity is an issue, according to research by Opus Energy. Productivity analysis &amp; metrics are of great concern to HR teams &amp; business leaders worldwide. Here\'s what HR needs to track 👉 <a href=\"https://aihr.ac/40B0lMZ\" target=\"_blank\">https://aihr.ac/40B0lMZ</a></p>',0,4,'2023-02-07 18:40:00','2023-02-07 18:54:24'),(2,12,NULL,'<h1>Attrition vs Retention: What’s the Difference?</h1><p><br></p><p>Employee Attrition &amp; Employee Retention are important HR metrics for developing and managing a robust, productive workforce. 📊 <a href=\"https://aihr.ac/40g54nc\" target=\"_blank\">https://aihr.ac/40g54nc</a> ⇠ In this article, I explain the difference between these two metrics &amp; how they can help your organization thrive!</p><p><br></p>',0,4,'2023-02-07 18:43:14','2023-02-07 18:43:14'),(3,14,NULL,'<h1>A Guide to Conducting a Training Needs Analysis</h1><p>&nbsp;Being able to conduct a Training Needs Analysis is a key tool for any L&amp;D professional 🗝️ <a href=\"https://aihr.ac/3JDWPvj\" target=\"_blank\">https://aihr.ac/3JDWPvj</a> In this article, we explain what it is, provide a template ✅ &amp; give a training needs analysis example.</p>',0,4,'2023-02-07 18:52:10','2023-02-07 18:52:10'),(4,13,NULL,'<h1>5 Ways to Conquer Talent Acquisition Now</h1><p><br></p><p><span style=\"color: rgb(0, 0, 0);\">These are confusing times, especially when it comes to recruiting and talent acquisition, for&nbsp;</span><a href=\"https://www.hrexchangenetwork.com/hr-talent-management/articles/what-is-human-resources-in-the-modern-workplace\" target=\"_blank\" style=\"color: rgb(0, 123, 255);\">Human Resources</a><span style=\"color: rgb(0, 0, 0);\">&nbsp;leaders. While many industries are facing a labor shortage as a result of shifting demographics and fears of attrition are brought on because many employees are facing burnout, the gloomy economic outlook has put hiring on hold. Some - especially in the tech industry - are even laying off talent.</span></p>',0,111,'2023-02-09 03:17:09','2023-02-09 03:17:51'),(6,24,NULL,'<h1>How the future of work is dictating HR innovations</h1><p><br></p><p>Innovations are the bedrock of creating future-ready practices. We look at some important evolving nature of work trends that will dictate the future of HR innovations.</p><p><br></p><p>https://www.peoplematters.in/article/strategic-hr/how-the-future-of-work-is-dictating-hr-innovations-35426</p>',0,111,'2023-02-09 03:23:57','2023-02-09 03:23:57'),(7,1,NULL,'<p>What are the benefits of an OGSM exercise please</p>',0,4,'2023-02-09 03:28:52','2023-02-09 03:30:53'),(8,1,7,'<p>Priorities are clear.</p><p>Alignment and Integration across functions and regions.</p><p>Short term business Goals are linked to the long-term vision of the company.</p><p>Effective communication of Vision/Strategy internally and also for PR purposes is achieved.</p><p><br></p>',1,72,'2023-02-09 03:32:18','2023-02-09 03:32:56'),(9,1,NULL,'<p>What are the tools used in Strategic Business Planning from a HR perspective?</p>',0,72,'2023-02-09 03:48:26','2023-02-09 03:48:26'),(10,1,NULL,'<p>What are the exact roles and responsibilities of a Business partner role</p>',0,112,'2023-02-09 04:23:00','2023-02-09 04:23:00');

--
-- Table structure for table `discussion_post_attachments`
--

CREATE TABLE `discussion_post_attachments` (
  `id` int(10) unsigned NOT NULL AUTO_INCREMENT,
  `discussion_post_id` int(11) NOT NULL,
  `original_file_name` varchar(255) NOT NULL,
  `file_name` varchar(255) NOT NULL,
  `extension` varchar(11) DEFAULT NULL,
  `uploaded_by` int(11) NOT NULL,
  `created_at` timestamp NULL DEFAULT NULL,
  `updated_at` timestamp NULL DEFAULT NULL,
  PRIMARY KEY (`id`)
) ENGINE=InnoDB AUTO_INCREMENT=9 DEFAULT CHARSET=utf8mb4 COLLATE=utf8mb4_unicode_ci;

--
-- Dumping data for table `discussion_post_attachments`
--

INSERT INTO `discussion_post_attachments` VALUES (1,1,'Employee-Productivity-Metrics-To-Track.webp','1675815000245employee-productivity-metrics-to-track.webp','webp',4,'2023-02-07 18:40:00','2023-02-07 18:40:00'),(2,1,'Employee-Productivity-Metrics-To-Track.jpg','1675815054348employee-productivity-metrics-to-track.jpg','jpg',4,'2023-02-07 18:40:54','2023-02-07 18:40:54'),(3,2,'1675347433017.jpg','16758151946411675347433017.jpg','jpg',4,'2023-02-07 18:43:14','2023-02-07 18:43:14'),(4,3,'How-to-Determine-If-You-Need-a-Training-Needs-Analysis4.webp','1675815730146how-to-determine-if-you-need-a-training-needs-analysis4.webp','webp',4,'2023-02-07 18:52:10','2023-02-07 18:52:10'),(5,4,'5_ways_to_recruit_in_economic_downturnfBJRFm0u3xwOz7MFbrnD3Xlt0Hq9ah68oCJWzYW5.webp','16759324293215_ways_to_recruit_in_economic_downturnfbjrfm0u3xwoz7mfbrnd3xlt0hq9ah68ocjwzyw5.webp','webp',111,'2023-02-09 03:17:09','2023-02-09 03:17:09'),(6,4,'5_ways_to_recruit_in_economic_downturnfBJRFm0u3xwOz7MFbrnD3Xlt0Hq9ah68oCJWzYW5.jpg','16759324719765_ways_to_recruit_in_economic_downturnfbjrfm0u3xwoz7mfbrnd3xlt0hq9ah68ocjwzyw5.jpg','jpg',111,'2023-02-09 03:17:51','2023-02-09 03:17:51'),(8,6,'1664261739.jpg','16759328377631664261739.jpg','jpg',111,'2023-02-09 03:23:57','2023-02-09 03:23:57');

--
-- Table structure for table `evaluation_compare`
--

CREATE TABLE `evaluation_compare` (
  `id` bigint(20) unsigned NOT NULL AUTO_INCREMENT,
  `role_id` int(11) NOT NULL,
  `focus_area_id` int(11) NOT NULL,
  `fa_accountability_id` int(11) NOT NULL,
  `fa_maturity_level` int(11) DEFAULT NULL,
  `fa_maturity_level_position` int(11) DEFAULT NULL,
  `created_at` timestamp NULL DEFAULT NULL,
  `updated_at` timestamp NULL DEFAULT NULL,
  PRIMARY KEY (`id`)
) ENGINE=InnoDB AUTO_INCREMENT=963 DEFAULT CHARSET=utf8mb4 COLLATE=utf8mb4_unicode_ci;

--
-- Dumping data for table `evaluation_compare`
--

INSERT INTO `evaluation_compare` VALUES (495,1,1,1,313,5,NULL,NULL),(496,1,1,2,319,5,NULL,NULL),(497,1,1,3,325,5,NULL,NULL),(498,1,1,4,331,5,NULL,NULL),(499,1,1,5,337,5,NULL,NULL),(500,1,2,6,343,5,NULL,NULL),(501,1,2,7,349,5,NULL,NULL),(502,1,2,8,355,5,NULL,NULL),(503,1,2,9,361,5,NULL,NULL),(504,1,2,10,367,5,NULL,NULL),(505,1,2,11,374,4,NULL,NULL),(506,1,2,12,380,4,NULL,NULL),(507,1,2,13,386,4,NULL,NULL),(508,1,2,14,392,4,NULL,NULL),(509,1,2,15,398,4,NULL,NULL),(510,1,2,16,404,4,NULL,NULL),(511,1,2,17,410,4,NULL,NULL),(512,1,2,18,416,4,NULL,NULL),(513,1,2,19,422,4,NULL,NULL),(514,1,2,20,428,4,NULL,NULL),(515,1,3,21,434,4,NULL,NULL),(516,1,3,22,440,4,NULL,NULL),(517,1,3,23,446,4,NULL,NULL),(518,1,4,24,452,4,NULL,NULL),(519,1,4,25,458,4,NULL,NULL),(520,1,4,26,464,4,NULL,NULL),(521,2,1,1,313,5,NULL,NULL),(522,2,1,2,319,5,NULL,NULL),(523,2,1,3,325,5,NULL,NULL),(524,2,1,4,331,5,NULL,NULL),(525,2,1,5,337,5,NULL,NULL),(526,2,2,6,343,5,NULL,NULL),(527,2,2,7,349,5,NULL,NULL),(528,2,2,8,355,5,NULL,NULL),(529,2,2,9,361,5,NULL,NULL),(530,2,2,10,367,5,NULL,NULL),(531,2,2,11,374,4,NULL,NULL),(532,2,2,12,380,4,NULL,NULL),(533,2,2,13,386,4,NULL,NULL),(534,2,2,14,392,4,NULL,NULL),(535,2,2,15,398,4,NULL,NULL),(536,2,2,16,404,4,NULL,NULL),(537,2,2,17,410,4,NULL,NULL),(538,2,2,18,416,4,NULL,NULL),(539,2,2,19,422,4,NULL,NULL),(540,2,2,20,428,4,NULL,NULL),(541,2,3,21,434,4,NULL,NULL),(542,2,3,22,440,4,NULL,NULL),(543,2,3,23,446,4,NULL,NULL),(544,2,4,24,452,4,NULL,NULL),(545,2,4,25,458,4,NULL,NULL),(546,2,4,26,464,4,NULL,NULL),(547,3,1,1,313,5,NULL,NULL),(548,3,1,2,319,5,NULL,NULL),(549,3,1,3,325,5,NULL,NULL),(550,3,1,4,331,5,NULL,NULL),(551,3,1,5,337,5,NULL,NULL),(552,3,2,6,343,5,NULL,NULL),(553,3,2,7,349,5,NULL,NULL),(554,3,2,8,355,5,NULL,NULL),(555,3,2,9,361,5,NULL,NULL),(556,3,2,10,367,5,NULL,NULL),(557,3,2,11,374,4,NULL,NULL),(558,3,2,12,380,4,NULL,NULL),(559,3,2,13,386,4,NULL,NULL),(560,3,2,14,392,4,NULL,NULL),(561,3,2,15,398,4,NULL,NULL),(562,3,2,16,404,4,NULL,NULL),(563,3,2,17,410,4,NULL,NULL),(564,3,2,18,416,4,NULL,NULL),(565,3,2,19,422,4,NULL,NULL),(566,3,2,20,428,4,NULL,NULL),(567,3,3,21,434,4,NULL,NULL),(568,3,3,22,440,4,NULL,NULL),(569,3,3,23,446,4,NULL,NULL),(570,3,4,24,452,4,NULL,NULL),(571,3,4,25,458,4,NULL,NULL),(572,3,4,26,464,4,NULL,NULL),(573,4,1,1,313,5,NULL,NULL),(574,4,1,2,319,5,NULL,NULL),(575,4,1,3,325,5,NULL,NULL),(576,4,1,4,331,5,NULL,NULL),(577,4,1,5,337,5,NULL,NULL),(578,4,2,6,343,5,NULL,NULL),(579,4,2,7,349,5,NULL,NULL),(580,4,2,8,355,5,NULL,NULL),(581,4,2,9,361,5,NULL,NULL),(582,4,2,10,367,5,NULL,NULL),(583,4,2,11,374,4,NULL,NULL),(584,4,2,12,380,4,NULL,NULL),(585,4,2,13,386,4,NULL,NULL),(586,4,2,14,392,4,NULL,NULL),(587,4,2,15,398,4,NULL,NULL),(588,4,2,16,404,4,NULL,NULL),(589,4,2,17,410,4,NULL,NULL),(590,4,2,18,416,4,NULL,NULL),(591,4,2,19,422,4,NULL,NULL),(592,4,2,20,428,4,NULL,NULL),(593,4,3,21,434,4,NULL,NULL),(594,4,3,22,440,4,NULL,NULL),(595,4,3,23,446,4,NULL,NULL),(596,4,4,24,452,4,NULL,NULL),(597,4,4,25,458,4,NULL,NULL),(598,4,4,26,464,4,NULL,NULL),(599,5,1,1,313,5,NULL,NULL),(600,5,1,2,319,5,NULL,NULL),(601,5,1,3,325,5,NULL,NULL),(602,5,1,4,331,5,NULL,NULL),(603,5,1,5,337,5,NULL,NULL),(604,5,2,6,343,5,NULL,NULL),(605,5,2,7,349,5,NULL,NULL),(606,5,2,8,355,5,NULL,NULL),(607,5,2,9,361,5,NULL,NULL),(608,5,2,10,367,5,NULL,NULL),(609,5,2,11,374,4,NULL,NULL),(610,5,2,12,380,4,NULL,NULL),(611,5,2,13,386,4,NULL,NULL),(612,5,2,14,392,4,NULL,NULL),(613,5,2,15,398,4,NULL,NULL),(614,5,2,16,404,4,NULL,NULL),(615,5,2,17,410,4,NULL,NULL),(616,5,2,18,416,4,NULL,NULL),(617,5,2,19,422,4,NULL,NULL),(618,5,2,20,428,4,NULL,NULL),(619,5,3,21,434,4,NULL,NULL),(620,5,3,22,440,4,NULL,NULL),(621,5,3,23,446,4,NULL,NULL),(622,5,4,24,452,4,NULL,NULL),(623,5,4,25,458,4,NULL,NULL),(624,5,4,26,464,4,NULL,NULL),(625,6,1,1,313,5,NULL,NULL),(626,6,1,2,319,5,NULL,NULL),(627,6,1,3,325,5,NULL,NULL),(628,6,1,4,331,5,NULL,NULL),(629,6,1,5,337,5,NULL,NULL),(630,6,2,6,343,5,NULL,NULL),(631,6,2,7,349,5,NULL,NULL),(632,6,2,8,355,5,NULL,NULL),(633,6,2,9,361,5,NULL,NULL),(634,6,2,10,367,5,NULL,NULL),(635,6,2,11,374,4,NULL,NULL),(636,6,2,12,380,4,NULL,NULL),(637,6,2,13,386,4,NULL,NULL),(638,6,2,14,392,4,NULL,NULL),(639,6,2,15,398,4,NULL,NULL),(640,6,2,16,404,4,NULL,NULL),(641,6,2,17,410,4,NULL,NULL),(642,6,2,18,416,4,NULL,NULL),(643,6,2,19,422,4,NULL,NULL),(644,6,2,20,428,4,NULL,NULL),(645,6,3,21,434,4,NULL,NULL),(646,6,3,22,440,4,NULL,NULL),(647,6,3,23,446,4,NULL,NULL),(648,6,4,24,452,4,NULL,NULL),(649,6,4,25,458,4,NULL,NULL),(650,6,4,26,464,4,NULL,NULL),(651,7,1,1,314,4,NULL,NULL),(652,7,1,2,320,4,NULL,NULL),(653,7,1,3,326,4,NULL,NULL),(654,7,1,4,332,4,NULL,NULL),(655,7,1,5,338,4,NULL,NULL),(656,7,2,6,344,4,NULL,NULL),(657,7,2,7,350,4,NULL,NULL),(658,7,2,8,356,4,NULL,NULL),(659,7,2,9,362,4,NULL,NULL),(660,7,2,10,368,4,NULL,NULL),(661,7,2,11,375,3,NULL,NULL),(662,7,2,12,381,3,NULL,NULL),(663,7,2,13,387,3,NULL,NULL),(664,7,2,14,393,3,NULL,NULL),(665,7,2,15,399,3,NULL,NULL),(666,7,2,16,405,3,NULL,NULL),(667,7,2,17,411,3,NULL,NULL),(668,7,2,18,417,3,NULL,NULL),(669,7,2,19,424,2,NULL,NULL),(670,7,2,20,430,2,NULL,NULL),(671,7,3,21,435,3,NULL,NULL),(672,7,3,22,441,3,NULL,NULL),(673,7,3,23,447,3,NULL,NULL),(674,7,4,24,453,3,NULL,NULL),(675,7,4,25,459,3,NULL,NULL),(676,7,4,26,465,3,NULL,NULL),(677,8,1,1,315,3,NULL,NULL),(678,8,1,2,321,3,NULL,NULL),(679,8,1,3,327,3,NULL,NULL),(680,8,1,4,333,3,NULL,NULL),(681,8,1,5,339,3,NULL,NULL),(682,8,2,6,345,3,NULL,NULL),(683,8,2,7,351,3,NULL,NULL),(684,8,2,8,357,3,NULL,NULL),(685,8,2,9,363,3,NULL,NULL),(686,8,2,10,369,3,NULL,NULL),(687,8,2,11,375,3,NULL,NULL),(688,8,2,12,381,3,NULL,NULL),(689,8,2,13,387,3,NULL,NULL),(690,8,2,14,393,3,NULL,NULL),(691,8,2,15,399,3,NULL,NULL),(692,8,2,16,405,3,NULL,NULL),(693,8,2,17,411,3,NULL,NULL),(694,8,2,18,417,3,NULL,NULL),(695,8,2,19,423,3,NULL,NULL),(696,8,2,20,429,3,NULL,NULL),(697,8,3,21,435,3,NULL,NULL),(698,8,3,22,441,3,NULL,NULL),(699,8,3,23,447,3,NULL,NULL),(700,8,4,24,453,3,NULL,NULL),(701,8,4,25,459,3,NULL,NULL),(702,8,4,26,465,3,NULL,NULL),(703,9,1,1,316,2,NULL,NULL),(704,9,1,2,322,2,NULL,NULL),(705,9,1,3,328,2,NULL,NULL),(706,9,1,4,334,2,NULL,NULL),(707,9,1,5,340,2,NULL,NULL),(708,9,2,6,346,2,NULL,NULL),(709,9,2,7,351,3,NULL,NULL),(710,9,2,8,358,2,NULL,NULL),(711,9,2,9,364,2,NULL,NULL),(712,9,2,10,370,2,NULL,NULL),(713,9,2,11,376,2,NULL,NULL),(714,9,2,12,382,2,NULL,NULL),(715,9,2,13,388,2,NULL,NULL),(716,9,2,14,394,2,NULL,NULL),(717,9,2,15,400,2,NULL,NULL),(718,9,2,16,406,2,NULL,NULL),(719,9,2,17,412,2,NULL,NULL),(720,9,2,18,418,2,NULL,NULL),(721,9,2,19,424,2,NULL,NULL),(722,9,2,20,430,2,NULL,NULL),(723,9,3,21,436,2,NULL,NULL),(724,9,3,22,442,2,NULL,NULL),(725,9,3,23,448,2,NULL,NULL),(726,9,4,24,454,2,NULL,NULL),(727,9,4,25,460,2,NULL,NULL),(728,9,4,26,466,2,NULL,NULL),(729,10,1,1,316,2,NULL,NULL),(730,10,1,2,322,2,NULL,NULL),(731,10,1,3,328,2,NULL,NULL),(732,10,1,4,334,2,NULL,NULL),(733,10,1,5,340,2,NULL,NULL),(734,10,2,6,346,2,NULL,NULL),(735,10,2,7,351,3,NULL,NULL),(736,10,2,8,358,2,NULL,NULL),(737,10,2,9,364,2,NULL,NULL),(738,10,2,10,370,2,NULL,NULL),(739,10,2,11,376,2,NULL,NULL),(740,10,2,12,382,2,NULL,NULL),(741,10,2,13,388,2,NULL,NULL),(742,10,2,14,394,2,NULL,NULL),(743,10,2,15,400,2,NULL,NULL),(744,10,2,16,406,2,NULL,NULL),(745,10,2,17,412,2,NULL,NULL),(746,10,2,18,418,2,NULL,NULL),(747,10,2,19,424,2,NULL,NULL),(748,10,2,20,430,2,NULL,NULL),(749,10,3,21,436,2,NULL,NULL),(750,10,3,22,442,2,NULL,NULL),(751,10,3,23,448,2,NULL,NULL),(752,10,4,24,454,2,NULL,NULL),(753,10,4,25,460,2,NULL,NULL),(754,10,4,26,466,2,NULL,NULL),(755,11,1,1,316,2,NULL,NULL),(756,11,1,2,322,2,NULL,NULL),(757,11,1,3,328,2,NULL,NULL),(758,11,1,4,334,2,NULL,NULL),(759,11,1,5,340,2,NULL,NULL),(760,11,2,6,346,2,NULL,NULL),(761,11,2,7,351,3,NULL,NULL),(762,11,2,8,358,2,NULL,NULL),(763,11,2,9,364,2,NULL,NULL),(764,11,2,10,370,2,NULL,NULL),(765,11,2,11,376,2,NULL,NULL),(766,11,2,12,382,2,NULL,NULL),(767,11,2,13,388,2,NULL,NULL),(768,11,2,14,394,2,NULL,NULL),(769,11,2,15,400,2,NULL,NULL),(770,11,2,16,406,2,NULL,NULL),(771,11,2,17,412,2,NULL,NULL),(772,11,2,18,418,2,NULL,NULL),(773,11,2,19,424,2,NULL,NULL),(774,11,2,20,430,2,NULL,NULL),(775,11,3,21,436,2,NULL,NULL),(776,11,3,22,442,2,NULL,NULL),(777,11,3,23,448,2,NULL,NULL),(778,11,4,24,454,2,NULL,NULL),(779,11,4,25,460,2,NULL,NULL),(780,11,4,26,466,2,NULL,NULL),(781,12,1,1,316,2,NULL,NULL),(782,12,1,2,322,2,NULL,NULL),(783,12,1,3,328,2,NULL,NULL),(784,12,1,4,334,2,NULL,NULL),(785,12,1,5,340,2,NULL,NULL),(786,12,2,6,346,2,NULL,NULL),(787,12,2,7,351,3,NULL,NULL),(788,12,2,8,358,2,NULL,NULL),(789,12,2,9,364,2,NULL,NULL),(790,12,2,10,370,2,NULL,NULL),(791,12,2,11,376,2,NULL,NULL),(792,12,2,12,382,2,NULL,NULL),(793,12,2,13,388,2,NULL,NULL),(794,12,2,14,394,2,NULL,NULL),(795,12,2,15,400,2,NULL,NULL),(796,12,2,16,406,2,NULL,NULL),(797,12,2,17,412,2,NULL,NULL),(798,12,2,18,418,2,NULL,NULL),(799,12,2,19,424,2,NULL,NULL),(800,12,2,20,430,2,NULL,NULL),(801,12,3,21,436,2,NULL,NULL),(802,12,3,22,442,2,NULL,NULL),(803,12,3,23,448,2,NULL,NULL),(804,12,4,24,454,2,NULL,NULL),(805,12,4,25,460,2,NULL,NULL),(806,12,4,26,466,2,NULL,NULL),(807,13,1,1,316,2,NULL,NULL),(808,13,1,2,322,2,NULL,NULL),(809,13,1,3,328,2,NULL,NULL),(810,13,1,4,334,2,NULL,NULL),(811,13,1,5,340,2,NULL,NULL),(812,13,2,6,346,2,NULL,NULL),(813,13,2,7,351,3,NULL,NULL),(814,13,2,8,358,2,NULL,NULL),(815,13,2,9,364,2,NULL,NULL),(816,13,2,10,370,2,NULL,NULL),(817,13,2,11,376,2,NULL,NULL),(818,13,2,12,382,2,NULL,NULL),(819,13,2,13,388,2,NULL,NULL),(820,13,2,14,394,2,NULL,NULL),(821,13,2,15,400,2,NULL,NULL),(822,13,2,16,406,2,NULL,NULL),(823,13,2,17,412,2,NULL,NULL),(824,13,2,18,418,2,NULL,NULL),(825,13,2,19,424,2,NULL,NULL),(826,13,2,20,430,2,NULL,NULL),(827,13,3,21,436,2,NULL,NULL),(828,13,3,22,442,2,NULL,NULL),(829,13,3,23,448,2,NULL,NULL),(830,13,4,24,454,2,NULL,NULL),(831,13,4,25,460,2,NULL,NULL),(832,13,4,26,466,2,NULL,NULL),(833,14,1,1,318,0,NULL,NULL),(834,14,1,2,324,0,NULL,NULL),(835,14,1,3,330,0,NULL,NULL),(836,14,1,4,336,0,NULL,NULL),(837,14,1,5,342,0,NULL,NULL),(838,14,2,6,347,1,NULL,NULL),(839,14,2,7,351,3,NULL,NULL),(840,14,2,8,359,1,NULL,NULL),(841,14,2,9,365,1,NULL,NULL),(842,14,2,10,371,1,NULL,NULL),(843,14,2,11,377,1,NULL,NULL),(844,14,2,12,383,1,NULL,NULL),(845,14,2,13,389,1,NULL,NULL),(846,14,2,14,395,1,NULL,NULL),(847,14,2,15,401,1,NULL,NULL),(848,14,2,16,407,1,NULL,NULL),(849,14,2,17,413,1,NULL,NULL),(850,14,2,18,419,1,NULL,NULL),(851,14,2,19,425,1,NULL,NULL),(852,14,2,20,431,1,NULL,NULL),(853,14,3,21,437,1,NULL,NULL),(854,14,3,22,443,1,NULL,NULL),(855,14,3,23,449,1,NULL,NULL),(856,14,4,24,455,1,NULL,NULL),(857,14,4,25,461,1,NULL,NULL),(858,14,4,26,467,1,NULL,NULL),(859,15,1,1,318,0,NULL,NULL),(860,15,1,2,324,0,NULL,NULL),(861,15,1,3,330,0,NULL,NULL),(862,15,1,4,336,0,NULL,NULL),(863,15,1,5,342,0,NULL,NULL),(864,15,2,6,347,1,NULL,NULL),(865,15,2,7,352,2,NULL,NULL),(866,15,2,8,359,1,NULL,NULL),(867,15,2,9,365,1,NULL,NULL),(868,15,2,10,371,1,NULL,NULL),(869,15,2,11,377,1,NULL,NULL),(870,15,2,12,383,1,NULL,NULL),(871,15,2,13,389,1,NULL,NULL),(872,15,2,14,395,1,NULL,NULL),(873,15,2,15,401,1,NULL,NULL),(874,15,2,16,407,1,NULL,NULL),(875,15,2,17,413,1,NULL,NULL),(876,15,2,18,419,1,NULL,NULL),(877,15,2,19,425,1,NULL,NULL),(878,15,2,20,431,1,NULL,NULL),(879,15,3,21,437,1,NULL,NULL),(880,15,3,22,443,1,NULL,NULL),(881,15,3,23,449,1,NULL,NULL),(882,15,4,24,455,1,NULL,NULL),(883,15,4,25,461,1,NULL,NULL),(884,15,4,26,467,1,NULL,NULL),(885,16,1,1,318,0,NULL,NULL),(886,16,1,2,324,0,NULL,NULL),(887,16,1,3,330,0,NULL,NULL),(888,16,1,4,336,0,NULL,NULL),(889,16,1,5,342,0,NULL,NULL),(890,16,2,6,347,1,NULL,NULL),(891,16,2,7,352,2,NULL,NULL),(892,16,2,8,359,1,NULL,NULL),(893,16,2,9,365,1,NULL,NULL),(894,16,2,10,371,1,NULL,NULL),(895,16,2,11,377,1,NULL,NULL),(896,16,2,12,383,1,NULL,NULL),(897,16,2,13,389,1,NULL,NULL),(898,16,2,14,395,1,NULL,NULL),(899,16,2,15,401,1,NULL,NULL),(900,16,2,16,407,1,NULL,NULL),(901,16,2,17,413,1,NULL,NULL),(902,16,2,18,419,1,NULL,NULL),(903,16,2,19,425,1,NULL,NULL),(904,16,2,20,431,1,NULL,NULL),(905,16,3,21,437,1,NULL,NULL),(906,16,3,22,443,1,NULL,NULL),(907,16,3,23,449,1,NULL,NULL),(908,16,4,24,455,1,NULL,NULL),(909,16,4,25,461,1,NULL,NULL),(910,16,4,26,467,1,NULL,NULL),(911,17,1,1,318,0,NULL,NULL),(912,17,1,2,324,0,NULL,NULL),(913,17,1,3,330,0,NULL,NULL),(914,17,1,4,336,0,NULL,NULL),(915,17,1,5,342,0,NULL,NULL),(916,17,2,6,347,1,NULL,NULL),(917,17,2,7,352,2,NULL,NULL),(918,17,2,8,359,1,NULL,NULL),(919,17,2,9,365,1,NULL,NULL),(920,17,2,10,371,1,NULL,NULL),(921,17,2,11,377,1,NULL,NULL),(922,17,2,12,383,1,NULL,NULL),(923,17,2,13,389,1,NULL,NULL),(924,17,2,14,395,1,NULL,NULL),(925,17,2,15,401,1,NULL,NULL),(926,17,2,16,407,1,NULL,NULL),(927,17,2,17,413,1,NULL,NULL),(928,17,2,18,419,1,NULL,NULL),(929,17,2,19,425,1,NULL,NULL),(930,17,2,20,431,1,NULL,NULL),(931,17,3,21,437,1,NULL,NULL),(932,17,3,22,443,1,NULL,NULL),(933,17,3,23,449,1,NULL,NULL),(934,17,4,24,455,1,NULL,NULL),(935,17,4,25,461,1,NULL,NULL),(936,17,4,26,467,1,NULL,NULL),(937,18,1,1,318,0,NULL,NULL),(938,18,1,2,324,0,NULL,NULL),(939,18,1,3,330,0,NULL,NULL),(940,18,1,4,336,0,NULL,NULL),(941,18,1,5,342,0,NULL,NULL),(942,18,2,6,347,1,NULL,NULL),(943,18,2,7,352,2,NULL,NULL),(944,18,2,8,359,1,NULL,NULL),(945,18,2,9,365,1,NULL,NULL),(946,18,2,10,371,1,NULL,NULL),(947,18,2,11,377,1,NULL,NULL),(948,18,2,12,383,1,NULL,NULL),(949,18,2,13,389,1,NULL,NULL),(950,18,2,14,395,1,NULL,NULL),(951,18,2,15,401,1,NULL,NULL),(952,18,2,16,407,1,NULL,NULL),(953,18,2,17,413,1,NULL,NULL),(954,18,2,18,419,1,NULL,NULL),(955,18,2,19,425,1,NULL,NULL),(956,18,2,20,431,1,NULL,NULL),(957,18,3,21,437,1,NULL,NULL),(958,18,3,22,443,1,NULL,NULL),(959,18,3,23,449,1,NULL,NULL),(960,18,4,24,455,1,NULL,NULL),(961,18,4,25,461,1,NULL,NULL),(962,18,4,26,467,1,NULL,NULL);

--
-- Table structure for table `event`
--

CREATE TABLE `event` (
  `id` int(10) unsigned NOT NULL AUTO_INCREMENT,
  `member_id` int(11) NOT NULL,
  `organiser` varchar(250) DEFAULT NULL,
  `name` varchar(255) NOT NULL,
  `date` date NOT NULL,
  `from_date` datetime NOT NULL,
  `to_date` datetime NOT NULL,
  `location` varchar(255) NOT NULL,
  `link` longtext DEFAULT NULL,
  `category_id` int(11) NOT NULL,
  `sub_category_id` int(11) NOT NULL,
  `created_at` timestamp NULL DEFAULT NULL,
  `updated_at` timestamp NULL DEFAULT NULL,
  PRIMARY KEY (`id`)
) ENGINE=InnoDB AUTO_INCREMENT=6 DEFAULT CHARSET=utf8mb4 COLLATE=utf8mb4_unicode_ci;

--
-- Dumping data for table `event`
--

INSERT INTO `event` VALUES (3,4,'Government of Kerala','Global HR professionals meet 2023','2023-03-30','2023-03-30 00:00:00','2023-03-31 00:00:00','Kochi, Kerala, India',NULL,2,6,'2023-02-01 18:29:39','2023-02-01 18:29:39'),(4,4,'NASSCOM India','Global Summit on AI in HR','2023-03-11','2023-03-11 00:00:00','2023-03-12 00:00:00','Bangalore',NULL,4,26,'2023-02-09 03:42:36','2023-02-09 03:42:36'),(5,4,'Global HR Leaders Inc','Global HR Summit & Exhibition 2013','2013-03-19','2013-03-19 00:00:00','2023-03-21 00:00:00','Chicago, USA','https://globalhrsummit.org/',2,6,'2023-02-09 04:03:29','2023-02-09 04:03:29');

--
-- Table structure for table `fa_acc_maturity_level`
--

CREATE TABLE `fa_acc_maturity_level` (
  `id` bigint(20) unsigned NOT NULL AUTO_INCREMENT,
  `accountability_id` int(11) NOT NULL,
  `maturity_level_text` text NOT NULL,
  `maturity_level` int(11) NOT NULL,
  `created_at` timestamp NULL DEFAULT NULL,
  `updated_at` timestamp NULL DEFAULT NULL,
  PRIMARY KEY (`id`)
) ENGINE=InnoDB AUTO_INCREMENT=469 DEFAULT CHARSET=utf8mb4 COLLATE=utf8mb4_unicode_ci;

--
-- Dumping data for table `fa_acc_maturity_level`
--

INSERT INTO `fa_acc_maturity_level` VALUES (313,1,'I have demonstrated exceptional understanding of the business and facilitate and contribute at business planning sessions.',5,'2021-10-17 22:00:22',NULL),(314,1,'I have a very good understanding of the business and always attend and contribute at business planning sessions.',4,'2021-10-17 22:00:22',NULL),(315,1,'I have a good understanding of the business and involved in business planning sessions when requested.',3,'2021-10-17 22:00:22',NULL),(316,1,'I have a broad understanding of the business and not involved in business planning sessions.',2,'2021-10-17 22:00:22',NULL),(317,1,'I lack understanding of how to contribute to business planning.',1,'2021-10-17 22:00:22',NULL),(318,1,'Not part of my job accountabilities.',0,'2021-10-17 22:00:22',NULL),(319,2,'I have a demonstrated ability to lead the development, introduction and management of an organisation performance framework, structure, policy and process to drive delivery of the business plan.',5,'2021-10-17 22:00:22',NULL),(320,2,'I have supported the development, introduction and management of an organisation performance framework, structure, policy and process to drive delivery of the business plan.',4,'2021-10-17 22:00:22',NULL),(321,2,'I have led the management of an existing organisation performance framework, structure, policy and process that drives delivery of the business plan.',3,'2021-10-17 22:00:22',NULL),(322,2,'I have supported the management of an existing organisation performance framework, structure, policy and process that drives delivery of the business plan.',2,'2021-10-17 22:00:22',NULL),(323,2,'I lack understanding of how to develop an organisation performance framework, structure, policy and process to drive delivery of the business plan.',1,'2021-10-17 22:00:22',NULL),(324,2,'Not part of my job accountabilities.',0,'2021-10-17 22:00:22',NULL),(325,3,'I have a demonstrated ability to lead the development, introduction and management of an organisational capability plan to drive delivery of the business plan.',5,'2021-10-17 22:00:22',NULL),(326,3,'I have supported the development, introduction and management of an organisational capability plan to drive delivery of the business plan.',4,'2021-10-17 22:00:22',NULL),(327,3,'I have led the management of an existing organisation performance framework, structure, policy and process that drives delivery of the business plan.',3,'2021-10-17 22:00:22',NULL),(328,3,'I have supported the management of an existing organisation performance framework, structure, policy and process that drives delivery of the business plan.',2,'2021-10-17 22:00:22',NULL),(329,3,'I lack understanding of how to develop an organisation capability plan to drive delivery of the business plan.',1,'2021-10-17 22:00:22',NULL),(330,3,'Not part of my job accountabilities.',0,'2021-10-17 22:00:22',NULL),(331,4,'I have a demonstrated ability to lead the development, introduction and management of an organisational development plan to drive delivery of the business plan.',5,'2021-10-17 22:00:22',NULL),(332,4,'I have supported the development, introduction and management of an organisational development plan to drive delivery of the business plan.',4,'2021-10-17 22:00:22',NULL),(333,4,'I have led the management of an existing organisation development plan that drives delivery of the business plan.',3,'2021-10-17 22:00:22',NULL),(334,4,'I have supported the management of an existing organisation development that drives delivery of the business plan.',2,'2021-10-17 22:00:22',NULL),(335,4,'I lack understanding of how I can develop an organisation development plan to drive delivery of the business plan.',1,'2021-10-17 22:00:22',NULL),(336,4,'Not part of my job accountabilities.',0,'2021-10-17 22:00:22',NULL),(337,5,'I have a demonstrated ability to lead the development, introduction and management of an Employer Branding strategy and plan that is driving delivery of the business plan.',5,'2021-10-17 22:00:22',NULL),(338,5,'I have supported the development, introduction and management of an Employer Branding strategy and plan that is driving delivery of the business plan.',4,'2021-10-17 22:00:22',NULL),(339,5,'I have led the management of an existing Employer Branding strategy and plan that is driving delivery of the business plan.',3,'2021-10-17 22:00:22',NULL),(340,5,'I have supported the management of an existing Employer Branding strategy and plan that is driving delivery of the business plan.',2,'2021-10-17 22:00:22',NULL),(341,5,'I lack understanding of how I can develop an Employer Branding strategy and plan that is driving delivery of the business plan.',1,'2021-10-17 22:00:22',NULL),(342,5,'Not part of my job accountabilities.',0,'2021-10-17 22:00:22',NULL),(343,6,'I have a demonstrated ability to lead the delivery of a high effective, efficient and economical HR administration and employee service that receives high praise and support from line management and high levels of employee satisfaction.',5,'2021-10-17 22:00:22',NULL),(344,6,'I have led the delivery of a HR administration and employee service that receives minimal praise and support from line management and acceptable levels of employee satisfaction.',4,'2021-10-17 22:00:22',NULL),(345,6,'I have led the delivery of a HR administration and employee service that receives no praise and support from line management and low levels of employee satisfaction.',3,'2021-10-17 22:00:22',NULL),(346,6,'I have led the delivery of a HR administration and employee service that receives negative feedback from line management and low levels of employee satisfaction.',2,'2021-10-17 22:00:22',NULL),(347,6,'I have led the delivery of a HR administration and employee service that requires a transformation delivery minimal praise and support from line management and acceptable levels of employee satisfaction. ',1,'2021-10-17 22:00:22',NULL),(348,6,'Not part of my job accountabilities.',0,'2021-10-17 22:00:22',NULL),(349,7,'I have demonstrated ability to lead delivery of a workplace where employees feel there is a very positive employee/employer relationship where constructive interaction is driving exceptional loyalty, retention and engaged employees who believe in the organisation’s core values.',5,'2021-10-17 22:00:22',NULL),(350,7,'I have led the delivery of a workplace where employees feel there is a positive employee/employer relationship where constructive interaction is driving an above average level of loyalty, retention and engaged employees who believe in the organisation’s core values.',4,'2021-10-17 22:00:22',NULL),(351,7,'I have led the delivery of a workplace where employees feel there is an average employee/employer relationship where constructive interaction is driving an average level of loyalty, retention and engaged employees who believe in the organisation’s core values.',3,'2021-10-17 22:00:22',NULL),(352,7,'I have led the delivery of a workplace where employees feel there is an below average employee/employer relationship where constructive interaction is driving a below average level of loyalty, retention and engaged employees who believe in the organisation’s core values.',2,'2021-10-17 22:00:22',NULL),(353,7,'I have led the delivery of a workplace where employees feel there is a poor employee/employer relationship where constructive interaction is driving a below expectation level of loyalty, retention and engaged employees who believe in the organisation’s core values.',1,'2021-10-17 22:00:22',NULL),(354,7,'Not part of my job accountabilities.',0,'2021-10-17 22:00:22',NULL),(355,8,'I have a demonstrated ability to lead delivery of a workplace where diversity in gender, ethnicity and disability is driving a highly inclusive workplace and belief is that there is a very high level of equity in providing opportunities, managing performance and reward.',5,'2021-10-17 22:00:22',NULL),(356,8,'I have demonstrated the ability to lead the delivery of a workplace where diversity in gender, ethnicity and disability is driving an above average inclusive workplace and belief is that there is a high level of equity in providing opportunities, managing performance and reward. ',4,'2021-10-17 22:00:22',NULL),(357,8,'I have demonstrated the ability to lead the delivery of a workplace where diversity in gender, ethnicity and disability is driving an average inclusive workplace and belief is that there is an average level of equity in providing opportunities, managing performance and reward. ',3,'2021-10-17 22:00:22',NULL),(358,8,'I have led the delivery of a workplace where diversity in gender, ethnicity and disability is driving a below average inclusive workplace and belief is that there is a below average level of equity in providing opportunities, managing performance and reward. ',2,'2021-10-17 22:00:22',NULL),(359,8,'I have demonstrated the ability to lead the delivery of a workplace where diversity in gender, ethnicity and disability is driving a non-inclusive workplace and belief is that there is a poor level of equity in providing opportunities, managing performance and reward. ',1,'2021-10-17 22:00:22',NULL),(360,8,'I generally have no idea of the level of workplace diversity in gender, ethnicity and disability and how this is driving an inclusive workplace and employees beliefs regarding the level of equity in providing opportunities, managing performance and reward. ',0,'2021-10-17 22:00:22',NULL),(361,9,'I have demonstrated the ability to lead the delivery of a fully compliant HR Department/Legal Function (with all relevant labour laws and collective bargaining agreements with no outstanding claims or issues) whilst built a very positive union environment (as applicable) enabling delivery of the organisation\'s aspiration and core values.',5,'2021-10-17 22:00:22',NULL),(362,9,'I have demonstrated the ability to lead the delivery of a partially compliant HR Department/Legal Function (with all relevant labour laws and collective bargaining agreements with some outstanding claims or issues) whilst built a very positive union environment (as applicable) enabling delivery of the organisation\'s aspiration and core values.',4,'2021-10-17 22:00:22',NULL),(363,9,'I have demonstrated the ability to lead a HR department/Legal Function that is compliant with all relevant labour laws and collective bargaining agreements with a large number of outstanding claims or issues;  we have built a positive union environment (as applicable) all of which is building a highly collaborative context, enabling delivery of the organisation\'s aspiration and core values.',3,'2021-10-17 22:00:22',NULL),(364,9,'I have demonstrated the ability to lead a HR department/Legal Function that is compliant with all relevant labour laws and collective bargaining agreements with a large number of outstanding claims or issues;  we have built a less than positive union environment (as applicable) all of which is not enabling delivery of the organisation\'s aspiration and core values.',2,'2021-10-17 22:00:22',NULL),(365,9,'I have not demonstrated the ability to lead a HR department/Legal Function that is compliant with all relevant labour laws and collective bargaining agreements with a large number of outstanding claims or issues;  we have built a negative union environment (as applicable) all of which is not supporting a highly collaborative context and delivery of the organisation\'s aspiration and core values.',1,'2021-10-17 22:00:22',NULL),(366,9,'Not part of my job accountabilities.',0,'2021-10-17 22:00:22',NULL),(367,10,'I have demonstrated the ability to lead the establishment of a consistent performance management delivery process that supports the agreed framework, structure and policy that is delivering on expectations, strongly supported by line management and employees.',5,'2021-10-17 22:00:22',NULL),(368,10,'I have demonstrated the ability to support the establishment of a consistent performance management delivery process that supports the agreed framework, structure and policy that is delivering on expectations, strongly supported by line management and employees.',4,'2021-10-17 22:00:22',NULL),(369,10,'I have demonstrated the ability to lead the delivery of an existing performance management delivery process that supports the agreed framework, structure and policy that is delivering on expectations, strongly supported by line management and employees.',3,'2021-10-17 22:00:22',NULL),(370,10,'I have demonstrated the ability to support the delivery of an existing performance management delivery process that supports the agreed framework, structure and policy that is delivering on expectations, strongly supported by line management and employees.',2,'2021-10-17 22:00:22',NULL),(371,10,'I have not demonstrated the ability to lead the delivery of an existing performance management delivery process that supports the agreed framework, structure and policy that is delivering on expectations, strongly supported by line management and employees.',1,'2021-10-17 22:00:22',NULL),(372,10,'Not part of my job accountabilities.',0,'2021-10-17 22:00:22',NULL),(373,11,'I have demonstrated the ability to lead the establishment of a reward strategy, policies and processes that is delivering the strategic and operational expectations, strongly supported by line management and is driving the desired employee beliefs and behaviour.',5,'2021-10-17 22:00:22',NULL),(374,11,'I have demonstrated the ability to support the establishment of a reward strategy, policies and processes that is delivering the strategic and operational expectations, strongly supported by line management and is driving the desired employee beliefs and behaviour.',4,'2021-10-17 22:00:22',NULL),(375,11,'I have demonstrated the ability to lead the delivery of an existing reward strategy, policies and processes that is delivering the strategic and operational expectations, strongly supported by line management and is driving the desired employee beliefs and behaviour.',3,'2021-10-17 22:00:22',NULL),(376,11,'I have demonstrated the ability to support the delivery of an existing reward strategy, policies and processes that is delivering the strategic and operational expectations, strongly supported by line management and is driving the desired employee beliefs and behaviour.',2,'2021-10-17 22:00:22',NULL),(377,11,'I have not demonstrated the ability to lead the establishment of a reward strategy, policies and processes that is delivering the strategic and operational expectations, strongly supported by line management and is driving the desired employee beliefs and behaviour.',1,'2021-10-17 22:00:22',NULL),(378,11,'Not part of my job accountabilities.',0,'2021-10-17 22:00:22',NULL),(379,12,'I have demonstrated the ability to lead the development, introduction and management of an Talent Management strategy and plan to drive delivery of the business plan.',5,'2021-10-17 22:00:22',NULL),(380,12,'I have demonstrated the ability to support the development, introduction and management of an Talent Management strategy and plan to drive delivery of the business plan.',4,'2021-10-17 22:00:22',NULL),(381,12,'I have demonstrated the ability to lead the management of an existing Talent Management strategy, framework, structure, policy and process that drives delivery of the business plan.',3,'2021-10-17 22:00:22',NULL),(382,12,'I have demonstrated the ability to support the management of an existing Talent Management strategy, framework, structure, policy and process that drives delivery of the business plan.',2,'2021-10-17 22:00:22',NULL),(383,12,'I have not demonstrated the ability to develop a Talent Management strategy and plan to drive delivery of the business plan.',1,'2021-10-17 22:00:22',NULL),(384,12,'Not part of my job accountabilities.',0,'2021-10-17 22:00:22',NULL),(385,13,'I have demonstrated the ability to lead the development, introduction and management of a Recruitment Management strategy and plan to drive delivery of the business plan.',5,'2021-10-17 22:00:22',NULL),(386,13,'I have demonstrated the ability to support the development, introduction and management of a Recruitment Management strategy and plan to drive delivery of the business plan.',4,'2021-10-17 22:00:22',NULL),(387,13,'I have demonstrated the ability to lead the management of an existing Recruitment Management strategy, framework, structure, policy and process that drives delivery of the business plan.',3,'2021-10-17 22:00:22',NULL),(388,13,'I have demonstrated the ability to support the management of an existing Recruitment Management strategy, framework, structure, policy and process that drives delivery of the business plan.',2,'2021-10-17 22:00:22',NULL),(389,13,'I have not demonstrated the ability to develop a Recruitment Management strategy and plan to drive delivery of the business plan.',1,'2021-10-17 22:00:22',NULL),(390,13,'Not part of my job accountabilities.',0,'2021-10-17 22:00:22',NULL),(391,14,'I have demonstrated the ability to lead the development, introduction and management of a Learning and Development Management strategy and plan to drive delivery of the business plan.',5,'2021-10-17 22:00:22',NULL),(392,14,'I have demonstrated the ability to support the development, introduction and management of an Learning and Development Management strategy and plan to drive delivery of the business plan.',4,'2021-10-17 22:00:22',NULL),(393,14,'I have demonstrated the ability to lead the management of an existing Learning and Development Management strategy, framework, structure, policy and process that drives delivery of the business plan.',3,'2021-10-17 22:00:22',NULL),(394,14,'I have demonstrated the ability to support the management of an existing Learning and Development Management strategy, framework, structure, policy and process that drives delivery of the business plan.',2,'2021-10-17 22:00:22',NULL),(395,14,'I have not demonstrated the ability to develop a Learning and Development Management strategy and plan to drive delivery of the business plan.',1,'2021-10-17 22:00:22',NULL),(396,14,'Not part of my job accountabilities.',0,'2021-10-17 22:00:22',NULL),(397,15,'I have demonstrated the ability to lead the establishment of a HR Project Roadmap and have delivered all agreed HR Projects to the desired stated need, in the agreed time frame and budget.',5,'2021-10-17 22:00:22',NULL),(398,15,'I have demonstrated the ability to support the establishment of a HR Project Roadmap and have delivered all agreed HR Projects to the desired stated need, in the agreed time frame and budget.',4,'2021-10-17 22:00:22',NULL),(399,15,'I have demonstrated the ability to lead the management of an existing HR Project Roadmap and have delivered all agreed HR Projects to the desired stated need, in the agreed time frame and budget.',3,'2021-10-17 22:00:22',NULL),(400,15,'I have demonstrated the ability to support the management of an existing HR Project Roadmap and have delivered all agreed HR Projects to the desired stated need, in the agreed time frame and budget.',2,'2021-10-17 22:00:22',NULL),(401,15,'I have not demonstrated the ability to establish a HR Project Roadmap and have delivered all agreed HR Projects to the desired stated need, in the agreed time frame and budget.',1,'2021-10-17 22:00:22',NULL),(402,15,'Not part of my job accountabilities.',0,'2021-10-17 22:00:22',NULL),(403,16,'I have demonstrated the ability to lead the establishment of a HR Systems & IoT Roadmap and have delivered all agreed HR Projects to the desired stated need, in the agreed time frame and budget.',5,'2021-10-17 22:00:22',NULL),(404,16,'I have demonstrated the ability to support the establishment of a HR Systems & IoT Roadmap and have delivered all agreed HR Projects to the desired stated need, in the agreed time frame and budget.',4,'2021-10-17 22:00:22',NULL),(405,16,'I have demonstrated the ability to lead the management of an existing HR Systems & IoT Roadmap and have delivered all agreed HR Projects to the desired stated need, in the agreed time frame and budget.',3,'2021-10-17 22:00:22',NULL),(406,16,'I have demonstrated the ability to support the management of an existing HR Systems & IoT Roadmap and have delivered all agreed HR Projects to the desired stated need, in the agreed time frame and budget.',2,'2021-10-17 22:00:22',NULL),(407,16,'I have not demonstrated the ability to establish a HR Systems & IoT Roadmap and have delivered all agreed HR Projects to the desired stated need, in the agreed time frame and budget.',1,'2021-10-17 22:00:22',NULL),(408,16,'Not part of my job accountabilities.',0,'2021-10-17 22:00:22',NULL),(409,17,'I have demonstrated the ability to lead the development, introduction and management of an OHS&E Management strategy and plan that is driving delivery of the business plan.',5,'2021-10-17 22:00:22',NULL),(410,17,'I have demonstrated the ability to support the development, introduction and management of an OHS&E Management strategy and plan that is driving delivery of the business plan.',4,'2021-10-17 22:00:22',NULL),(411,17,'I have demonstrated the ability to lead the management of an existing OHS&E Management strategy and plan that is driving delivery of the business plan.',3,'2021-10-17 22:00:22',NULL),(412,17,'I have demonstrated the ability to support the management of an existing OHS&E Management strategy and plan that is driving delivery of the business plan.',2,'2021-10-17 22:00:22',NULL),(413,17,'I have not demonstrated the ability to develop or introduce an OHS&E Management strategy and plan to drive delivery of the business plan.',1,'2021-10-17 22:00:22',NULL),(414,17,'Not part of my job accountabilities.',0,'2021-10-17 22:00:22',NULL),(415,18,'I have demonstrated the ability to lead the development, introduction and management of an internal Employee Communications Management strategy and plan that is driving delivery of the business plan.',5,'2021-10-17 22:00:22',NULL),(416,18,'I have demonstrated the ability to support the development, introduction and management of a internal Employee Communications Management strategy and plan that is driving delivery of the business plan.',4,'2021-10-17 22:00:22',NULL),(417,18,'I have demonstrated the ability to lead the management of an existing internal Employee Communications Management strategy and plan that is driving delivery of the business plan.',3,'2021-10-17 22:00:22',NULL),(418,18,'I have demonstrated the ability to support the management of an existing internal Employee Communications Management strategy and plan that is driving delivery of the business plan.',2,'2021-10-17 22:00:22',NULL),(419,18,'I have not demonstrated the ability to develop or introduce an internal Employee Communications Management strategy and plan to drive delivery of the business plan.',1,'2021-10-17 22:00:22',NULL),(420,18,'Not part of my job accountabilities.',0,'2021-10-17 22:00:22',NULL),(421,19,'I have demonstrated the ability to lead the development, introduction and management of Expatriate Management strategy and plan that is driving delivery of the business plan.',5,'2021-10-17 22:00:22',NULL),(422,19,'I have demonstrated the ability to support the development, introduction and management of a Expatriate Management strategy and plan that is driving delivery of the business plan.',4,'2021-10-17 22:00:22',NULL),(423,19,'I have demonstrated the ability to lead the management of an existing Expatriate Management strategy and plan that is driving delivery of the business plan.',3,'2021-10-17 22:00:22',NULL),(424,19,'I have demonstrated the ability to support the management of an existing Expatriate Management strategy and plan that is driving delivery of the business plan.',2,'2021-10-17 22:00:22',NULL),(425,19,'I have not demonstrated the ability to develop or introduce an Expatriate Management strategy and plan to drive delivery of the business plan.',1,'2021-10-17 22:00:22',NULL),(426,19,'Not part of my job accountabilities.',0,'2021-10-17 22:00:22',NULL),(427,20,'I have demonstrated the ability to lead the development, introduction and management of Facilities Management strategy and plan that is driving delivery of the business plan.',5,'2021-10-17 22:00:22',NULL),(428,20,'I have demonstrated the ability to support the development, introduction and management of a Facilities Management strategy and plan that is driving delivery of the business plan.',4,'2021-10-17 22:00:22',NULL),(429,20,'I have demonstrated the ability to led the management of an existing Facilities Management strategy and plan that is driving delivery of the business plan.',3,'2021-10-17 22:00:22',NULL),(430,20,'I have demonstrated the ability to support the management of an existing Facilities Management strategy and plan that is driving delivery of the business plan.',2,'2021-10-17 22:00:22',NULL),(431,20,'I have not demonstrated the ability to develop or introduce an Facilities Management strategy and plan to drive delivery of the business plan.',1,'2021-10-17 22:00:22',NULL),(432,20,'Not part of my job accountabilities.',0,'2021-10-17 22:00:22',NULL),(433,21,'I have demonstrated exceptional understanding of the company\'s financials and have aligned the HR strategy, policy and budget accordingly. We regularly evaluate and provide feedback on performance against agreed Financial targets.',5,'2021-10-17 22:00:22',NULL),(434,21,'I have demonstrated a good understanding of the company\'s financials and have aligned the HR strategy, policy and budget accordingly. We evaluate and provide feedback on performance against Financial targets on an ad hoc basis or when requested.',4,'2021-10-17 22:00:22',NULL),(435,21,'I have demonstrated an understanding of the company\'s financials and have loosely aligned the HR strategy, policy and budget accordingly. We evaluate and provide feedback on performance against Financial targets when requested.',3,'2021-10-17 22:00:22',NULL),(436,21,'I have demonstrated a minimal understanding of the company financials and have not aligned the HR strategy, policy and budget accordingly. We evaluate and provide feedback on performance against Financial targets when requested.',2,'2021-10-17 22:00:22',NULL),(437,21,'I have demonstrated minimal understanding of the company financials and have not  aligned the HR strategy, policy and budget accordingly. We do not evaluate and provide feedback on performance against Financial targets.',1,'2021-10-17 22:00:22',NULL),(438,21,'Not part of my job accountabilities.',0,'2021-10-17 22:00:22',NULL),(439,22,'I have demonstrated the ability to proactively establish a comprehensive set of HR Performance Metrics which have been agreed with the Senior Leadership Team.  These include the key HR Performance KPIs relevant to the business and HR Functional strategies and plans.',5,'2021-10-17 22:00:23',NULL),(440,22,'I have demonstrated the ability to reactively establish a comprehensive set of HR Performance Metrics which have been agreed with the Senior Leadership Team.  These include the key HR Performance KPIs relevant to the business and HR Functional strategies and plans.',4,'2021-10-17 22:00:23',NULL),(441,22,'I have demonstrated the ability to establish a basic set of HR Performance Metrics which have been agreed with the Senior Leadership Team.  These include the key HR Performance KPIs relevant to the business and HR Functional strategies and plans.\r\n',3,'2021-10-17 22:00:23',NULL),(442,22,'I have demonstrated the ability to establish a basic set of HR Performance Metrics.  These include the key HR Performance KPIs relevant to the business and HR Functional strategies and plans.',2,'2021-10-17 22:00:23',NULL),(443,22,'I have not demonstrated the ability to implement HR Performance Metrics which have been agreed with the Senior Leadership Team.',1,'2021-10-17 22:00:23',NULL),(444,22,'Not part of my job accountabilities.',0,'2021-10-17 22:00:23',NULL),(445,23,'I have demonstrated the ability to lead the development and implementation of a full HR Project governance structure to support proactive continuous evaluation and leadership alignment, awareness and action to keep on track which has been discussed and fully aligned with Senior Leadership.',5,'2021-10-17 22:00:23',NULL),(446,23,'I have demonstrated the ability to lead the development and implementation of a full HR Project governance structure to support proactive continuous evaluation and leadership alignment, awareness and action to keep on track which has not been discussed and fully aligned with Senior Leadership.',4,'2021-10-17 22:00:23',NULL),(447,23,'I have demonstrated the ability to lead the development, implementation and management of a formal HR Project Governance structure autonomously through discussion and alignment with the Senior Leadership. ',3,'2021-10-17 22:00:23',NULL),(448,23,'I have demonstrated the ability to lead the development, implementation and management an informal HR Project Governance structure autonomously without discussion and alignment with the Senior Leadership. ',2,'2021-10-17 22:00:23',NULL),(449,23,'I have not demonstrated the ability to lead the development, implementation and management of a HR Project Governance structure.',1,'2021-10-17 22:00:23',NULL),(450,23,'Not part of my job accountabilities',0,'2021-10-17 22:00:23',NULL),(451,24,'I have significant demonstrated ability to lead the development and implementation of major innovative and/or creative HR solutions in alignment with Senior Leadership to drive business growth and delivery of the organisation ambition.',5,'2021-10-17 22:00:23',NULL),(452,24,'I have demonstrated ability to lead the development and implementation of innovative and/or creative HR solutions in alignment with Senior Leadership to drive business growth and delivery of the organisation ambition.',4,'2021-10-17 22:00:23',NULL),(453,24,'I have demonstrated ability to lead the implementation of a number of innovative and/or creative HR solutions, working autonomously.',3,'2021-10-17 22:00:23',NULL),(454,24,'I have demonstrated ability to lead the implementation of a few minor creative HR solutions, working autonomously.',2,'2021-10-17 22:00:23',NULL),(455,24,'I have not demonstrated the ability to lead the implementation of innovative and/or creative HR solutions in alignment to drive business growth and delivery of the organisation ambition.',1,'2021-10-17 22:00:23',NULL),(456,24,'Not part of my job accountabilities.',0,'2021-10-17 22:00:23',NULL),(457,25,'I have demonstrated ability to lead the development and implementation of a HR Organisational Maturity Development Road Map that has been agreed with Senior Leadership.  A full governance structure is in place to support proactive continuous evaluation and leadership alignment, awareness and action to keep on track.',5,'2021-10-17 22:00:23',NULL),(458,25,'I have demonstrated ability to lead the implementation of a HR Organisational Maturity Development Road Map that has not been agreed with Senior Leadership.  An ad hoc governance structure is in place to support proactive continuous evaluation and leadership alignment, awareness and action to keep on track.',4,'2021-10-17 22:00:23',NULL),(459,25,'I have demonstrated ability to lead the implementation of a number of HR Organisational Maturity Development improvements and has discussed and aligned with Senior Leadership.  An informal HR governance structure is in place to support proactive continuous evaluation and leadership alignment, awareness and action to keep on track.',3,'2021-10-17 22:00:23',NULL),(460,25,'I have demonstrated ability to lead the implementation of a number of HR Organisational Maturity Development improvements, managing these autonomously with discussion or alignment with the Senior Leadership. ',2,'2021-10-17 22:00:23',NULL),(461,25,'I have not demonstrated the ability to lead the development and/or implementation of any HR Organisational Maturity Development improvements.',1,'2021-10-17 22:00:23',NULL),(462,25,'Not part of my job accountabilities.',0,'2021-10-17 22:00:23',NULL),(463,26,'I have demonstrated ability to lead the development and implementation of a HR Digitisation and Automation Road Map that has been agreed with Senior Leadership.  A full governance structure is in place to support proactive continuous evaluation and leadership alignment, awareness and action to keep on track.',5,'2021-10-17 22:00:23',NULL),(464,26,'I have demonstrated ability to lead the development and implementation of a HR Digitisation and Automation Road Map that has not been agreed with Senior Leadership.  An ad hoc governance structure is in place to support proactive continuous evaluation and leadership alignment, awareness and action to keep on track.',4,'2021-10-17 22:00:23',NULL),(465,26,'I have demonstrated ability to lead the development and implementation of a HR Digitisation and Automation improvements. An informal governance structure is in place to support proactive continuous evaluation and leadership alignment, awareness and action to keep on track.',3,'2021-10-17 22:00:23',NULL),(466,26,'I have demonstrated ability to lead the development and implementation of a HR Digitisation and Automation improvements. No governance structure is in place to support proactive continuous evaluation and leadership alignment, awareness and action to keep on track.',2,'2021-10-17 22:00:23',NULL),(467,26,'I have demonstrated limited or no ability to lead the development and implementation of HR Digitisation and Automation improvements. ',1,'2021-10-17 22:00:23',NULL),(468,26,'Not part of my job accountabilities.',0,'2021-10-17 22:00:23',NULL);

--
-- Table structure for table `failed_jobs`
--

CREATE TABLE `failed_jobs` (
  `id` bigint(20) unsigned NOT NULL AUTO_INCREMENT,
  `uuid` varchar(255) NOT NULL,
  `connection` text NOT NULL,
  `queue` text NOT NULL,
  `payload` longtext NOT NULL,
  `exception` longtext NOT NULL,
  `failed_at` timestamp NOT NULL DEFAULT current_timestamp(),
  PRIMARY KEY (`id`),
  UNIQUE KEY `failed_jobs_uuid_unique` (`uuid`)
) ENGINE=InnoDB DEFAULT CHARSET=utf8mb4 COLLATE=utf8mb4_unicode_ci;

--
-- Dumping data for table `failed_jobs`
--


--
-- Table structure for table `focus_area`
--

CREATE TABLE `focus_area` (
  `id` bigint(20) unsigned NOT NULL AUTO_INCREMENT,
  `focus_area` varchar(255) NOT NULL,
  `fa_full_form` varchar(255) NOT NULL,
  `description` text DEFAULT NULL,
  `created_at` timestamp NULL DEFAULT NULL,
  `updated_at` timestamp NULL DEFAULT NULL,
  PRIMARY KEY (`id`)
) ENGINE=InnoDB AUTO_INCREMENT=5 DEFAULT CHARSET=utf8mb4 COLLATE=utf8mb4_unicode_ci;

--
-- Dumping data for table `focus_area`
--

INSERT INTO `focus_area` VALUES (1,'HRBP','HR Business Partner','Partner with business leaders to deliver aligned organisational strategies, programs,capabilites and plans ','2021-10-19 01:32:44',NULL),(2,'HRFP','HR Functional Partner','Partner with business leaders to deliver differentiated, effective,efficient and economical HR Polices, processes and pratices ','2021-10-19 01:32:44',NULL),(3,'HRGPE','HR Governance and Performance Excellence','Lead all HR governance and performance excellence strategies, programs, capabilities and plans','2021-10-19 01:32:44',NULL),(4,'HRID','HR Innovation and Development','Lead all HR Innovation and Development strategies, programs,capabilites and plans','2021-10-19 01:32:44',NULL);

--
-- Table structure for table `focus_area_accountabilities`
--

CREATE TABLE `focus_area_accountabilities` (
  `id` bigint(20) unsigned NOT NULL AUTO_INCREMENT,
  `focus_area_id` int(11) NOT NULL,
  `accountabilities` varchar(255) NOT NULL,
  `description` text DEFAULT NULL,
  `created_at` timestamp NULL DEFAULT NULL,
  `updated_at` timestamp NULL DEFAULT NULL,
  PRIMARY KEY (`id`)
) ENGINE=InnoDB AUTO_INCREMENT=27 DEFAULT CHARSET=utf8mb4 COLLATE=utf8mb4_unicode_ci;

--
-- Dumping data for table `focus_area_accountabilities`
--

INSERT INTO `focus_area_accountabilities` VALUES (1,1,'Business Alignment','Business Alignment - it is essential that a HRBP partners with the entire organisation to build a high level of understanding and confidence about the business in detail, including aspirations, opportunities and the journey ahead, connecting this to how business units, functions and departments, not just HR, will need to contribute/perform.','2022-07-30 07:29:40',NULL),(2,1,'Organisation Performance ','Organisation Performance - it is imperative that the HRBP partner with the leadership team to deliver a robust structure for aligning, communicating, managing, evaluating and measuring the organisation\'s performance.','2022-07-30 07:29:40',NULL),(3,1,'Capability Development','Capability Development - one of the major contributions that a HRBP can make is to partner with the leadership team to identify the current, required and maturity level of core capabilities required to deliver the organisation\'s ambition','2022-07-30 07:29:40',NULL),(4,1,'Organisational Development','Organisational Development - the HRBP’s role in partnering with the senior leadership to move an organisation from x to y to support the business aspiration, often requires agility, transformation and/or change management leadership in many Organisation Development areas which may complement capability development.','2022-07-30 07:29:40',NULL),(5,1,'Employer Branding','Employer Branding - some will say that this is a HRFP area, however, I believe this to be an organisational level activity that requires partnering with senior leadership to articulate, deliver and monitor how the organisation is perceived both externally and internally. This has a major impact on many HRFP areas.','2022-07-30 07:29:40',NULL),(6,2,'HR Administration and Employee Service','HRO - HR Administration and Employee Service - at times it feels transactional and non-value added, however the management of all the required administration and the employee service is the required foundation that illustrates to employees an organisation’s emphasis and the perception of the employees value. This starts with the onboarding process, is it heavy on non-essential paperwork or paperless. Is the service focused on the employee or the organisation’s bureaucracy with non-essential activity and inconsistent delivery. I have seen horror stories where we are seen as the ‘HR Police’ as we wield a level of authority and power over employees versus see them as our clients, customers or more importantly critical capability and valued (human) resource.','2022-07-30 07:29:40',NULL),(7,2,'Employee Relations','HRO - Employee Relations - I have separated this from the administration and delivery service as I see it as a measurable critical area in itself. How an organisation’s leaders creates a workplace where an employee feels that there is a positive employee/employer relationship is the desired outcome where positive, constructive interactions (keywords here) will drive loyal, retained and engaged employees who believe in the organisation’s core values. This of course refers to senior leadership, team leaders, supervisors and HR, in fact all of the organisation’s formal leaders.','2022-07-30 07:29:40',NULL),(8,2,'Diversity, Inclusion and Equity','HRS - Diversity, Inclusion and Equity -  in the workplace it is critical to first scope your objectives and then align on how your organisation will lead in areas including diversity in gender, ethnicity, disability; how you will drive a more inclusive workplace where different cultural backgrounds (Hofsede example of collective versus individual) drive expected or normal behaviours in heterogeneous global workforces. One of the common challenges is equity in providing opportunities, managing performance and equity in reward.','2022-07-30 07:29:40',NULL),(9,2,'Labour Law, Legal, Collective Bargaining, Union Management','HRS - Labour Law, Legal, Collective Bargaining, Union Management - context is everything and globally there are considerable differences in terms of Labour Law with a focus on being either a employer or employee focused society; the legal frameworks vary by country, however many have standard and generic subject topics and clauses. Finally the presence and influence of collective bargaining agreements and (trade) unions have a rich history as countries have evolved.','2022-07-30 07:29:40',NULL),(10,2,'Performance Management','HRS - Performance Management - a favourite subject of mine, how many PM frameworks, methods or processes are there? As HR professionals we have such a variation of thoughts, knowledge and application with the common theme (I hope!) being the need to drive organisational performance to meet the aspiration. What should be consistent, however often isn’t, is the importance of alignment to the business plan, core values and organisational capability maturity. I often see generic forms for all levels of the organisation with historical performance indicators like punctuality, which of course has a place for some roles. Singly one of the areas where HR professionals can contribute the most and yet the most disconnected I believe.','2022-07-30 07:29:40',NULL),(11,2,'Reward Management','Reward Management - for the purposes of our discussion Reward covers the most common standard term, Compensation and Benefits (C&B) and less discussed topic in some countries, i.e. Recognition. I think this helps to illustrate the importance and potential impact of recognition in our Reward Management strategies and programs. Either a very simple topic or extremely complex depending on your country structure, e.g. India’s tax structure and multiple allowances that make up what they call TCC (Total Cost To Company) to an SME organisation that only provides base salary only, no benefits. Sub areas including job evaluation, market comparison, the structure of your pay bands to extremely elaborate ‘buffet benefits’ and total compensation packages with a pay mix which includes monthly, short term incentive (STI) and long term incentive (LTI) components. Overlaying this multiple organizational levels from Intern to CEO with many variations with the goal of being attractive as an Employer relative to market/industry; equitable and consistent application with precedent being one of the greater areas for consideration with practice versus formal policies often being discussed or litigated on.','2022-07-30 07:29:40',NULL),(12,2,'Talent Management','Talent Management (TM) - another relatively new sub-function or discipline of HR that has taken shape in the past five years. Again the application, definition and scope of Talent Management varies by country and company. The term Talent has often meant those people who we consider as ‘special’, those with special or above average abilities or skills, e.g. Talent show. However, the broader definition of Talent in this context means all employees are a Talent, when we say all that includes (for me!) external parties who are considered essential to the delivery of our organisation’s aspiration. Some organisations consider external parties (e.g. subcontractor, outsource, remote workers) as not in scope - for me this approach has potential implications if they are key to delivery. The traditional thinking that they are not “employees” defined as full-time permanent employees is antiquated. I remember having to tell the 40 hour a week outsourced staff they could not attend the annual festive party - really! The process breadth of TM varies, however a good starting point is Attract - Induct - Onboard - Align - Engage - Perform - Reward - Develop - Retain, in summary you want to bring on board, motivate and retain the ‘right’ talent.','2022-07-30 07:29:40',NULL),(13,2,'Recruitment Management','Recruitment Management - the definition and scope will vary, for myself recruitment covers the Borrow and Build strategies, Build is an internal process forced on developing, rewarding and engaging current employees. Borrowing (oursource, subcontract, contract) employees can be a very smart resourcing strategy in specific situations, however, it still demands an alignment of the job requirement and a structured approach to hiring. So let\'s focus on the core of recruitment for an organisation, the core sub-processes, or 4 S’s as i like to refer to them - Specify, very clear description of what is required from the job; Source/Search, the process of finding the right candidate through the many channels open today from job boards to LinkedIn; Screen, all the detailed approaches we use to screen candidates from interviewing, assessment and more recently videos and finally select, the process of agreeing and offering a candidates.','2022-07-30 07:29:40',NULL),(14,2,'Learning and Development','Learning and Development (AKA Capability Development) - gosh I could write a book only about this subject, singly the potential to add the most value to an organisation and yet the most undervalued, misused, misunderstood sub-function of HR - the introvert area of HR that needs significant re-alignment and focus in my view. Starting with the changing the title to Capability Development with the learning and development being the ‘how’ we do it versus the desired outcome. The traditional L&D models generally are not working, that is assuming that they are even in place with investment and focus being the core challenge. Every organisation requires a level of Capability Development, however as long as it is seen as an expense not investment then it will not be top of mind. L&D is a core HRFP and should be the area we partner with the business the most, almost weekly/monthly as the impact will be significant, the L&D frameworks, delivery and desired outcomes are required. It is the most challenging area for HR professionals as we are not generally educated in this discipline and for all the general books written on the subject it is not easy and demands structure and discipline to execute effectively.','2022-07-30 07:29:40',NULL),(15,2,'HR Project Management','HR Project Management - I can’t remember completing all the things to do lists I set myself in any HR role that I had, our work is never completed. The good news is that in specific areas we have HR projects, e.g. implement a new HRIS or introduce a new compensation system. In these cases there was a great sense of pride and satisfaction from moving from scoping a project through to delivery. Generally a term used in large or enterprise companies where a HR project (defined as having a specific start and end date) is either given as an additional accountability or a specific person is hired or contracted of a mix. The scope of delivery covers project objective(s), definition, resourcing, governance, evaluation and finally delivery.','2022-07-30 07:29:40',NULL),(16,2,'HR Systems & IoT','HR Systems & IoT - as HR professionals we generally know that this accountability is very important and has the potential to significantly improve the effectiveness, efficiency and value of the HR function, however, it is complex and demands a different type of thinking, knowledge and application, whether it be the selection, development or maintenance of our HRIS, AI/Machine Learning in selection or the introduction of RPA and Chatbots to improve improve service delivery, it is complex and demanding. Concurrently we need to identify and manage risk and compliance around data, employee records. At an organisational level IoT is for most organisations an imperative that must be understood, reaching alignment of plans to support growth is not a nice to have these days.','2022-07-30 07:29:40',NULL),(17,2,'Occupational, Health, Safety and Environment','Occupational, Health, Safety and Environment - OHS&E is a term that generally applies to a specialist function that may report to HR, it really is contextual depending on the industry generally. Picture a steel factory, the heat, danger, opportunities for injury versus a small insurance company, quite a contrast, however, both require a consideration of Health, Safety and Environment believe it or not. From a simple consideration of the way people are sitting in and on their chairs (economics), time spent at a computer to fully blown safety policies, systems, standards and records. You often see this on building sites, ‘0 safety incidents’, zero incidents are a badge of pride - all of these reflect your organisation’s consideration for the employees or contractors hired to perform. Irrespective of the industry or context, it is clear that there are current themes and evidence around wellbeing and mental health that demands a fresh review of the contribution HR has in this area. As a general rule my approach is to consider any potential HR intervention relating to health and/or wellbeing as being out of scope and requires a decision regarding what support the organisation will provide, e.g. counselling.','2022-07-30 07:29:40',NULL),(18,2,'Organisation Internal Communication','Organisation Internal Communication  - I put this out there as a sub-function of HR as I believe it potentially has the ability to align and motivate the team significantly and where considered on its own, with its own objective(s) and measured, can be highly impactful whether that be intensive partnership with the business to communicate the coming year’s focus to how we communicate new ways of working, all have the ability to drive beliefs, turn people on or off.','2022-07-30 07:29:40',NULL),(19,2,'Expat Management','Expat Management - a decline but still often necessary strategy to grow a company, either hire from outside of your country or move an employee to another country to work, both have implications for our strategies, policies and processes. Expat management can be a very complex area of HR as it demands ‘special handling’, in my experience one expat can be the same as managing five hundred factory employees.','2022-07-30 07:29:40',NULL),(20,2,'Facilities Management ','Facilities Management - one of my bugbears, it’s not that it is not important, however, relative to the contribution I see HR making this is one topic that I have been involved in, albeit reluctantly. To be clear, I do see it a little different when it comes to deciding the (re)location the office in terms of resource available and cost; office ergonomics, i.e. how people work together, the seating plan for example which can drive higher levels of productivity, efficiency and collaboration or policies around computer usage of sitting guidance for optimum health and wellbeing.  However, when it comes to the continued administrative task of managing the contract of a building and the teams that maintain it, including security, cleaning and maintenance I have a less positive view. There are many companies that specialize in this area, the challenge is that they charge a fortune so this is often bolted onto the HR accountabilities.','2022-07-30 07:29:40',NULL),(21,3,'Financial Management ','Financial Management - An effective HRBP has to have a good understanding of the company financials and must align the relevant HR strategies, policies and budgets accordingly.  Evaluating, monitoring and providing continuous feedback on performance progress and impact as appropriate, concurrently ensure appropriate boundaries and fiscal management, e.g. accountability boundaries around payroll.','2022-07-30 07:29:40',NULL),(22,3,'HR Performance Metrics','HR Performance Metrics - Based on performance data, develop and lead activities, ensuring continued improvement of relevant aspects of HR performance.  (Strategy, People, Processes, Risk (e.g. data and legal cases) & Systems).','2022-07-30 07:29:40',NULL),(23,3,'HR Project Governance','HR Project Governance - The larger the organisation the greater the need for HR Project Governance, especially then the project crosses geographical, organisation, business unit or functional boundaries. We do not necessarily have to be qualified to PMP standard, however, a core understanding of how to lead a project from inception to delivery is key.','2022-07-30 07:29:40',NULL),(24,4,'HR Innovation and Creativity','HR Innovation and Creativity - two very different words and definitions. Creative in summary for me is the ‘tweaking’ or improvement of something already existing, versus innovation which is to drive a new, potentially unhead of strategy, policy or process, all with the goal of delivery the aspiration and/or employer differentiation.','2022-07-30 07:29:40',NULL),(25,4,'HR Maturity Continuous Improvement','HR Maturity Continuous Improvement - understanding your current versus desired level of maturity in a specific area, e.g. performance management process framework can help to articulate, plan and deliver the development required, but also set expectations.','2022-07-30 07:29:40',NULL),(26,4,'Digitisation and Automation','Digitisation and Automation - Develop and integrate updated approaches, tools and/or processes, maximising use of digital capabilities/technologies and new media channels..','2022-07-30 07:29:40',NULL);

--
-- Table structure for table `hrf_urgency_impact_assesment`
--

CREATE TABLE `hrf_urgency_impact_assesment` (
  `id` bigint(20) unsigned NOT NULL AUTO_INCREMENT,
  `member_id` int(11) NOT NULL,
  `created_at` timestamp NULL DEFAULT NULL,
  `updated_at` timestamp NULL DEFAULT NULL,
  PRIMARY KEY (`id`)
) ENGINE=InnoDB AUTO_INCREMENT=6 DEFAULT CHARSET=utf8mb4 COLLATE=utf8mb4_unicode_ci;

--
-- Dumping data for table `hrf_urgency_impact_assesment`
--

INSERT INTO `hrf_urgency_impact_assesment` VALUES (1,4,'2023-03-19 09:37:12','2023-03-19 09:37:12'),(2,72,'2023-03-19 18:24:30','2023-03-19 18:24:30'),(3,117,'2023-03-20 18:17:21','2023-03-20 18:17:21'),(4,72,'2023-03-21 23:40:24','2023-03-21 23:40:24'),(5,69,'2023-04-22 00:33:15','2023-04-22 00:33:15');

--
-- Table structure for table `maturity_development_plan`
--

CREATE TABLE `maturity_development_plan` (
  `id` bigint(20) unsigned NOT NULL AUTO_INCREMENT,
  `member_id` int(11) NOT NULL,
  `urgency_impact_assesment_id` int(11) NOT NULL,
  `fa_accountability_id` int(11) NOT NULL,
  `business_urgency` int(11) NOT NULL COMMENT '1: high, 2: medium, 3:low',
  `business_impact` int(11) NOT NULL COMMENT '1: high, 2: medium, 3:low',
  `current_maturity_level` int(11) DEFAULT NULL,
  `maturity_level_aspiration` int(11) DEFAULT NULL,
  `smart_goal` varchar(255) DEFAULT NULL,
  `created_at` timestamp NULL DEFAULT NULL,
  `updated_at` timestamp NULL DEFAULT NULL,
  PRIMARY KEY (`id`)
) ENGINE=InnoDB AUTO_INCREMENT=35 DEFAULT CHARSET=utf8mb4 COLLATE=utf8mb4_unicode_ci;

--
-- Dumping data for table `maturity_development_plan`
--

INSERT INTO `maturity_development_plan` VALUES (1,4,1,1,1,1,315,313,'sdfsdfdssd','2023-03-19 09:37:12','2023-04-27 03:53:37'),(2,4,1,2,2,2,322,321,NULL,'2023-03-19 09:37:12','2023-04-22 00:35:23'),(3,4,1,3,2,2,NULL,NULL,NULL,'2023-03-19 09:37:12','2023-03-19 09:37:12'),(4,4,1,4,2,2,NULL,NULL,NULL,'2023-03-19 09:37:12','2023-03-19 09:37:12'),(5,4,1,5,2,3,NULL,NULL,NULL,'2023-03-19 09:37:12','2023-03-19 09:37:12'),(6,72,2,1,1,1,315,313,NULL,'2023-03-19 18:24:30','2023-04-22 00:34:52'),(7,72,2,2,1,2,322,321,NULL,'2023-03-19 18:24:30','2023-04-22 00:35:23'),(8,72,2,3,1,3,NULL,NULL,NULL,'2023-03-19 18:24:30','2023-03-19 18:24:30'),(9,72,2,4,2,1,NULL,NULL,NULL,'2023-03-19 18:24:30','2023-03-19 18:24:30'),(10,72,2,5,2,2,NULL,NULL,NULL,'2023-03-19 18:24:30','2023-03-19 18:24:30'),(11,72,2,6,2,3,NULL,NULL,NULL,'2023-03-19 18:24:30','2023-03-19 18:24:30'),(12,72,2,7,3,1,NULL,NULL,NULL,'2023-03-19 18:24:30','2023-03-19 18:24:30'),(13,72,2,8,3,2,NULL,NULL,NULL,'2023-03-19 18:24:30','2023-03-19 18:24:30'),(14,117,3,1,1,1,315,313,NULL,'2023-03-20 18:17:21','2023-04-22 00:34:52'),(15,117,3,2,1,1,322,321,NULL,'2023-03-20 18:17:21','2023-04-22 00:35:23'),(16,117,3,3,1,2,NULL,NULL,NULL,'2023-03-20 18:17:21','2023-03-20 18:17:21'),(17,117,3,4,1,2,NULL,NULL,NULL,'2023-03-20 18:17:21','2023-03-20 18:17:21'),(18,117,3,5,1,2,NULL,NULL,NULL,'2023-03-20 18:17:21','2023-03-20 18:17:21'),(19,117,3,6,2,2,NULL,NULL,NULL,'2023-03-20 18:17:21','2023-03-20 18:17:21'),(20,117,3,7,2,2,NULL,NULL,NULL,'2023-03-20 18:17:21','2023-03-20 18:17:21'),(21,117,3,8,2,3,NULL,NULL,NULL,'2023-03-20 18:17:21','2023-03-20 18:17:21'),(22,72,4,1,1,1,315,313,NULL,'2023-03-21 23:40:24','2023-04-22 00:34:52'),(23,72,4,2,2,2,322,321,NULL,'2023-03-21 23:40:24','2023-04-22 00:35:23'),(24,72,4,3,1,1,NULL,NULL,NULL,'2023-03-21 23:40:24','2023-03-21 23:40:24'),(25,72,4,4,2,2,NULL,NULL,NULL,'2023-03-21 23:40:24','2023-03-21 23:40:24'),(26,72,4,5,1,3,NULL,NULL,NULL,'2023-03-21 23:40:24','2023-03-21 23:40:24'),(27,72,4,6,1,1,NULL,NULL,NULL,'2023-03-21 23:40:24','2023-03-21 23:40:24'),(28,72,4,7,2,3,NULL,NULL,NULL,'2023-03-21 23:40:24','2023-03-21 23:40:24'),(29,72,4,8,2,2,NULL,NULL,NULL,'2023-03-21 23:40:24','2023-03-21 23:40:24'),(30,69,5,1,1,2,315,313,NULL,'2023-04-22 00:33:15','2023-04-22 00:34:52'),(31,69,5,2,2,3,322,321,NULL,'2023-04-22 00:33:15','2023-04-22 00:35:23'),(32,69,5,3,1,3,NULL,NULL,NULL,'2023-04-22 00:33:15','2023-04-22 00:33:15'),(33,69,5,4,2,3,NULL,NULL,NULL,'2023-04-22 00:33:15','2023-04-22 00:33:15'),(34,69,5,5,3,3,NULL,NULL,NULL,'2023-04-22 00:33:15','2023-04-22 00:33:15');

--
-- Table structure for table `member_evaluation_child`
--

CREATE TABLE `member_evaluation_child` (
  `id` bigint(20) unsigned NOT NULL AUTO_INCREMENT,
  `member_id` int(11) NOT NULL,
  `evaluation_id` int(11) NOT NULL,
  `focus_area_id` int(11) NOT NULL,
  `fa_accountability_id` int(11) NOT NULL,
  `fa_maturity_level` int(11) DEFAULT NULL,
  `fa_maturity_level_position` int(11) DEFAULT NULL,
  `created_at` timestamp NULL DEFAULT NULL,
  `updated_at` timestamp NULL DEFAULT NULL,
  PRIMARY KEY (`id`)
) ENGINE=InnoDB AUTO_INCREMENT=3459 DEFAULT CHARSET=utf8mb4 COLLATE=utf8mb4_unicode_ci;

--
-- Dumping data for table `member_evaluation_child`
--

INSERT INTO `member_evaluation_child` VALUES (1,4,1,1,1,315,NULL,'2022-08-04 15:32:59','2023-02-08 13:12:25'),(2,4,1,1,2,320,NULL,'2022-08-04 15:32:59','2022-08-11 01:43:48'),(3,4,1,1,3,326,NULL,'2022-08-04 15:32:59','2022-08-18 12:47:26'),(4,4,1,1,4,332,NULL,'2022-08-04 15:32:59','2022-08-18 12:47:29'),(5,4,1,1,5,339,NULL,'2022-08-04 15:32:59','2023-02-08 13:12:27'),(6,4,1,2,6,343,NULL,'2022-08-04 15:32:59','2023-02-08 13:12:29'),(7,4,1,2,7,349,NULL,'2022-08-04 15:32:59','2023-02-08 13:12:31'),(8,4,1,2,8,355,NULL,'2022-08-04 15:32:59','2023-02-08 13:12:33'),(9,4,1,2,9,361,NULL,'2022-08-04 15:32:59','2023-02-08 13:12:35'),(10,4,1,2,10,367,NULL,'2022-08-04 15:32:59','2023-02-08 13:12:37'),(11,4,1,2,11,373,NULL,'2022-08-04 15:32:59','2023-02-08 13:12:50'),(12,4,1,2,12,379,NULL,'2022-08-04 15:32:59','2023-02-08 13:12:42'),(13,4,1,2,13,385,NULL,'2022-08-04 15:32:59','2023-02-08 13:12:47'),(14,4,1,2,14,391,NULL,'2022-08-04 15:32:59','2023-02-08 13:12:51'),(15,4,1,2,15,397,NULL,'2022-08-04 15:32:59','2023-02-08 13:12:53'),(16,4,1,2,16,403,NULL,'2022-08-04 15:32:59','2023-02-08 13:12:55'),(17,4,1,2,17,409,NULL,'2022-08-04 15:32:59','2023-02-08 13:12:57'),(18,4,1,2,18,415,NULL,'2022-08-04 15:32:59','2023-02-08 13:12:59'),(19,4,1,2,19,421,NULL,'2022-08-04 15:32:59','2023-02-08 13:13:02'),(20,4,1,2,20,427,NULL,'2022-08-04 15:32:59','2023-02-08 13:13:04'),(21,4,1,3,21,433,NULL,'2022-08-04 15:32:59','2023-02-08 13:13:06'),(22,4,1,3,22,439,NULL,'2022-08-04 15:32:59','2023-02-08 13:13:09'),(23,4,1,3,23,445,NULL,'2022-08-04 15:32:59','2023-02-08 13:13:11'),(24,4,1,4,24,451,NULL,'2022-08-04 15:32:59','2023-02-08 13:13:13'),(25,4,1,4,25,457,NULL,'2022-08-04 15:32:59','2023-02-08 13:13:15'),(26,4,1,4,26,463,NULL,'2022-08-04 15:32:59','2023-02-08 13:13:17'),(27,5,2,1,1,313,NULL,'2022-08-04 21:36:08','2022-08-04 21:36:16'),(28,5,2,1,2,319,NULL,'2022-08-04 21:36:08','2022-08-04 21:36:19'),(29,5,2,1,3,325,NULL,'2022-08-04 21:36:08','2022-08-04 21:36:22'),(30,5,2,1,4,331,NULL,'2022-08-04 21:36:08','2022-08-04 21:36:24'),(31,5,2,1,5,337,NULL,'2022-08-04 21:36:08','2022-08-04 21:36:27'),(32,5,2,2,6,343,NULL,'2022-08-04 21:36:08','2022-08-04 21:36:29'),(33,5,2,2,7,349,NULL,'2022-08-04 21:36:08','2022-08-04 21:36:32'),(34,5,2,2,8,355,NULL,'2022-08-04 21:36:08','2022-08-04 21:36:34'),(35,5,2,2,9,361,NULL,'2022-08-04 21:36:08','2022-08-04 21:36:38'),(36,5,2,2,10,367,NULL,'2022-08-04 21:36:08','2022-08-04 21:36:40'),(37,5,2,2,11,373,NULL,'2022-08-04 21:36:08','2022-08-04 21:36:43'),(38,5,2,2,12,379,NULL,'2022-08-04 21:36:08','2022-08-04 21:36:45'),(39,5,2,2,13,385,NULL,'2022-08-04 21:36:08','2022-08-04 21:36:49'),(40,5,2,2,14,391,NULL,'2022-08-04 21:36:08','2022-08-04 21:36:53'),(41,5,2,2,15,397,NULL,'2022-08-04 21:36:08','2022-08-04 21:37:06'),(42,5,2,2,16,403,NULL,'2022-08-04 21:36:08','2022-08-04 21:36:58'),(43,5,2,2,17,409,NULL,'2022-08-04 21:36:08','2022-08-04 21:37:03'),(44,5,2,2,18,415,NULL,'2022-08-04 21:36:08','2022-08-04 21:37:15'),(45,5,2,2,19,421,NULL,'2022-08-04 21:36:08','2022-08-04 21:37:12'),(46,5,2,2,20,427,NULL,'2022-08-04 21:36:08','2022-08-04 21:37:17'),(47,5,2,3,21,433,NULL,'2022-08-04 21:36:08','2022-08-04 21:37:21'),(48,5,2,3,22,439,NULL,'2022-08-04 21:36:08','2022-08-04 21:37:23'),(49,5,2,3,23,445,NULL,'2022-08-04 21:36:08','2022-08-04 21:37:26'),(50,5,2,4,24,451,NULL,'2022-08-04 21:36:08','2022-08-04 21:37:28'),(51,5,2,4,25,457,NULL,'2022-08-04 21:36:08','2022-08-04 21:37:31'),(52,5,2,4,26,463,NULL,'2022-08-04 21:36:08','2022-08-04 21:37:34'),(53,7,3,1,1,NULL,NULL,'2022-08-05 10:24:59','2022-08-05 10:24:59'),(54,7,3,1,2,NULL,NULL,'2022-08-05 10:24:59','2022-08-05 10:24:59'),(55,7,3,1,3,NULL,NULL,'2022-08-05 10:24:59','2022-08-05 10:24:59'),(56,7,3,1,4,NULL,NULL,'2022-08-05 10:24:59','2022-08-05 10:24:59'),(57,7,3,1,5,NULL,NULL,'2022-08-05 10:24:59','2022-08-05 10:24:59'),(58,7,3,2,6,NULL,NULL,'2022-08-05 10:24:59','2022-08-05 10:24:59'),(59,7,3,2,7,NULL,NULL,'2022-08-05 10:24:59','2022-08-05 10:24:59'),(60,7,3,2,8,NULL,NULL,'2022-08-05 10:24:59','2022-08-05 10:24:59'),(61,7,3,2,9,NULL,NULL,'2022-08-05 10:24:59','2022-08-05 10:24:59'),(62,7,3,2,10,NULL,NULL,'2022-08-05 10:24:59','2022-08-05 10:24:59'),(63,7,3,2,11,NULL,NULL,'2022-08-05 10:24:59','2022-08-05 10:24:59'),(64,7,3,2,12,NULL,NULL,'2022-08-05 10:24:59','2022-08-05 10:24:59'),(65,7,3,2,13,NULL,NULL,'2022-08-05 10:24:59','2022-08-05 10:24:59'),(66,7,3,2,14,NULL,NULL,'2022-08-05 10:24:59','2022-08-05 10:24:59'),(67,7,3,2,15,NULL,NULL,'2022-08-05 10:24:59','2022-08-05 10:24:59'),(68,7,3,2,16,NULL,NULL,'2022-08-05 10:24:59','2022-08-05 10:24:59'),(69,7,3,2,17,NULL,NULL,'2022-08-05 10:24:59','2022-08-05 10:24:59'),(70,7,3,2,18,NULL,NULL,'2022-08-05 10:24:59','2022-08-05 10:24:59'),(71,7,3,2,19,NULL,NULL,'2022-08-05 10:24:59','2022-08-05 10:24:59'),(72,7,3,2,20,NULL,NULL,'2022-08-05 10:24:59','2022-08-05 10:24:59'),(73,7,3,3,21,NULL,NULL,'2022-08-05 10:24:59','2022-08-05 10:24:59'),(74,7,3,3,22,NULL,NULL,'2022-08-05 10:24:59','2022-08-05 10:24:59'),(75,7,3,3,23,NULL,NULL,'2022-08-05 10:24:59','2022-08-05 10:24:59'),(76,7,3,4,24,NULL,NULL,'2022-08-05 10:24:59','2022-08-05 10:24:59'),(77,7,3,4,25,NULL,NULL,'2022-08-05 10:24:59','2022-08-05 10:24:59'),(78,7,3,4,26,NULL,NULL,'2022-08-05 10:24:59','2022-08-05 10:24:59'),(79,8,4,1,1,NULL,NULL,'2022-08-05 18:50:38','2022-08-05 18:50:38'),(80,8,4,1,2,NULL,NULL,'2022-08-05 18:50:38','2022-08-05 18:50:38'),(81,8,4,1,3,NULL,NULL,'2022-08-05 18:50:38','2022-08-05 18:50:38'),(82,8,4,1,4,NULL,NULL,'2022-08-05 18:50:38','2022-08-05 18:50:38'),(83,8,4,1,5,NULL,NULL,'2022-08-05 18:50:38','2022-08-05 18:50:38'),(84,8,4,2,6,NULL,NULL,'2022-08-05 18:50:38','2022-08-05 18:50:38'),(85,8,4,2,7,NULL,NULL,'2022-08-05 18:50:38','2022-08-05 18:50:38'),(86,8,4,2,8,NULL,NULL,'2022-08-05 18:50:38','2022-08-05 18:50:38'),(87,8,4,2,9,NULL,NULL,'2022-08-05 18:50:38','2022-08-05 18:50:38'),(88,8,4,2,10,NULL,NULL,'2022-08-05 18:50:38','2022-08-05 18:50:38'),(89,8,4,2,11,NULL,NULL,'2022-08-05 18:50:38','2022-08-05 18:50:38'),(90,8,4,2,12,NULL,NULL,'2022-08-05 18:50:38','2022-08-05 18:50:38'),(91,8,4,2,13,NULL,NULL,'2022-08-05 18:50:38','2022-08-05 18:50:38'),(92,8,4,2,14,NULL,NULL,'2022-08-05 18:50:38','2022-08-05 18:50:38'),(93,8,4,2,15,NULL,NULL,'2022-08-05 18:50:38','2022-08-05 18:50:38'),(94,8,4,2,16,NULL,NULL,'2022-08-05 18:50:38','2022-08-05 18:50:38'),(95,8,4,2,17,NULL,NULL,'2022-08-05 18:50:38','2022-08-05 18:50:38'),(96,8,4,2,18,NULL,NULL,'2022-08-05 18:50:38','2022-08-05 18:50:38'),(97,8,4,2,19,NULL,NULL,'2022-08-05 18:50:38','2022-08-05 18:50:38'),(98,8,4,2,20,NULL,NULL,'2022-08-05 18:50:38','2022-08-05 18:50:38'),(99,8,4,3,21,NULL,NULL,'2022-08-05 18:50:38','2022-08-05 18:50:38'),(100,8,4,3,22,NULL,NULL,'2022-08-05 18:50:38','2022-08-05 18:50:38'),(101,8,4,3,23,NULL,NULL,'2022-08-05 18:50:38','2022-08-05 18:50:38'),(102,8,4,4,24,NULL,NULL,'2022-08-05 18:50:38','2022-08-05 18:50:38'),(103,8,4,4,25,NULL,NULL,'2022-08-05 18:50:38','2022-08-05 18:50:38'),(104,8,4,4,26,NULL,NULL,'2022-08-05 18:50:38','2022-08-05 18:50:38'),(105,9,5,1,1,313,NULL,'2022-08-07 11:22:58','2022-08-07 11:23:15'),(106,9,5,1,2,319,NULL,'2022-08-07 11:22:58','2022-08-07 11:23:17'),(107,9,5,1,3,325,NULL,'2022-08-07 11:22:58','2022-08-07 11:23:20'),(108,9,5,1,4,331,NULL,'2022-08-07 11:22:58','2022-08-07 11:23:22'),(109,9,5,1,5,337,NULL,'2022-08-07 11:22:58','2022-08-07 11:23:25'),(110,9,5,2,6,343,NULL,'2022-08-07 11:22:58','2022-08-07 11:23:27'),(111,9,5,2,7,349,NULL,'2022-08-07 11:22:58','2022-08-07 11:23:30'),(112,9,5,2,8,355,NULL,'2022-08-07 11:22:58','2022-08-07 11:23:32'),(113,9,5,2,9,361,NULL,'2022-08-07 11:22:58','2022-08-07 11:23:35'),(114,9,5,2,10,367,NULL,'2022-08-07 11:22:58','2022-08-07 11:23:37'),(115,9,5,2,11,373,NULL,'2022-08-07 11:22:58','2022-08-07 11:24:03'),(116,9,5,2,12,379,NULL,'2022-08-07 11:22:58','2022-08-07 11:24:06'),(117,9,5,2,13,385,NULL,'2022-08-07 11:22:58','2022-08-07 11:24:08'),(118,9,5,2,14,391,NULL,'2022-08-07 11:22:58','2022-08-07 11:24:14'),(119,9,5,2,15,397,NULL,'2022-08-07 11:22:58','2022-08-07 11:24:16'),(120,9,5,2,16,403,NULL,'2022-08-07 11:22:58','2022-08-07 11:24:19'),(121,9,5,2,17,409,NULL,'2022-08-07 11:22:58','2022-08-07 11:24:22'),(122,9,5,2,18,415,NULL,'2022-08-07 11:22:58','2022-08-07 11:24:24'),(123,9,5,2,19,421,NULL,'2022-08-07 11:22:58','2022-08-07 11:24:26'),(124,9,5,2,20,427,NULL,'2022-08-07 11:22:58','2022-08-07 11:24:29'),(125,9,5,3,21,433,NULL,'2022-08-07 11:22:58','2022-08-07 11:24:32'),(126,9,5,3,22,439,NULL,'2022-08-07 11:22:58','2022-08-07 11:24:34'),(127,9,5,3,23,445,NULL,'2022-08-07 11:22:58','2022-08-07 11:24:37'),(128,9,5,4,24,451,NULL,'2022-08-07 11:22:58','2022-08-07 11:24:39'),(129,9,5,4,25,457,NULL,'2022-08-07 11:22:58','2022-08-07 11:24:42'),(130,9,5,4,26,463,NULL,'2022-08-07 11:22:58','2022-08-07 11:24:44'),(131,10,6,1,1,313,NULL,'2022-08-07 11:53:04','2022-08-07 11:53:10'),(132,10,6,1,2,319,NULL,'2022-08-07 11:53:04','2022-08-07 11:53:14'),(133,10,6,1,3,325,NULL,'2022-08-07 11:53:04','2022-08-07 11:53:16'),(134,10,6,1,4,331,NULL,'2022-08-07 11:53:04','2022-08-07 11:53:19'),(135,10,6,1,5,337,NULL,'2022-08-07 11:53:04','2022-08-07 11:53:21'),(136,10,6,2,6,343,NULL,'2022-08-07 11:53:04','2022-08-07 11:53:24'),(137,10,6,2,7,349,NULL,'2022-08-07 11:53:04','2022-08-07 11:53:26'),(138,10,6,2,8,355,NULL,'2022-08-07 11:53:04','2022-08-07 11:53:29'),(139,10,6,2,9,361,NULL,'2022-08-07 11:53:04','2022-08-07 11:53:51'),(140,10,6,2,10,367,NULL,'2022-08-07 11:53:04','2022-08-07 11:53:54'),(141,10,6,2,11,373,NULL,'2022-08-07 11:53:04','2022-08-07 11:53:56'),(142,10,6,2,12,379,NULL,'2022-08-07 11:53:04','2022-08-07 11:53:59'),(143,10,6,2,13,385,NULL,'2022-08-07 11:53:04','2022-08-07 11:54:01'),(144,10,6,2,14,391,NULL,'2022-08-07 11:53:04','2022-08-07 11:54:04'),(145,10,6,2,15,397,NULL,'2022-08-07 11:53:04','2022-08-07 11:54:06'),(146,10,6,2,16,403,NULL,'2022-08-07 11:53:04','2022-08-07 11:54:09'),(147,10,6,2,17,409,NULL,'2022-08-07 11:53:04','2022-08-07 11:54:11'),(148,10,6,2,18,415,NULL,'2022-08-07 11:53:04','2022-08-07 11:54:14'),(149,10,6,2,19,421,NULL,'2022-08-07 11:53:04','2022-08-07 11:54:16'),(150,10,6,2,20,427,NULL,'2022-08-07 11:53:04','2022-08-07 11:54:19'),(151,10,6,3,21,433,NULL,'2022-08-07 11:53:04','2022-08-07 11:54:21'),(152,10,6,3,22,439,NULL,'2022-08-07 11:53:04','2022-08-07 11:54:24'),(153,10,6,3,23,445,NULL,'2022-08-07 11:53:04','2022-08-07 11:54:26'),(154,10,6,4,24,451,NULL,'2022-08-07 11:53:04','2022-08-07 11:54:29'),(155,10,6,4,25,457,NULL,'2022-08-07 11:53:04','2022-08-07 11:54:32'),(156,10,6,4,26,463,NULL,'2022-08-07 11:53:04','2022-08-07 11:54:35'),(157,11,7,1,1,313,NULL,'2022-08-07 19:11:23','2022-08-07 19:11:29'),(158,11,7,1,2,319,NULL,'2022-08-07 19:11:23','2022-08-07 19:11:32'),(159,11,7,1,3,325,NULL,'2022-08-07 19:11:23','2022-08-07 19:11:35'),(160,11,7,1,4,331,NULL,'2022-08-07 19:11:23','2022-08-07 19:11:38'),(161,11,7,1,5,337,NULL,'2022-08-07 19:11:23','2022-08-07 19:11:40'),(162,11,7,2,6,343,NULL,'2022-08-07 19:11:23','2022-08-07 19:11:43'),(163,11,7,2,7,349,NULL,'2022-08-07 19:11:23','2022-08-07 19:11:45'),(164,11,7,2,8,355,NULL,'2022-08-07 19:11:23','2022-08-07 19:11:48'),(165,11,7,2,9,361,NULL,'2022-08-07 19:11:23','2022-08-07 19:11:50'),(166,11,7,2,10,367,NULL,'2022-08-07 19:11:23','2022-08-07 19:11:56'),(167,11,7,2,11,373,NULL,'2022-08-07 19:11:23','2022-08-07 19:11:58'),(168,11,7,2,12,379,NULL,'2022-08-07 19:11:23','2022-08-07 19:12:01'),(169,11,7,2,13,385,NULL,'2022-08-07 19:11:23','2022-08-07 19:12:04'),(170,11,7,2,14,391,NULL,'2022-08-07 19:11:23','2022-08-07 19:12:07'),(171,11,7,2,15,397,NULL,'2022-08-07 19:11:23','2022-08-07 19:12:09'),(172,11,7,2,16,403,NULL,'2022-08-07 19:11:23','2022-08-07 19:12:14'),(173,11,7,2,17,409,NULL,'2022-08-07 19:11:23','2022-08-07 19:12:19'),(174,11,7,2,18,415,NULL,'2022-08-07 19:11:23','2022-08-07 19:12:23'),(175,11,7,2,19,421,NULL,'2022-08-07 19:11:23','2022-08-07 19:12:25'),(176,11,7,2,20,427,NULL,'2022-08-07 19:11:23','2022-08-07 19:12:27'),(177,11,7,3,21,433,NULL,'2022-08-07 19:11:23','2022-08-07 19:12:38'),(178,11,7,3,22,439,NULL,'2022-08-07 19:11:23','2022-08-07 19:12:41'),(179,11,7,3,23,445,NULL,'2022-08-07 19:11:23','2022-08-07 19:12:44'),(180,11,7,4,24,451,NULL,'2022-08-07 19:11:23','2022-08-07 19:12:46'),(181,11,7,4,25,457,NULL,'2022-08-07 19:11:23','2022-08-07 19:12:48'),(182,11,7,4,26,463,NULL,'2022-08-07 19:11:23','2022-08-07 19:12:51'),(183,12,8,1,1,313,NULL,'2022-08-07 23:03:48','2022-08-07 23:04:03'),(184,12,8,1,2,319,NULL,'2022-08-07 23:03:48','2022-08-07 23:04:05'),(185,12,8,1,3,325,NULL,'2022-08-07 23:03:48','2022-08-07 23:04:06'),(186,12,8,1,4,331,NULL,'2022-08-07 23:03:48','2022-08-07 23:04:08'),(187,12,8,1,5,337,NULL,'2022-08-07 23:03:48','2022-08-07 23:04:10'),(188,12,8,2,6,343,NULL,'2022-08-07 23:03:48','2022-08-07 23:04:37'),(189,12,8,2,7,353,NULL,'2022-08-07 23:03:48','2022-08-07 23:04:41'),(190,12,8,2,8,355,NULL,'2022-08-07 23:03:48','2022-08-07 23:04:42'),(191,12,8,2,9,361,NULL,'2022-08-07 23:03:48','2022-08-07 23:04:44'),(192,12,8,2,10,367,NULL,'2022-08-07 23:03:48','2022-08-07 23:04:46'),(193,12,8,2,11,373,NULL,'2022-08-07 23:03:48','2022-08-07 23:04:48'),(194,12,8,2,12,379,NULL,'2022-08-07 23:03:48','2022-08-07 23:04:50'),(195,12,8,2,13,385,NULL,'2022-08-07 23:03:48','2022-08-07 23:04:51'),(196,12,8,2,14,391,NULL,'2022-08-07 23:03:48','2022-08-07 23:04:53'),(197,12,8,2,15,397,NULL,'2022-08-07 23:03:48','2022-08-07 23:04:55'),(198,12,8,2,16,403,NULL,'2022-08-07 23:03:48','2022-08-07 23:04:56'),(199,12,8,2,17,409,NULL,'2022-08-07 23:03:48','2022-08-07 23:04:58'),(200,12,8,2,18,415,NULL,'2022-08-07 23:03:48','2022-08-07 23:05:00'),(201,12,8,2,19,421,NULL,'2022-08-07 23:03:48','2022-08-07 23:05:04'),(202,12,8,2,20,427,NULL,'2022-08-07 23:03:48','2022-08-07 23:05:07'),(203,12,8,3,21,433,NULL,'2022-08-07 23:03:48','2022-08-07 23:05:09'),(204,12,8,3,22,439,NULL,'2022-08-07 23:03:48','2022-08-07 23:05:11'),(205,12,8,3,23,445,NULL,'2022-08-07 23:03:48','2022-08-07 23:05:12'),(206,12,8,4,24,451,NULL,'2022-08-07 23:03:48','2022-08-07 23:05:14'),(207,12,8,4,25,457,NULL,'2022-08-07 23:03:48','2022-08-07 23:05:16'),(208,12,8,4,26,463,NULL,'2022-08-07 23:03:48','2022-08-07 23:05:18'),(209,13,9,1,1,NULL,NULL,'2022-08-08 00:06:35','2022-08-08 00:06:35'),(210,13,9,1,2,NULL,NULL,'2022-08-08 00:06:35','2022-08-08 00:06:35'),(211,13,9,1,3,NULL,NULL,'2022-08-08 00:06:35','2022-08-08 00:06:35'),(212,13,9,1,4,NULL,NULL,'2022-08-08 00:06:35','2022-08-08 00:06:35'),(213,13,9,1,5,NULL,NULL,'2022-08-08 00:06:35','2022-08-08 00:06:35'),(214,13,9,2,6,NULL,NULL,'2022-08-08 00:06:35','2022-08-08 00:06:35'),(215,13,9,2,7,NULL,NULL,'2022-08-08 00:06:35','2022-08-08 00:06:35'),(216,13,9,2,8,NULL,NULL,'2022-08-08 00:06:35','2022-08-08 00:06:35'),(217,13,9,2,9,NULL,NULL,'2022-08-08 00:06:35','2022-08-08 00:06:35'),(218,13,9,2,10,NULL,NULL,'2022-08-08 00:06:35','2022-08-08 00:06:35'),(219,13,9,2,11,NULL,NULL,'2022-08-08 00:06:35','2022-08-08 00:06:35'),(220,13,9,2,12,NULL,NULL,'2022-08-08 00:06:35','2022-08-08 00:06:35'),(221,13,9,2,13,NULL,NULL,'2022-08-08 00:06:35','2022-08-08 00:06:35'),(222,13,9,2,14,NULL,NULL,'2022-08-08 00:06:35','2022-08-08 00:06:35'),(223,13,9,2,15,NULL,NULL,'2022-08-08 00:06:35','2022-08-08 00:06:35'),(224,13,9,2,16,NULL,NULL,'2022-08-08 00:06:35','2022-08-08 00:06:35'),(225,13,9,2,17,NULL,NULL,'2022-08-08 00:06:35','2022-08-08 00:06:35'),(226,13,9,2,18,NULL,NULL,'2022-08-08 00:06:35','2022-08-08 00:06:35'),(227,13,9,2,19,NULL,NULL,'2022-08-08 00:06:35','2022-08-08 00:06:35'),(228,13,9,2,20,NULL,NULL,'2022-08-08 00:06:35','2022-08-08 00:06:35'),(229,13,9,3,21,NULL,NULL,'2022-08-08 00:06:35','2022-08-08 00:06:35'),(230,13,9,3,22,NULL,NULL,'2022-08-08 00:06:35','2022-08-08 00:06:35'),(231,13,9,3,23,NULL,NULL,'2022-08-08 00:06:35','2022-08-08 00:06:35'),(232,13,9,4,24,NULL,NULL,'2022-08-08 00:06:35','2022-08-08 00:06:35'),(233,13,9,4,25,NULL,NULL,'2022-08-08 00:06:35','2022-08-08 00:06:35'),(234,13,9,4,26,NULL,NULL,'2022-08-08 00:06:35','2022-08-08 00:06:35'),(235,14,10,1,1,313,NULL,'2022-08-08 18:55:31','2022-08-08 18:55:39'),(236,14,10,1,2,319,NULL,'2022-08-08 18:55:31','2022-08-08 18:55:42'),(237,14,10,1,3,325,NULL,'2022-08-08 18:55:31','2022-08-08 18:55:44'),(238,14,10,1,4,331,NULL,'2022-08-08 18:55:31','2022-08-08 18:55:46'),(239,14,10,1,5,337,NULL,'2022-08-08 18:55:31','2022-08-08 18:55:50'),(240,14,10,2,6,343,NULL,'2022-08-08 18:55:31','2022-08-08 18:55:52'),(241,14,10,2,7,349,NULL,'2022-08-08 18:55:31','2022-08-08 18:55:56'),(242,14,10,2,8,355,NULL,'2022-08-08 18:55:31','2022-08-08 18:55:58'),(243,14,10,2,9,361,NULL,'2022-08-08 18:55:31','2022-08-08 18:56:06'),(244,14,10,2,10,367,NULL,'2022-08-08 18:55:31','2022-08-08 18:56:09'),(245,14,10,2,11,373,NULL,'2022-08-08 18:55:31','2022-08-08 18:56:13'),(246,14,10,2,12,379,NULL,'2022-08-08 18:55:31','2022-08-08 18:56:15'),(247,14,10,2,13,385,NULL,'2022-08-08 18:55:31','2022-08-08 18:56:26'),(248,14,10,2,14,391,NULL,'2022-08-08 18:55:31','2022-08-08 18:56:29'),(249,14,10,2,15,397,NULL,'2022-08-08 18:55:31','2022-08-08 18:56:31'),(250,14,10,2,16,403,NULL,'2022-08-08 18:55:31','2022-08-08 18:56:34'),(251,14,10,2,17,409,NULL,'2022-08-08 18:55:31','2022-08-08 18:56:36'),(252,14,10,2,18,415,NULL,'2022-08-08 18:55:31','2022-08-08 18:56:38'),(253,14,10,2,19,421,NULL,'2022-08-08 18:55:31','2022-08-08 18:56:41'),(254,14,10,2,20,427,NULL,'2022-08-08 18:55:31','2022-08-08 18:56:43'),(255,14,10,3,21,433,NULL,'2022-08-08 18:55:31','2022-08-08 18:56:45'),(256,14,10,3,22,439,NULL,'2022-08-08 18:55:31','2022-08-08 18:56:48'),(257,14,10,3,23,445,NULL,'2022-08-08 18:55:31','2022-08-08 18:56:50'),(258,14,10,4,24,451,NULL,'2022-08-08 18:55:31','2022-08-08 18:56:53'),(259,14,10,4,25,457,NULL,'2022-08-08 18:55:31','2022-08-08 18:56:55'),(260,14,10,4,26,463,NULL,'2022-08-08 18:55:31','2022-08-08 18:56:57'),(261,16,11,1,1,313,NULL,'2022-08-09 18:14:20','2022-08-09 18:14:26'),(262,16,11,1,2,319,NULL,'2022-08-09 18:14:20','2022-08-09 18:14:30'),(263,16,11,1,3,325,NULL,'2022-08-09 18:14:20','2022-08-09 18:14:33'),(264,16,11,1,4,331,NULL,'2022-08-09 18:14:20','2022-08-09 18:14:35'),(265,16,11,1,5,337,NULL,'2022-08-09 18:14:20','2022-08-09 18:14:37'),(266,16,11,2,6,343,NULL,'2022-08-09 18:14:20','2022-08-09 18:14:39'),(267,16,11,2,7,349,NULL,'2022-08-09 18:14:20','2022-08-09 18:14:41'),(268,16,11,2,8,355,NULL,'2022-08-09 18:14:20','2022-08-09 18:14:43'),(269,16,11,2,9,361,NULL,'2022-08-09 18:14:20','2022-08-09 18:14:45'),(270,16,11,2,10,367,NULL,'2022-08-09 18:14:20','2022-08-09 18:14:47'),(271,16,11,2,11,373,NULL,'2022-08-09 18:14:20','2022-08-09 18:14:49'),(272,16,11,2,12,379,NULL,'2022-08-09 18:14:20','2022-08-09 18:14:51'),(273,16,11,2,13,385,NULL,'2022-08-09 18:14:20','2022-08-09 18:15:00'),(274,16,11,2,14,391,NULL,'2022-08-09 18:14:20','2022-08-09 18:14:58'),(275,16,11,2,15,397,NULL,'2022-08-09 18:14:20','2022-08-09 18:15:03'),(276,16,11,2,16,403,NULL,'2022-08-09 18:14:20','2022-08-09 18:15:05'),(277,16,11,2,17,409,NULL,'2022-08-09 18:14:20','2022-08-09 18:15:08'),(278,16,11,2,18,415,NULL,'2022-08-09 18:14:20','2022-08-09 18:15:10'),(279,16,11,2,19,421,NULL,'2022-08-09 18:14:20','2022-08-09 18:15:12'),(280,16,11,2,20,427,NULL,'2022-08-09 18:14:20','2022-08-09 18:15:15'),(281,16,11,3,21,433,NULL,'2022-08-09 18:14:20','2022-08-09 18:15:17'),(282,16,11,3,22,439,NULL,'2022-08-09 18:14:20','2022-08-09 18:15:19'),(283,16,11,3,23,445,NULL,'2022-08-09 18:14:20','2022-08-09 18:15:21'),(284,16,11,4,24,451,NULL,'2022-08-09 18:14:20','2022-08-09 18:15:24'),(285,16,11,4,25,457,NULL,'2022-08-09 18:14:20','2022-08-09 18:15:26'),(286,16,11,4,26,463,NULL,'2022-08-09 18:14:20','2022-08-09 18:15:28'),(287,18,12,1,1,313,NULL,'2022-08-09 20:03:14','2022-08-09 20:03:25'),(288,18,12,1,2,319,NULL,'2022-08-09 20:03:14','2022-08-09 20:03:28'),(289,18,12,1,3,325,NULL,'2022-08-09 20:03:14','2022-08-09 20:03:30'),(290,18,12,1,4,331,NULL,'2022-08-09 20:03:14','2022-08-09 20:03:32'),(291,18,12,1,5,337,NULL,'2022-08-09 20:03:14','2022-08-09 20:03:34'),(292,18,12,2,6,343,NULL,'2022-08-09 20:03:14','2022-08-09 20:03:36'),(293,18,12,2,7,349,NULL,'2022-08-09 20:03:14','2022-08-09 20:03:38'),(294,18,12,2,8,355,NULL,'2022-08-09 20:03:14','2022-08-09 20:03:42'),(295,18,12,2,9,361,NULL,'2022-08-09 20:03:14','2022-08-09 20:03:55'),(296,18,12,2,10,367,NULL,'2022-08-09 20:03:14','2022-08-09 20:03:57'),(297,18,12,2,11,373,NULL,'2022-08-09 20:03:14','2022-08-09 20:04:00'),(298,18,12,2,12,379,NULL,'2022-08-09 20:03:14','2022-08-09 20:04:02'),(299,18,12,2,13,385,NULL,'2022-08-09 20:03:14','2022-08-09 20:04:04'),(300,18,12,2,14,391,NULL,'2022-08-09 20:03:14','2022-08-09 20:04:06'),(301,18,12,2,15,397,NULL,'2022-08-09 20:03:14','2022-08-09 20:04:08'),(302,18,12,2,16,403,NULL,'2022-08-09 20:03:14','2022-08-09 20:04:09'),(303,18,12,2,17,409,NULL,'2022-08-09 20:03:14','2022-08-09 20:04:12'),(304,18,12,2,18,415,NULL,'2022-08-09 20:03:14','2022-08-09 20:04:14'),(305,18,12,2,19,421,NULL,'2022-08-09 20:03:14','2022-08-09 20:04:16'),(306,18,12,2,20,427,NULL,'2022-08-09 20:03:14','2022-08-09 20:04:18'),(307,18,12,3,21,433,NULL,'2022-08-09 20:03:14','2022-08-09 20:04:20'),(308,18,12,3,22,439,NULL,'2022-08-09 20:03:14','2022-08-09 20:04:22'),(309,18,12,3,23,445,NULL,'2022-08-09 20:03:14','2022-08-09 20:04:31'),(310,18,12,4,24,451,NULL,'2022-08-09 20:03:14','2022-08-09 20:04:33'),(311,18,12,4,25,457,NULL,'2022-08-09 20:03:14','2022-08-09 20:04:35'),(312,18,12,4,26,463,NULL,'2022-08-09 20:03:14','2022-08-09 20:04:37'),(313,18,13,1,1,NULL,NULL,'2022-08-09 20:05:35','2022-08-09 20:05:35'),(314,18,13,1,2,NULL,NULL,'2022-08-09 20:05:35','2022-08-09 20:05:35'),(315,18,13,1,3,NULL,NULL,'2022-08-09 20:05:35','2022-08-09 20:05:35'),(316,18,13,1,4,NULL,NULL,'2022-08-09 20:05:35','2022-08-09 20:05:35'),(317,18,13,1,5,NULL,NULL,'2022-08-09 20:05:35','2022-08-09 20:05:35'),(318,18,13,2,6,NULL,NULL,'2022-08-09 20:05:35','2022-08-09 20:05:35'),(319,18,13,2,7,NULL,NULL,'2022-08-09 20:05:35','2022-08-09 20:05:35'),(320,18,13,2,8,NULL,NULL,'2022-08-09 20:05:35','2022-08-09 20:05:35'),(321,18,13,2,9,NULL,NULL,'2022-08-09 20:05:35','2022-08-09 20:05:35'),(322,18,13,2,10,NULL,NULL,'2022-08-09 20:05:35','2022-08-09 20:05:35'),(323,18,13,2,11,NULL,NULL,'2022-08-09 20:05:35','2022-08-09 20:05:35'),(324,18,13,2,12,NULL,NULL,'2022-08-09 20:05:35','2022-08-09 20:05:35'),(325,18,13,2,13,NULL,NULL,'2022-08-09 20:05:35','2022-08-09 20:05:35'),(326,18,13,2,14,NULL,NULL,'2022-08-09 20:05:35','2022-08-09 20:05:35'),(327,18,13,2,15,NULL,NULL,'2022-08-09 20:05:35','2022-08-09 20:05:35'),(328,18,13,2,16,NULL,NULL,'2022-08-09 20:05:35','2022-08-09 20:05:35'),(329,18,13,2,17,NULL,NULL,'2022-08-09 20:05:35','2022-08-09 20:05:35'),(330,18,13,2,18,NULL,NULL,'2022-08-09 20:05:35','2022-08-09 20:05:35'),(331,18,13,2,19,NULL,NULL,'2022-08-09 20:05:35','2022-08-09 20:05:35'),(332,18,13,2,20,NULL,NULL,'2022-08-09 20:05:35','2022-08-09 20:05:35'),(333,18,13,3,21,NULL,NULL,'2022-08-09 20:05:35','2022-08-09 20:05:35'),(334,18,13,3,22,NULL,NULL,'2022-08-09 20:05:35','2022-08-09 20:05:35'),(335,18,13,3,23,NULL,NULL,'2022-08-09 20:05:35','2022-08-09 20:05:35'),(336,18,13,4,24,NULL,NULL,'2022-08-09 20:05:35','2022-08-09 20:05:35'),(337,18,13,4,25,NULL,NULL,'2022-08-09 20:05:35','2022-08-09 20:05:35'),(338,18,13,4,26,NULL,NULL,'2022-08-09 20:05:35','2022-08-09 20:05:35'),(339,19,14,1,1,314,NULL,'2022-08-09 20:15:35','2022-08-09 20:15:46'),(340,19,14,1,2,320,NULL,'2022-08-09 20:15:35','2022-08-09 20:15:49'),(341,19,14,1,3,326,NULL,'2022-08-09 20:15:35','2022-08-09 20:15:51'),(342,19,14,1,4,332,NULL,'2022-08-09 20:15:35','2022-08-09 20:15:53'),(343,19,14,1,5,338,NULL,'2022-08-09 20:15:35','2022-08-09 20:16:00'),(344,19,14,2,6,344,NULL,'2022-08-09 20:15:35','2022-08-09 20:16:03'),(345,19,14,2,7,350,NULL,'2022-08-09 20:15:35','2022-08-09 20:16:05'),(346,19,14,2,8,357,NULL,'2022-08-09 20:15:35','2022-08-09 20:16:06'),(347,19,14,2,9,364,NULL,'2022-08-09 20:15:35','2022-08-09 20:16:11'),(348,19,14,2,10,368,NULL,'2022-08-09 20:15:35','2022-08-09 20:16:15'),(349,19,14,2,11,376,NULL,'2022-08-09 20:15:35','2022-08-09 20:16:19'),(350,19,14,2,12,381,NULL,'2022-08-09 20:15:35','2022-08-09 20:16:26'),(351,19,14,2,13,387,NULL,'2022-08-09 20:15:35','2022-08-09 20:16:29'),(352,19,14,2,14,393,NULL,'2022-08-09 20:15:35','2022-08-09 20:16:32'),(353,19,14,2,15,400,NULL,'2022-08-09 20:15:35','2022-08-09 20:16:35'),(354,19,14,2,16,404,NULL,'2022-08-09 20:15:35','2022-08-09 20:16:37'),(355,19,14,2,17,412,NULL,'2022-08-09 20:15:35','2022-08-09 20:16:39'),(356,19,14,2,18,418,NULL,'2022-08-09 20:15:35','2022-08-09 20:16:42'),(357,19,14,2,19,423,NULL,'2022-08-09 20:15:35','2022-08-09 20:16:44'),(358,19,14,2,20,429,NULL,'2022-08-09 20:15:35','2022-08-09 20:16:46'),(359,19,14,3,21,435,NULL,'2022-08-09 20:15:35','2022-08-09 20:16:49'),(360,19,14,3,22,441,NULL,'2022-08-09 20:15:35','2022-08-09 20:16:51'),(361,19,14,3,23,447,NULL,'2022-08-09 20:15:35','2022-08-09 20:16:53'),(362,19,14,4,24,453,NULL,'2022-08-09 20:15:35','2022-08-09 20:16:55'),(363,19,14,4,25,459,NULL,'2022-08-09 20:15:35','2022-08-09 20:16:56'),(364,19,14,4,26,465,NULL,'2022-08-09 20:15:35','2022-08-09 20:16:59'),(365,20,15,1,1,313,NULL,'2022-08-10 19:18:46','2022-08-10 19:18:52'),(366,20,15,1,2,319,NULL,'2022-08-10 19:18:46','2022-08-10 19:18:55'),(367,20,15,1,3,325,NULL,'2022-08-10 19:18:46','2022-08-10 19:18:57'),(368,20,15,1,4,331,NULL,'2022-08-10 19:18:46','2022-08-10 19:19:00'),(369,20,15,1,5,337,NULL,'2022-08-10 19:18:46','2022-08-10 19:19:02'),(370,20,15,2,6,343,NULL,'2022-08-10 19:18:46','2022-08-10 19:19:05'),(371,20,15,2,7,349,NULL,'2022-08-10 19:18:46','2022-08-10 19:19:07'),(372,20,15,2,8,355,NULL,'2022-08-10 19:18:46','2022-08-10 19:19:10'),(373,20,15,2,9,361,NULL,'2022-08-10 19:18:46','2022-08-10 19:19:13'),(374,20,15,2,10,367,NULL,'2022-08-10 19:18:46','2022-08-10 19:19:15'),(375,20,15,2,11,373,NULL,'2022-08-10 19:18:46','2022-08-10 19:19:18'),(376,20,15,2,12,379,NULL,'2022-08-10 19:18:46','2022-08-10 19:19:20'),(377,20,15,2,13,385,NULL,'2022-08-10 19:18:46','2022-08-10 19:19:23'),(378,20,15,2,14,391,NULL,'2022-08-10 19:18:46','2022-08-10 19:19:25'),(379,20,15,2,15,397,NULL,'2022-08-10 19:18:46','2022-08-10 19:19:28'),(380,20,15,2,16,403,NULL,'2022-08-10 19:18:46','2022-08-10 19:19:31'),(381,20,15,2,17,409,NULL,'2022-08-10 19:18:46','2022-08-10 19:19:34'),(382,20,15,2,18,415,NULL,'2022-08-10 19:18:46','2022-08-10 19:19:37'),(383,20,15,2,19,421,NULL,'2022-08-10 19:18:46','2022-08-10 19:19:42'),(384,20,15,2,20,427,NULL,'2022-08-10 19:18:46','2022-08-10 19:19:45'),(385,20,15,3,21,433,NULL,'2022-08-10 19:18:46','2022-08-10 19:19:47'),(386,20,15,3,22,439,NULL,'2022-08-10 19:18:46','2022-08-10 19:19:50'),(387,20,15,3,23,445,NULL,'2022-08-10 19:18:46','2022-08-10 19:19:52'),(388,20,15,4,24,451,NULL,'2022-08-10 19:18:46','2022-08-10 19:19:55'),(389,20,15,4,25,457,NULL,'2022-08-10 19:18:46','2022-08-10 19:19:57'),(390,20,15,4,26,463,NULL,'2022-08-10 19:18:46','2022-08-10 19:20:00'),(391,21,16,1,1,313,NULL,'2022-08-10 21:38:09','2022-08-10 21:38:14'),(392,21,16,1,2,319,NULL,'2022-08-10 21:38:09','2022-08-10 21:38:17'),(393,21,16,1,3,325,NULL,'2022-08-10 21:38:09','2022-08-10 21:38:19'),(394,21,16,1,4,331,NULL,'2022-08-10 21:38:09','2022-08-10 21:38:27'),(395,21,16,1,5,337,NULL,'2022-08-10 21:38:09','2022-08-10 21:38:30'),(396,21,16,2,6,343,NULL,'2022-08-10 21:38:09','2022-08-10 21:38:33'),(397,21,16,2,7,349,NULL,'2022-08-10 21:38:09','2022-08-10 21:38:35'),(398,21,16,2,8,355,NULL,'2022-08-10 21:38:09','2022-08-10 21:38:37'),(399,21,16,2,9,361,NULL,'2022-08-10 21:38:09','2022-08-10 21:38:40'),(400,21,16,2,10,367,NULL,'2022-08-10 21:38:09','2022-08-10 21:38:42'),(401,21,16,2,11,373,NULL,'2022-08-10 21:38:09','2022-08-10 21:38:44'),(402,21,16,2,12,379,NULL,'2022-08-10 21:38:09','2022-08-10 21:38:50'),(403,21,16,2,13,385,NULL,'2022-08-10 21:38:09','2022-08-10 21:38:54'),(404,21,16,2,14,391,NULL,'2022-08-10 21:38:09','2022-08-10 21:38:56'),(405,21,16,2,15,397,NULL,'2022-08-10 21:38:09','2022-08-10 21:38:59'),(406,21,16,2,16,403,NULL,'2022-08-10 21:38:09','2022-08-10 21:39:01'),(407,21,16,2,17,409,NULL,'2022-08-10 21:38:09','2022-08-10 21:39:03'),(408,21,16,2,18,415,NULL,'2022-08-10 21:38:09','2022-08-10 21:39:05'),(409,21,16,2,19,421,NULL,'2022-08-10 21:38:09','2022-08-10 21:39:07'),(410,21,16,2,20,427,NULL,'2022-08-10 21:38:09','2022-08-10 21:39:09'),(411,21,16,3,21,433,NULL,'2022-08-10 21:38:09','2022-08-10 21:39:11'),(412,21,16,3,22,439,NULL,'2022-08-10 21:38:09','2022-08-10 21:39:13'),(413,21,16,3,23,445,NULL,'2022-08-10 21:38:09','2022-08-10 21:39:24'),(414,21,16,4,24,451,NULL,'2022-08-10 21:38:09','2022-08-10 21:39:28'),(415,21,16,4,25,457,NULL,'2022-08-10 21:38:09','2022-08-10 21:39:30'),(416,21,16,4,26,463,NULL,'2022-08-10 21:38:09','2022-08-10 21:39:34'),(417,22,17,1,1,313,NULL,'2022-08-10 23:04:25','2022-08-10 23:04:31'),(418,22,17,1,2,319,NULL,'2022-08-10 23:04:25','2022-08-10 23:04:33'),(419,22,17,1,3,325,NULL,'2022-08-10 23:04:25','2022-08-10 23:04:35'),(420,22,17,1,4,331,NULL,'2022-08-10 23:04:25','2022-08-10 23:04:37'),(421,22,17,1,5,337,NULL,'2022-08-10 23:04:25','2022-08-10 23:04:40'),(422,22,17,2,6,343,NULL,'2022-08-10 23:04:25','2022-08-10 23:04:42'),(423,22,17,2,7,349,NULL,'2022-08-10 23:04:25','2022-08-10 23:04:44'),(424,22,17,2,8,355,NULL,'2022-08-10 23:04:25','2022-08-10 23:04:47'),(425,22,17,2,9,361,NULL,'2022-08-10 23:04:25','2022-08-10 23:04:49'),(426,22,17,2,10,367,NULL,'2022-08-10 23:04:25','2022-08-10 23:04:51'),(427,22,17,2,11,373,NULL,'2022-08-10 23:04:25','2022-08-10 23:04:53'),(428,22,17,2,12,379,NULL,'2022-08-10 23:04:25','2022-08-10 23:04:56'),(429,22,17,2,13,385,NULL,'2022-08-10 23:04:25','2022-08-10 23:04:59'),(430,22,17,2,14,391,NULL,'2022-08-10 23:04:25','2022-08-10 23:05:02'),(431,22,17,2,15,397,NULL,'2022-08-10 23:04:25','2022-08-10 23:05:06'),(432,22,17,2,16,403,NULL,'2022-08-10 23:04:25','2022-08-10 23:05:09'),(433,22,17,2,17,409,NULL,'2022-08-10 23:04:25','2022-08-10 23:05:12'),(434,22,17,2,18,415,NULL,'2022-08-10 23:04:25','2022-08-10 23:05:39'),(435,22,17,2,19,421,NULL,'2022-08-10 23:04:25','2022-08-10 23:05:41'),(436,22,17,2,20,427,NULL,'2022-08-10 23:04:25','2022-08-10 23:05:44'),(437,22,17,3,21,433,NULL,'2022-08-10 23:04:25','2022-08-10 23:05:46'),(438,22,17,3,22,439,NULL,'2022-08-10 23:04:25','2022-08-10 23:05:48'),(439,22,17,3,23,445,NULL,'2022-08-10 23:04:25','2022-08-10 23:05:51'),(440,22,17,4,24,451,NULL,'2022-08-10 23:04:25','2022-08-10 23:06:01'),(441,22,17,4,25,457,NULL,'2022-08-10 23:04:25','2022-08-10 23:06:04'),(442,22,17,4,26,463,NULL,'2022-08-10 23:04:25','2022-08-10 23:06:07'),(443,23,18,1,1,313,NULL,'2022-08-11 01:46:47','2022-08-11 01:46:57'),(444,23,18,1,2,319,NULL,'2022-08-11 01:46:47','2022-08-11 01:47:01'),(445,23,18,1,3,325,NULL,'2022-08-11 01:46:47','2022-08-11 01:47:03'),(446,23,18,1,4,331,NULL,'2022-08-11 01:46:47','2022-08-11 01:47:04'),(447,23,18,1,5,337,NULL,'2022-08-11 01:46:47','2022-08-11 01:47:06'),(448,23,18,2,6,343,NULL,'2022-08-11 01:46:47','2022-08-11 01:47:08'),(449,23,18,2,7,349,NULL,'2022-08-11 01:46:47','2022-08-11 01:47:09'),(450,23,18,2,8,355,NULL,'2022-08-11 01:46:47','2022-08-11 01:47:11'),(451,23,18,2,9,361,NULL,'2022-08-11 01:46:47','2022-08-11 01:47:12'),(452,23,18,2,10,367,NULL,'2022-08-11 01:46:47','2022-08-11 01:47:14'),(453,23,18,2,11,373,NULL,'2022-08-11 01:46:47','2022-08-11 01:47:16'),(454,23,18,2,12,379,NULL,'2022-08-11 01:46:47','2022-08-11 01:47:17'),(455,23,18,2,13,385,NULL,'2022-08-11 01:46:47','2022-08-11 01:47:20'),(456,23,18,2,14,391,NULL,'2022-08-11 01:46:47','2022-08-11 01:47:22'),(457,23,18,2,15,397,NULL,'2022-08-11 01:46:47','2022-08-11 01:47:23'),(458,23,18,2,16,403,NULL,'2022-08-11 01:46:47','2022-08-11 01:47:25'),(459,23,18,2,17,409,NULL,'2022-08-11 01:46:47','2022-08-11 01:47:28'),(460,23,18,2,18,415,NULL,'2022-08-11 01:46:47','2022-08-11 01:47:30'),(461,23,18,2,19,421,NULL,'2022-08-11 01:46:47','2022-08-11 01:47:32'),(462,23,18,2,20,427,NULL,'2022-08-11 01:46:47','2022-08-11 01:47:33'),(463,23,18,3,21,433,NULL,'2022-08-11 01:46:47','2022-08-11 01:47:36'),(464,23,18,3,22,439,NULL,'2022-08-11 01:46:47','2022-08-11 01:47:44'),(465,23,18,3,23,445,NULL,'2022-08-11 01:46:47','2022-08-11 01:47:42'),(466,23,18,4,24,451,NULL,'2022-08-11 01:46:47','2022-08-11 01:47:46'),(467,23,18,4,25,457,NULL,'2022-08-11 01:46:47','2022-08-11 01:47:48'),(468,23,18,4,26,463,NULL,'2022-08-11 01:46:47','2022-08-11 01:47:50'),(469,24,19,1,1,NULL,NULL,'2022-08-11 07:29:16','2022-08-11 07:29:16'),(470,24,19,1,2,NULL,NULL,'2022-08-11 07:29:16','2022-08-11 07:29:16'),(471,24,19,1,3,NULL,NULL,'2022-08-11 07:29:16','2022-08-11 07:29:16'),(472,24,19,1,4,NULL,NULL,'2022-08-11 07:29:16','2022-08-11 07:29:16'),(473,24,19,1,5,NULL,NULL,'2022-08-11 07:29:16','2022-08-11 07:29:16'),(474,24,19,2,6,NULL,NULL,'2022-08-11 07:29:16','2022-08-11 07:29:16'),(475,24,19,2,7,NULL,NULL,'2022-08-11 07:29:16','2022-08-11 07:29:16'),(476,24,19,2,8,NULL,NULL,'2022-08-11 07:29:16','2022-08-11 07:29:16'),(477,24,19,2,9,NULL,NULL,'2022-08-11 07:29:16','2022-08-11 07:29:16'),(478,24,19,2,10,NULL,NULL,'2022-08-11 07:29:16','2022-08-11 07:29:16'),(479,24,19,2,11,NULL,NULL,'2022-08-11 07:29:16','2022-08-11 07:29:16'),(480,24,19,2,12,NULL,NULL,'2022-08-11 07:29:16','2022-08-11 07:29:16'),(481,24,19,2,13,NULL,NULL,'2022-08-11 07:29:16','2022-08-11 07:29:16'),(482,24,19,2,14,NULL,NULL,'2022-08-11 07:29:16','2022-08-11 07:29:16'),(483,24,19,2,15,NULL,NULL,'2022-08-11 07:29:16','2022-08-11 07:29:16'),(484,24,19,2,16,NULL,NULL,'2022-08-11 07:29:16','2022-08-11 07:29:16'),(485,24,19,2,17,NULL,NULL,'2022-08-11 07:29:16','2022-08-11 07:29:16'),(486,24,19,2,18,NULL,NULL,'2022-08-11 07:29:16','2022-08-11 07:29:16'),(487,24,19,2,19,NULL,NULL,'2022-08-11 07:29:16','2022-08-11 07:29:16'),(488,24,19,2,20,NULL,NULL,'2022-08-11 07:29:16','2022-08-11 07:29:16'),(489,24,19,3,21,NULL,NULL,'2022-08-11 07:29:16','2022-08-11 07:29:16'),(490,24,19,3,22,NULL,NULL,'2022-08-11 07:29:16','2022-08-11 07:29:16'),(491,24,19,3,23,NULL,NULL,'2022-08-11 07:29:16','2022-08-11 07:29:16'),(492,24,19,4,24,NULL,NULL,'2022-08-11 07:29:16','2022-08-11 07:29:16'),(493,24,19,4,25,NULL,NULL,'2022-08-11 07:29:16','2022-08-11 07:29:16'),(494,24,19,4,26,NULL,NULL,'2022-08-11 07:29:16','2022-08-11 07:29:16'),(495,25,20,1,1,313,NULL,'2022-08-11 19:14:53','2022-08-11 19:15:06'),(496,25,20,1,2,319,NULL,'2022-08-11 19:14:53','2022-08-11 19:15:09'),(497,25,20,1,3,325,NULL,'2022-08-11 19:14:53','2022-08-11 19:15:11'),(498,25,20,1,4,331,NULL,'2022-08-11 19:14:53','2022-08-11 19:15:14'),(499,25,20,1,5,337,NULL,'2022-08-11 19:14:53','2022-08-11 19:15:17'),(500,25,20,2,6,343,NULL,'2022-08-11 19:14:53','2022-08-11 19:15:19'),(501,25,20,2,7,349,NULL,'2022-08-11 19:14:53','2022-08-11 19:15:22'),(502,25,20,2,8,355,NULL,'2022-08-11 19:14:53','2022-08-11 19:15:24'),(503,25,20,2,9,361,NULL,'2022-08-11 19:14:53','2022-08-11 19:15:27'),(504,25,20,2,10,367,NULL,'2022-08-11 19:14:53','2022-08-11 19:15:30'),(505,25,20,2,11,373,NULL,'2022-08-11 19:14:53','2022-08-11 19:15:32'),(506,25,20,2,12,379,NULL,'2022-08-11 19:14:53','2022-08-11 19:15:35'),(507,25,20,2,13,385,NULL,'2022-08-11 19:14:53','2022-08-11 19:15:38'),(508,25,20,2,14,391,NULL,'2022-08-11 19:14:53','2022-08-11 19:15:40'),(509,25,20,2,15,397,NULL,'2022-08-11 19:14:53','2022-08-11 19:15:45'),(510,25,20,2,16,403,NULL,'2022-08-11 19:14:53','2022-08-11 19:15:48'),(511,25,20,2,17,409,NULL,'2022-08-11 19:14:53','2022-08-11 19:15:51'),(512,25,20,2,18,415,NULL,'2022-08-11 19:14:53','2022-08-11 19:15:53'),(513,25,20,2,19,421,NULL,'2022-08-11 19:14:53','2022-08-11 19:15:56'),(514,25,20,2,20,427,NULL,'2022-08-11 19:14:53','2022-08-11 19:15:59'),(515,25,20,3,21,433,NULL,'2022-08-11 19:14:53','2022-08-11 19:16:01'),(516,25,20,3,22,439,NULL,'2022-08-11 19:14:53','2022-08-11 19:16:03'),(517,25,20,3,23,445,NULL,'2022-08-11 19:14:53','2022-08-11 19:16:06'),(518,25,20,4,24,451,NULL,'2022-08-11 19:14:53','2022-08-11 19:16:09'),(519,25,20,4,25,457,NULL,'2022-08-11 19:14:53','2022-08-11 19:16:11'),(520,25,20,4,26,463,NULL,'2022-08-11 19:14:53','2022-08-11 19:16:14'),(521,26,21,1,1,313,NULL,'2022-08-11 21:49:27','2022-08-11 22:08:28'),(522,26,21,1,2,319,NULL,'2022-08-11 21:49:27','2022-08-11 22:08:30'),(523,26,21,1,3,325,NULL,'2022-08-11 21:49:27','2022-08-11 22:08:32'),(524,26,21,1,4,331,NULL,'2022-08-11 21:49:27','2022-08-11 22:08:34'),(525,26,21,1,5,337,NULL,'2022-08-11 21:49:27','2022-08-11 22:08:38'),(526,26,21,2,6,343,NULL,'2022-08-11 21:49:27','2022-08-11 22:08:41'),(527,26,21,2,7,349,NULL,'2022-08-11 21:49:27','2022-08-11 22:08:43'),(528,26,21,2,8,355,NULL,'2022-08-11 21:49:27','2022-08-11 22:08:45'),(529,26,21,2,9,361,NULL,'2022-08-11 21:49:27','2022-08-11 22:09:12'),(530,26,21,2,10,367,NULL,'2022-08-11 21:49:27','2022-08-11 22:09:23'),(531,26,21,2,11,373,NULL,'2022-08-11 21:49:27','2022-08-11 22:09:27'),(532,26,21,2,12,379,NULL,'2022-08-11 21:49:27','2022-08-11 22:09:30'),(533,26,21,2,13,385,NULL,'2022-08-11 21:49:27','2022-08-11 22:09:32'),(534,26,21,2,14,391,NULL,'2022-08-11 21:49:27','2022-08-11 22:09:35'),(535,26,21,2,15,397,NULL,'2022-08-11 21:49:27','2022-08-11 22:09:37'),(536,26,21,2,16,403,NULL,'2022-08-11 21:49:27','2022-08-11 22:09:39'),(537,26,21,2,17,409,NULL,'2022-08-11 21:49:27','2022-08-11 22:09:42'),(538,26,21,2,18,415,NULL,'2022-08-11 21:49:27','2022-08-11 22:09:44'),(539,26,21,2,19,421,NULL,'2022-08-11 21:49:27','2022-08-11 22:09:46'),(540,26,21,2,20,427,NULL,'2022-08-11 21:49:27','2022-08-11 22:09:49'),(541,26,21,3,21,433,NULL,'2022-08-11 21:49:27','2022-08-11 22:09:51'),(542,26,21,3,22,439,NULL,'2022-08-11 21:49:27','2022-08-11 22:09:55'),(543,26,21,3,23,445,NULL,'2022-08-11 21:49:27','2022-08-11 22:09:58'),(544,26,21,4,24,451,NULL,'2022-08-11 21:49:27','2022-08-11 22:10:00'),(545,26,21,4,25,457,NULL,'2022-08-11 21:49:27','2022-08-11 22:10:17'),(546,26,21,4,26,463,NULL,'2022-08-11 21:49:27','2022-08-11 22:10:19'),(547,27,22,1,1,NULL,NULL,'2022-08-11 22:14:00','2022-08-11 22:14:00'),(548,27,22,1,2,NULL,NULL,'2022-08-11 22:14:00','2022-08-11 22:14:00'),(549,27,22,1,3,NULL,NULL,'2022-08-11 22:14:00','2022-08-11 22:14:00'),(550,27,22,1,4,NULL,NULL,'2022-08-11 22:14:00','2022-08-11 22:14:00'),(551,27,22,1,5,NULL,NULL,'2022-08-11 22:14:00','2022-08-11 22:14:00'),(552,27,22,2,6,NULL,NULL,'2022-08-11 22:14:00','2022-08-11 22:14:00'),(553,27,22,2,7,NULL,NULL,'2022-08-11 22:14:00','2022-08-11 22:14:00'),(554,27,22,2,8,NULL,NULL,'2022-08-11 22:14:00','2022-08-11 22:14:00'),(555,27,22,2,9,NULL,NULL,'2022-08-11 22:14:00','2022-08-11 22:14:00'),(556,27,22,2,10,NULL,NULL,'2022-08-11 22:14:00','2022-08-11 22:14:00'),(557,27,22,2,11,NULL,NULL,'2022-08-11 22:14:00','2022-08-11 22:14:00'),(558,27,22,2,12,NULL,NULL,'2022-08-11 22:14:00','2022-08-11 22:14:00'),(559,27,22,2,13,NULL,NULL,'2022-08-11 22:14:00','2022-08-11 22:14:00'),(560,27,22,2,14,NULL,NULL,'2022-08-11 22:14:00','2022-08-11 22:14:00'),(561,27,22,2,15,NULL,NULL,'2022-08-11 22:14:00','2022-08-11 22:14:00'),(562,27,22,2,16,NULL,NULL,'2022-08-11 22:14:00','2022-08-11 22:14:00'),(563,27,22,2,17,NULL,NULL,'2022-08-11 22:14:00','2022-08-11 22:14:00'),(564,27,22,2,18,NULL,NULL,'2022-08-11 22:14:00','2022-08-11 22:14:00'),(565,27,22,2,19,NULL,NULL,'2022-08-11 22:14:00','2022-08-11 22:14:00'),(566,27,22,2,20,NULL,NULL,'2022-08-11 22:14:00','2022-08-11 22:14:00'),(567,27,22,3,21,NULL,NULL,'2022-08-11 22:14:00','2022-08-11 22:14:00'),(568,27,22,3,22,NULL,NULL,'2022-08-11 22:14:00','2022-08-11 22:14:00'),(569,27,22,3,23,NULL,NULL,'2022-08-11 22:14:00','2022-08-11 22:14:00'),(570,27,22,4,24,NULL,NULL,'2022-08-11 22:14:00','2022-08-11 22:14:00'),(571,27,22,4,25,NULL,NULL,'2022-08-11 22:14:00','2022-08-11 22:14:00'),(572,27,22,4,26,NULL,NULL,'2022-08-11 22:14:00','2022-08-11 22:14:00'),(573,28,23,1,1,313,NULL,'2022-08-12 21:19:49','2022-08-12 21:19:56'),(574,28,23,1,2,319,NULL,'2022-08-12 21:19:49','2022-08-12 21:19:58'),(575,28,23,1,3,325,NULL,'2022-08-12 21:19:49','2022-08-12 21:20:01'),(576,28,23,1,4,331,NULL,'2022-08-12 21:19:49','2022-08-12 21:20:04'),(577,28,23,1,5,337,NULL,'2022-08-12 21:19:49','2022-08-12 21:20:06'),(578,28,23,2,6,343,NULL,'2022-08-12 21:19:49','2022-08-12 21:20:09'),(579,28,23,2,7,349,NULL,'2022-08-12 21:19:49','2022-08-12 21:20:11'),(580,28,23,2,8,355,NULL,'2022-08-12 21:19:49','2022-08-12 21:20:14'),(581,28,23,2,9,361,NULL,'2022-08-12 21:19:49','2022-08-12 21:20:16'),(582,28,23,2,10,367,NULL,'2022-08-12 21:19:49','2022-08-12 21:20:19'),(583,28,23,2,11,373,NULL,'2022-08-12 21:19:49','2022-08-12 21:20:22'),(584,28,23,2,12,379,NULL,'2022-08-12 21:19:49','2022-08-12 21:20:25'),(585,28,23,2,13,385,NULL,'2022-08-12 21:19:49','2022-08-12 21:20:27'),(586,28,23,2,14,391,NULL,'2022-08-12 21:19:49','2022-08-12 21:20:38'),(587,28,23,2,15,397,NULL,'2022-08-12 21:19:49','2022-08-12 21:20:41'),(588,28,23,2,16,403,NULL,'2022-08-12 21:19:49','2022-08-12 21:20:44'),(589,28,23,2,17,409,NULL,'2022-08-12 21:19:49','2022-08-12 21:20:47'),(590,28,23,2,18,415,NULL,'2022-08-12 21:19:49','2022-08-12 21:20:50'),(591,28,23,2,19,421,NULL,'2022-08-12 21:19:49','2022-08-12 21:20:52'),(592,28,23,2,20,427,NULL,'2022-08-12 21:19:49','2022-08-12 21:20:55'),(593,28,23,3,21,433,NULL,'2022-08-12 21:19:49','2022-08-12 21:20:57'),(594,28,23,3,22,439,NULL,'2022-08-12 21:19:49','2022-08-12 21:21:00'),(595,28,23,3,23,445,NULL,'2022-08-12 21:19:49','2022-08-12 21:21:02'),(596,28,23,4,24,451,NULL,'2022-08-12 21:19:49','2022-08-12 21:21:05'),(597,28,23,4,25,457,NULL,'2022-08-12 21:19:49','2022-08-12 21:21:07'),(598,28,23,4,26,463,NULL,'2022-08-12 21:19:49','2022-08-12 21:21:10'),(599,29,24,1,1,313,NULL,'2022-08-12 21:54:01','2022-08-12 21:54:07'),(600,29,24,1,2,319,NULL,'2022-08-12 21:54:01','2022-08-12 21:54:10'),(601,29,24,1,3,325,NULL,'2022-08-12 21:54:01','2022-08-12 21:54:12'),(602,29,24,1,4,331,NULL,'2022-08-12 21:54:01','2022-08-12 21:54:15'),(603,29,24,1,5,337,NULL,'2022-08-12 21:54:01','2022-08-12 21:54:17'),(604,29,24,2,6,343,NULL,'2022-08-12 21:54:01','2022-08-12 21:54:20'),(605,29,24,2,7,349,NULL,'2022-08-12 21:54:01','2022-08-12 21:54:22'),(606,29,24,2,8,355,NULL,'2022-08-12 21:54:01','2022-08-12 21:54:25'),(607,29,24,2,9,361,NULL,'2022-08-12 21:54:01','2022-08-12 21:54:27'),(608,29,24,2,10,367,NULL,'2022-08-12 21:54:01','2022-08-12 21:54:29'),(609,29,24,2,11,373,NULL,'2022-08-12 21:54:01','2022-08-12 21:54:32'),(610,29,24,2,12,379,NULL,'2022-08-12 21:54:01','2022-08-12 21:54:35'),(611,29,24,2,13,385,NULL,'2022-08-12 21:54:01','2022-08-12 21:54:49'),(612,29,24,2,14,391,NULL,'2022-08-12 21:54:01','2022-08-12 21:54:52'),(613,29,24,2,15,397,NULL,'2022-08-12 21:54:01','2022-08-12 21:54:55'),(614,29,24,2,16,403,NULL,'2022-08-12 21:54:01','2022-08-12 21:54:57'),(615,29,24,2,17,409,NULL,'2022-08-12 21:54:01','2022-08-12 21:54:59'),(616,29,24,2,18,415,NULL,'2022-08-12 21:54:01','2022-08-12 21:55:05'),(617,29,24,2,19,421,NULL,'2022-08-12 21:54:01','2022-08-12 21:55:08'),(618,29,24,2,20,427,NULL,'2022-08-12 21:54:01','2022-08-12 21:55:10'),(619,29,24,3,21,433,NULL,'2022-08-12 21:54:01','2022-08-12 21:55:13'),(620,29,24,3,22,439,NULL,'2022-08-12 21:54:01','2022-08-12 21:55:15'),(621,29,24,3,23,445,NULL,'2022-08-12 21:54:01','2022-08-12 21:55:18'),(622,29,24,4,24,451,NULL,'2022-08-12 21:54:01','2022-08-12 21:55:20'),(623,29,24,4,25,457,NULL,'2022-08-12 21:54:01','2022-08-12 21:55:23'),(624,29,24,4,26,463,NULL,'2022-08-12 21:54:01','2022-08-12 21:55:26'),(625,31,25,1,1,313,NULL,'2022-08-14 20:25:46','2022-08-14 20:25:51'),(626,31,25,1,2,319,NULL,'2022-08-14 20:25:46','2022-08-14 20:25:54'),(627,31,25,1,3,325,NULL,'2022-08-14 20:25:46','2022-08-14 20:25:56'),(628,31,25,1,4,331,NULL,'2022-08-14 20:25:46','2022-08-14 20:25:59'),(629,31,25,1,5,337,NULL,'2022-08-14 20:25:46','2022-08-14 20:26:01'),(630,31,25,2,6,343,NULL,'2022-08-14 20:25:46','2022-08-14 20:26:03'),(631,31,25,2,7,349,NULL,'2022-08-14 20:25:46','2022-08-14 20:26:06'),(632,31,25,2,8,355,NULL,'2022-08-14 20:25:46','2022-08-14 20:26:08'),(633,31,25,2,9,361,NULL,'2022-08-14 20:25:46','2022-08-14 20:26:10'),(634,31,25,2,10,367,NULL,'2022-08-14 20:25:46','2022-08-14 20:26:13'),(635,31,25,2,11,373,NULL,'2022-08-14 20:25:46','2022-08-14 20:26:16'),(636,31,25,2,12,379,NULL,'2022-08-14 20:25:46','2022-08-14 20:26:18'),(637,31,25,2,13,385,NULL,'2022-08-14 20:25:46','2022-08-14 20:26:21'),(638,31,25,2,14,391,NULL,'2022-08-14 20:25:46','2022-08-14 20:26:23'),(639,31,25,2,15,397,NULL,'2022-08-14 20:25:46','2022-08-14 20:26:26'),(640,31,25,2,16,403,NULL,'2022-08-14 20:25:46','2022-08-14 20:26:28'),(641,31,25,2,17,409,NULL,'2022-08-14 20:25:46','2022-08-14 20:26:31'),(642,31,25,2,18,415,NULL,'2022-08-14 20:25:46','2022-08-14 20:26:33'),(643,31,25,2,19,421,NULL,'2022-08-14 20:25:46','2022-08-14 20:26:36'),(644,31,25,2,20,427,NULL,'2022-08-14 20:25:46','2022-08-14 20:26:38'),(645,31,25,3,21,433,NULL,'2022-08-14 20:25:46','2022-08-14 20:26:41'),(646,31,25,3,22,439,NULL,'2022-08-14 20:25:46','2022-08-14 20:26:43'),(647,31,25,3,23,445,NULL,'2022-08-14 20:25:46','2022-08-14 20:26:46'),(648,31,25,4,24,451,NULL,'2022-08-14 20:25:46','2022-08-14 20:26:48'),(649,31,25,4,25,457,NULL,'2022-08-14 20:25:46','2022-08-14 20:26:51'),(650,31,25,4,26,463,NULL,'2022-08-14 20:25:46','2022-08-14 20:26:53'),(651,32,26,1,1,313,NULL,'2022-08-17 10:51:01','2022-08-17 10:51:07'),(652,32,26,1,2,319,NULL,'2022-08-17 10:51:01','2022-08-17 10:51:09'),(653,32,26,1,3,325,NULL,'2022-08-17 10:51:01','2022-08-17 10:51:12'),(654,32,26,1,4,331,NULL,'2022-08-17 10:51:01','2022-08-17 10:51:14'),(655,32,26,1,5,337,NULL,'2022-08-17 10:51:01','2022-08-17 10:51:16'),(656,32,26,2,6,343,NULL,'2022-08-17 10:51:01','2022-08-17 10:51:18'),(657,32,26,2,7,349,NULL,'2022-08-17 10:51:01','2022-08-17 10:51:21'),(658,32,26,2,8,355,NULL,'2022-08-17 10:51:01','2022-08-17 10:51:23'),(659,32,26,2,9,361,NULL,'2022-08-17 10:51:01','2022-08-17 10:51:25'),(660,32,26,2,10,367,NULL,'2022-08-17 10:51:01','2022-08-17 10:51:27'),(661,32,26,2,11,373,NULL,'2022-08-17 10:51:01','2022-08-17 10:51:30'),(662,32,26,2,12,379,NULL,'2022-08-17 10:51:01','2022-08-17 10:51:32'),(663,32,26,2,13,385,NULL,'2022-08-17 10:51:01','2022-08-17 10:51:35'),(664,32,26,2,14,391,NULL,'2022-08-17 10:51:01','2022-08-17 10:51:38'),(665,32,26,2,15,397,NULL,'2022-08-17 10:51:01','2022-08-17 10:51:41'),(666,32,26,2,16,403,NULL,'2022-08-17 10:51:01','2022-08-17 10:51:43'),(667,32,26,2,17,409,NULL,'2022-08-17 10:51:01','2022-08-17 10:51:46'),(668,32,26,2,18,415,NULL,'2022-08-17 10:51:01','2022-08-17 10:51:48'),(669,32,26,2,19,421,NULL,'2022-08-17 10:51:01','2022-08-17 10:51:50'),(670,32,26,2,20,427,NULL,'2022-08-17 10:51:01','2022-08-17 10:51:53'),(671,32,26,3,21,433,NULL,'2022-08-17 10:51:01','2022-08-17 10:51:55'),(672,32,26,3,22,439,NULL,'2022-08-17 10:51:01','2022-08-17 10:51:58'),(673,32,26,3,23,445,NULL,'2022-08-17 10:51:01','2022-08-17 10:52:00'),(674,32,26,4,24,451,NULL,'2022-08-17 10:51:01','2022-08-17 10:52:02'),(675,32,26,4,25,457,NULL,'2022-08-17 10:51:01','2022-08-17 10:52:05'),(676,32,26,4,26,463,NULL,'2022-08-17 10:51:01','2022-08-17 10:52:07'),(677,33,27,1,1,313,NULL,'2022-08-18 05:48:27','2022-08-18 05:48:39'),(678,33,27,1,2,319,NULL,'2022-08-18 05:48:27','2022-08-18 05:48:42'),(679,33,27,1,3,325,NULL,'2022-08-18 05:48:27','2022-08-18 05:48:44'),(680,33,27,1,4,331,NULL,'2022-08-18 05:48:27','2022-08-18 05:48:46'),(681,33,27,1,5,337,NULL,'2022-08-18 05:48:27','2022-08-18 05:48:48'),(682,33,27,2,6,343,NULL,'2022-08-18 05:48:27','2022-08-18 05:48:50'),(683,33,27,2,7,349,NULL,'2022-08-18 05:48:27','2022-08-18 05:48:52'),(684,33,27,2,8,355,NULL,'2022-08-18 05:48:27','2022-08-18 05:48:56'),(685,33,27,2,9,361,NULL,'2022-08-18 05:48:27','2022-08-18 05:48:58'),(686,33,27,2,10,367,NULL,'2022-08-18 05:48:27','2022-08-18 05:49:00'),(687,33,27,2,11,373,NULL,'2022-08-18 05:48:27','2022-08-18 05:49:02'),(688,33,27,2,12,379,NULL,'2022-08-18 05:48:27','2022-08-18 05:49:04'),(689,33,27,2,13,385,NULL,'2022-08-18 05:48:27','2022-08-18 05:49:06'),(690,33,27,2,14,391,NULL,'2022-08-18 05:48:27','2022-08-18 05:49:08'),(691,33,27,2,15,397,NULL,'2022-08-18 05:48:27','2022-08-18 05:49:10'),(692,33,27,2,16,403,NULL,'2022-08-18 05:48:27','2022-08-18 05:49:12'),(693,33,27,2,17,409,NULL,'2022-08-18 05:48:27','2022-08-18 05:49:14'),(694,33,27,2,18,415,NULL,'2022-08-18 05:48:27','2022-08-18 05:49:16'),(695,33,27,2,19,421,NULL,'2022-08-18 05:48:27','2022-08-18 05:49:19'),(696,33,27,2,20,427,NULL,'2022-08-18 05:48:27','2022-08-18 05:49:21'),(697,33,27,3,21,433,NULL,'2022-08-18 05:48:27','2022-08-18 05:49:23'),(698,33,27,3,22,439,NULL,'2022-08-18 05:48:27','2022-08-18 05:49:25'),(699,33,27,3,23,445,NULL,'2022-08-18 05:48:27','2022-08-18 05:49:27'),(700,33,27,4,24,451,NULL,'2022-08-18 05:48:27','2022-08-18 05:49:38'),(701,33,27,4,25,457,NULL,'2022-08-18 05:48:27','2022-08-18 05:49:43'),(702,33,27,4,26,463,NULL,'2022-08-18 05:48:27','2022-08-18 05:49:48'),(703,34,28,1,1,313,NULL,'2022-08-21 19:56:08','2022-08-21 19:56:17'),(704,34,28,1,2,319,NULL,'2022-08-21 19:56:08','2022-08-21 19:56:19'),(705,34,28,1,3,325,NULL,'2022-08-21 19:56:08','2022-08-21 19:56:21'),(706,34,28,1,4,332,NULL,'2022-08-21 19:56:08','2022-08-21 19:56:23'),(707,34,28,1,5,338,NULL,'2022-08-21 19:56:08','2022-08-21 19:56:25'),(708,34,28,2,6,344,NULL,'2022-08-21 19:56:08','2022-08-21 19:56:27'),(709,34,28,2,7,350,NULL,'2022-08-21 19:56:08','2022-08-21 19:56:29'),(710,34,28,2,8,356,NULL,'2022-08-21 19:56:08','2022-08-21 19:56:32'),(711,34,28,2,9,362,NULL,'2022-08-21 19:56:08','2022-08-21 19:56:34'),(712,34,28,2,10,367,NULL,'2022-08-21 19:56:08','2022-08-21 19:56:36'),(713,34,28,2,11,374,NULL,'2022-08-21 19:56:08','2022-08-21 19:56:38'),(714,34,28,2,12,379,NULL,'2022-08-21 19:56:08','2022-08-21 19:56:41'),(715,34,28,2,13,385,NULL,'2022-08-21 19:56:08','2022-08-21 19:56:44'),(716,34,28,2,14,391,NULL,'2022-08-21 19:56:08','2022-08-21 19:56:46'),(717,34,28,2,15,397,NULL,'2022-08-21 19:56:08','2022-08-21 19:56:49'),(718,34,28,2,16,403,NULL,'2022-08-21 19:56:08','2022-08-21 19:56:52'),(719,34,28,2,17,409,NULL,'2022-08-21 19:56:08','2022-08-21 19:56:54'),(720,34,28,2,18,415,NULL,'2022-08-21 19:56:08','2022-08-21 19:56:56'),(721,34,28,2,19,421,NULL,'2022-08-21 19:56:08','2022-08-21 19:56:59'),(722,34,28,2,20,427,NULL,'2022-08-21 19:56:08','2022-08-21 19:57:01'),(723,34,28,3,21,433,NULL,'2022-08-21 19:56:08','2022-08-21 19:57:03'),(724,34,28,3,22,439,NULL,'2022-08-21 19:56:08','2022-08-21 19:57:05'),(725,34,28,3,23,445,NULL,'2022-08-21 19:56:08','2022-08-21 19:57:07'),(726,34,28,4,24,451,NULL,'2022-08-21 19:56:08','2022-08-21 19:57:09'),(727,34,28,4,25,457,NULL,'2022-08-21 19:56:08','2022-08-21 19:57:12'),(728,34,28,4,26,463,NULL,'2022-08-21 19:56:08','2022-08-21 19:57:14'),(729,35,29,1,1,313,NULL,'2022-08-22 00:07:48','2022-08-22 00:07:56'),(730,35,29,1,2,319,NULL,'2022-08-22 00:07:48','2022-08-22 00:07:58'),(731,35,29,1,3,325,NULL,'2022-08-22 00:07:48','2022-08-22 00:08:00'),(732,35,29,1,4,331,NULL,'2022-08-22 00:07:48','2022-08-22 00:08:02'),(733,35,29,1,5,337,NULL,'2022-08-22 00:07:48','2022-08-22 00:08:04'),(734,35,29,2,6,343,NULL,'2022-08-22 00:07:48','2022-08-22 00:08:06'),(735,35,29,2,7,349,NULL,'2022-08-22 00:07:48','2022-08-22 00:08:08'),(736,35,29,2,8,355,NULL,'2022-08-22 00:07:48','2022-08-22 00:08:09'),(737,35,29,2,9,361,NULL,'2022-08-22 00:07:48','2022-08-22 00:08:12'),(738,35,29,2,10,367,NULL,'2022-08-22 00:07:48','2022-08-22 00:08:13'),(739,35,29,2,11,373,NULL,'2022-08-22 00:07:48','2022-08-22 00:08:17'),(740,35,29,2,12,379,NULL,'2022-08-22 00:07:48','2022-08-22 00:08:19'),(741,35,29,2,13,385,NULL,'2022-08-22 00:07:48','2022-08-22 00:08:23'),(742,35,29,2,14,391,NULL,'2022-08-22 00:07:48','2022-08-22 00:08:25'),(743,35,29,2,15,397,NULL,'2022-08-22 00:07:48','2022-08-22 00:08:27'),(744,35,29,2,16,403,NULL,'2022-08-22 00:07:48','2022-08-22 00:08:29'),(745,35,29,2,17,409,NULL,'2022-08-22 00:07:48','2022-08-22 00:08:31'),(746,35,29,2,18,415,NULL,'2022-08-22 00:07:48','2022-08-22 00:08:33'),(747,35,29,2,19,421,NULL,'2022-08-22 00:07:48','2022-08-22 00:08:35'),(748,35,29,2,20,427,NULL,'2022-08-22 00:07:48','2022-08-22 00:08:37'),(749,35,29,3,21,433,NULL,'2022-08-22 00:07:48','2022-08-22 00:08:39'),(750,35,29,3,22,439,NULL,'2022-08-22 00:07:48','2022-08-22 00:08:42'),(751,35,29,3,23,445,NULL,'2022-08-22 00:07:48','2022-08-22 00:08:44'),(752,35,29,4,24,451,NULL,'2022-08-22 00:07:48','2022-08-22 00:08:46'),(753,35,29,4,25,457,NULL,'2022-08-22 00:07:48','2022-08-22 00:08:48'),(754,35,29,4,26,463,NULL,'2022-08-22 00:07:48','2022-08-22 00:08:50'),(755,36,30,1,1,313,NULL,'2022-08-25 20:16:41','2022-08-25 20:16:46'),(756,36,30,1,2,319,NULL,'2022-08-25 20:16:41','2022-08-25 20:16:49'),(757,36,30,1,3,325,NULL,'2022-08-25 20:16:41','2022-08-25 20:16:52'),(758,36,30,1,4,331,NULL,'2022-08-25 20:16:41','2022-08-25 20:16:54'),(759,36,30,1,5,337,NULL,'2022-08-25 20:16:41','2022-08-25 20:16:57'),(760,36,30,2,6,343,NULL,'2022-08-25 20:16:41','2022-08-25 20:16:59'),(761,36,30,2,7,349,NULL,'2022-08-25 20:16:41','2022-08-25 20:17:01'),(762,36,30,2,8,355,NULL,'2022-08-25 20:16:41','2022-08-25 20:17:03'),(763,36,30,2,9,361,NULL,'2022-08-25 20:16:41','2022-08-25 20:17:05'),(764,36,30,2,10,367,NULL,'2022-08-25 20:16:41','2022-08-25 20:17:07'),(765,36,30,2,11,373,NULL,'2022-08-25 20:16:41','2022-08-25 20:17:08'),(766,36,30,2,12,379,NULL,'2022-08-25 20:16:41','2022-08-25 20:17:10'),(767,36,30,2,13,385,NULL,'2022-08-25 20:16:41','2022-08-25 20:17:12'),(768,36,30,2,14,391,NULL,'2022-08-25 20:16:41','2022-08-25 20:17:14'),(769,36,30,2,15,397,NULL,'2022-08-25 20:16:41','2022-08-25 20:17:16'),(770,36,30,2,16,403,NULL,'2022-08-25 20:16:41','2022-08-25 20:17:17'),(771,36,30,2,17,409,NULL,'2022-08-25 20:16:41','2022-08-25 20:17:19'),(772,36,30,2,18,415,NULL,'2022-08-25 20:16:41','2022-08-25 20:17:21'),(773,36,30,2,19,421,NULL,'2022-08-25 20:16:41','2022-08-25 20:17:23'),(774,36,30,2,20,427,NULL,'2022-08-25 20:16:41','2022-08-25 20:17:25'),(775,36,30,3,21,433,NULL,'2022-08-25 20:16:41','2022-08-25 20:17:26'),(776,36,30,3,22,439,NULL,'2022-08-25 20:16:41','2022-08-25 20:17:28'),(777,36,30,3,23,445,NULL,'2022-08-25 20:16:41','2022-08-25 20:17:30'),(778,36,30,4,24,451,NULL,'2022-08-25 20:16:41','2022-08-25 20:17:32'),(779,36,30,4,25,457,NULL,'2022-08-25 20:16:41','2022-08-25 20:17:34'),(780,36,30,4,26,463,NULL,'2022-08-25 20:16:41','2022-08-25 20:17:35'),(781,37,31,1,1,313,NULL,'2022-08-28 00:06:45','2022-08-28 00:07:07'),(782,37,31,1,2,319,NULL,'2022-08-28 00:06:45','2022-08-28 00:07:09'),(783,37,31,1,3,325,NULL,'2022-08-28 00:06:45','2022-08-28 00:07:12'),(784,37,31,1,4,331,NULL,'2022-08-28 00:06:45','2022-08-28 00:07:14'),(785,37,31,1,5,337,NULL,'2022-08-28 00:06:45','2022-08-28 00:07:16'),(786,37,31,2,6,343,NULL,'2022-08-28 00:06:45','2022-08-28 00:07:19'),(787,37,31,2,7,349,NULL,'2022-08-28 00:06:45','2022-08-28 00:07:21'),(788,37,31,2,8,355,NULL,'2022-08-28 00:06:45','2022-08-28 00:07:23'),(789,37,31,2,9,361,NULL,'2022-08-28 00:06:45','2022-08-28 00:07:25'),(790,37,31,2,10,367,NULL,'2022-08-28 00:06:45','2022-08-28 00:07:27'),(791,37,31,2,11,373,NULL,'2022-08-28 00:06:45','2022-08-28 00:07:29'),(792,37,31,2,12,379,NULL,'2022-08-28 00:06:45','2022-08-28 00:07:32'),(793,37,31,2,13,385,NULL,'2022-08-28 00:06:45','2022-08-28 00:07:34'),(794,37,31,2,14,391,NULL,'2022-08-28 00:06:45','2022-08-28 00:07:36'),(795,37,31,2,15,397,NULL,'2022-08-28 00:06:45','2022-08-28 00:07:38'),(796,37,31,2,16,403,NULL,'2022-08-28 00:06:45','2022-08-28 00:07:40'),(797,37,31,2,17,409,NULL,'2022-08-28 00:06:45','2022-08-28 00:07:43'),(798,37,31,2,18,415,NULL,'2022-08-28 00:06:45','2022-08-28 00:07:45'),(799,37,31,2,19,421,NULL,'2022-08-28 00:06:45','2022-08-28 00:07:47'),(800,37,31,2,20,427,NULL,'2022-08-28 00:06:45','2022-08-28 00:07:49'),(801,37,31,3,21,433,NULL,'2022-08-28 00:06:45','2022-08-28 00:07:51'),(802,37,31,3,22,439,NULL,'2022-08-28 00:06:45','2022-08-28 00:07:54'),(803,37,31,3,23,445,NULL,'2022-08-28 00:06:45','2022-08-28 00:07:56'),(804,37,31,4,24,451,NULL,'2022-08-28 00:06:45','2022-08-28 00:07:58'),(805,37,31,4,25,457,NULL,'2022-08-28 00:06:45','2022-08-28 00:08:00'),(806,37,31,4,26,463,NULL,'2022-08-28 00:06:45','2022-08-28 00:08:06'),(807,38,32,1,1,314,NULL,'2022-08-28 00:22:19','2022-08-28 00:22:26'),(808,38,32,1,2,319,NULL,'2022-08-28 00:22:19','2022-08-28 00:22:29'),(809,38,32,1,3,325,NULL,'2022-08-28 00:22:19','2022-08-28 00:22:32'),(810,38,32,1,4,331,NULL,'2022-08-28 00:22:19','2022-08-28 00:22:34'),(811,38,32,1,5,337,NULL,'2022-08-28 00:22:19','2022-08-28 00:22:37'),(812,38,32,2,6,343,NULL,'2022-08-28 00:22:19','2022-08-28 00:22:39'),(813,38,32,2,7,349,NULL,'2022-08-28 00:22:19','2022-08-28 00:22:42'),(814,38,32,2,8,355,NULL,'2022-08-28 00:22:19','2022-08-28 00:22:44'),(815,38,32,2,9,361,NULL,'2022-08-28 00:22:19','2022-08-28 00:22:46'),(816,38,32,2,10,367,NULL,'2022-08-28 00:22:19','2022-08-28 00:22:49'),(817,38,32,2,11,373,NULL,'2022-08-28 00:22:19','2022-08-28 00:22:51'),(818,38,32,2,12,379,NULL,'2022-08-28 00:22:19','2022-08-28 00:22:53'),(819,38,32,2,13,385,NULL,'2022-08-28 00:22:19','2022-08-28 00:22:55'),(820,38,32,2,14,391,NULL,'2022-08-28 00:22:19','2022-08-28 00:22:59'),(821,38,32,2,15,397,NULL,'2022-08-28 00:22:19','2022-08-28 00:23:01'),(822,38,32,2,16,403,NULL,'2022-08-28 00:22:19','2022-08-28 00:23:03'),(823,38,32,2,17,409,NULL,'2022-08-28 00:22:19','2022-08-28 00:23:06'),(824,38,32,2,18,415,NULL,'2022-08-28 00:22:19','2022-08-28 00:23:08'),(825,38,32,2,19,421,NULL,'2022-08-28 00:22:19','2022-08-28 00:23:10'),(826,38,32,2,20,427,NULL,'2022-08-28 00:22:19','2022-08-28 00:23:12'),(827,38,32,3,21,433,NULL,'2022-08-28 00:22:19','2022-08-28 00:23:14'),(828,38,32,3,22,439,NULL,'2022-08-28 00:22:19','2022-08-28 00:23:17'),(829,38,32,3,23,445,NULL,'2022-08-28 00:22:19','2022-08-28 00:23:19'),(830,38,32,4,24,451,NULL,'2022-08-28 00:22:19','2022-08-28 00:23:21'),(831,38,32,4,25,457,NULL,'2022-08-28 00:22:19','2022-08-28 00:23:23'),(832,38,32,4,26,463,NULL,'2022-08-28 00:22:19','2022-08-28 00:23:26'),(833,39,33,1,1,313,NULL,'2022-08-28 00:36:33','2022-08-28 00:36:38'),(834,39,33,1,2,319,NULL,'2022-08-28 00:36:33','2022-08-28 00:36:42'),(835,39,33,1,3,325,NULL,'2022-08-28 00:36:33','2022-08-28 00:36:45'),(836,39,33,1,4,331,NULL,'2022-08-28 00:36:33','2022-08-28 00:36:47'),(837,39,33,1,5,337,NULL,'2022-08-28 00:36:33','2022-08-28 00:36:49'),(838,39,33,2,6,343,NULL,'2022-08-28 00:36:33','2022-08-28 00:36:52'),(839,39,33,2,7,349,NULL,'2022-08-28 00:36:33','2022-08-28 00:36:55'),(840,39,33,2,8,355,NULL,'2022-08-28 00:36:33','2022-08-28 00:36:58'),(841,39,33,2,9,361,NULL,'2022-08-28 00:36:33','2022-08-28 00:37:08'),(842,39,33,2,10,367,NULL,'2022-08-28 00:36:33','2022-08-28 00:37:06'),(843,39,33,2,11,373,NULL,'2022-08-28 00:36:33','2022-08-28 00:37:10'),(844,39,33,2,12,379,NULL,'2022-08-28 00:36:33','2022-08-28 00:37:13'),(845,39,33,2,13,385,NULL,'2022-08-28 00:36:33','2022-08-28 00:37:17'),(846,39,33,2,14,391,NULL,'2022-08-28 00:36:33','2022-08-28 00:37:20'),(847,39,33,2,15,397,NULL,'2022-08-28 00:36:33','2022-08-28 00:37:24'),(848,39,33,2,16,403,NULL,'2022-08-28 00:36:33','2022-08-28 00:37:28'),(849,39,33,2,17,409,NULL,'2022-08-28 00:36:33','2022-08-28 00:37:32'),(850,39,33,2,18,415,NULL,'2022-08-28 00:36:33','2022-08-28 00:37:34'),(851,39,33,2,19,421,NULL,'2022-08-28 00:36:33','2022-08-28 00:37:36'),(852,39,33,2,20,427,NULL,'2022-08-28 00:36:33','2022-08-28 00:37:39'),(853,39,33,3,21,433,NULL,'2022-08-28 00:36:33','2022-08-28 00:37:41'),(854,39,33,3,22,439,NULL,'2022-08-28 00:36:33','2022-08-28 00:37:43'),(855,39,33,3,23,445,NULL,'2022-08-28 00:36:33','2022-08-28 00:37:45'),(856,39,33,4,24,451,NULL,'2022-08-28 00:36:33','2022-08-28 00:37:47'),(857,39,33,4,25,457,NULL,'2022-08-28 00:36:33','2022-08-28 00:37:49'),(858,39,33,4,26,463,NULL,'2022-08-28 00:36:33','2022-08-28 00:37:51'),(859,40,34,1,1,313,NULL,'2022-08-28 01:07:09','2022-08-28 01:07:59'),(860,40,34,1,2,319,NULL,'2022-08-28 01:07:09','2022-08-28 01:08:31'),(861,40,34,1,3,325,NULL,'2022-08-28 01:07:09','2022-08-28 01:08:34'),(862,40,34,1,4,331,NULL,'2022-08-28 01:07:09','2022-08-28 01:08:36'),(863,40,34,1,5,337,NULL,'2022-08-28 01:07:09','2022-08-28 01:08:39'),(864,40,34,2,6,343,NULL,'2022-08-28 01:07:09','2022-08-28 01:08:41'),(865,40,34,2,7,349,NULL,'2022-08-28 01:07:09','2022-08-28 01:08:44'),(866,40,34,2,8,355,NULL,'2022-08-28 01:07:09','2022-08-28 01:08:46'),(867,40,34,2,9,361,NULL,'2022-08-28 01:07:09','2022-08-28 01:08:48'),(868,40,34,2,10,367,NULL,'2022-08-28 01:07:09','2022-08-28 01:08:50'),(869,40,34,2,11,373,NULL,'2022-08-28 01:07:09','2022-08-28 01:08:52'),(870,40,34,2,12,379,NULL,'2022-08-28 01:07:09','2022-08-28 01:08:54'),(871,40,34,2,13,385,NULL,'2022-08-28 01:07:09','2022-08-28 01:08:57'),(872,40,34,2,14,391,NULL,'2022-08-28 01:07:09','2022-08-28 01:08:59'),(873,40,34,2,15,397,NULL,'2022-08-28 01:07:09','2022-08-28 01:09:02'),(874,40,34,2,16,403,NULL,'2022-08-28 01:07:09','2022-08-28 01:09:05'),(875,40,34,2,17,409,NULL,'2022-08-28 01:07:09','2022-08-28 01:09:09'),(876,40,34,2,18,415,NULL,'2022-08-28 01:07:09','2022-08-28 01:09:12'),(877,40,34,2,19,421,NULL,'2022-08-28 01:07:09','2022-08-28 01:09:15'),(878,40,34,2,20,427,NULL,'2022-08-28 01:07:09','2022-08-28 01:09:19'),(879,40,34,3,21,433,NULL,'2022-08-28 01:07:09','2022-08-28 01:09:22'),(880,40,34,3,22,439,NULL,'2022-08-28 01:07:09','2022-08-28 01:09:25'),(881,40,34,3,23,445,NULL,'2022-08-28 01:07:09','2022-08-28 01:09:29'),(882,40,34,4,24,451,NULL,'2022-08-28 01:07:09','2022-08-28 01:09:32'),(883,40,34,4,25,457,NULL,'2022-08-28 01:07:09','2022-08-28 01:09:35'),(884,40,34,4,26,463,NULL,'2022-08-28 01:07:09','2022-08-28 01:09:38'),(885,41,35,1,1,313,NULL,'2022-08-28 20:20:05','2022-08-28 20:20:12'),(886,41,35,1,2,319,NULL,'2022-08-28 20:20:05','2022-08-28 20:20:15'),(887,41,35,1,3,325,NULL,'2022-08-28 20:20:05','2022-08-28 20:20:18'),(888,41,35,1,4,331,NULL,'2022-08-28 20:20:05','2022-08-28 20:20:21'),(889,41,35,1,5,337,NULL,'2022-08-28 20:20:05','2022-08-28 20:20:23'),(890,41,35,2,6,343,NULL,'2022-08-28 20:20:05','2022-08-28 20:20:26'),(891,41,35,2,7,349,NULL,'2022-08-28 20:20:05','2022-08-28 20:20:28'),(892,41,35,2,8,355,NULL,'2022-08-28 20:20:05','2022-08-28 20:20:30'),(893,41,35,2,9,361,NULL,'2022-08-28 20:20:05','2022-08-28 20:20:32'),(894,41,35,2,10,367,NULL,'2022-08-28 20:20:05','2022-08-28 20:20:34'),(895,41,35,2,11,373,NULL,'2022-08-28 20:20:05','2022-08-28 20:20:36'),(896,41,35,2,12,379,NULL,'2022-08-28 20:20:05','2022-08-28 20:20:38'),(897,41,35,2,13,385,NULL,'2022-08-28 20:20:05','2022-08-28 20:20:40'),(898,41,35,2,14,391,NULL,'2022-08-28 20:20:05','2022-08-28 20:20:42'),(899,41,35,2,15,397,NULL,'2022-08-28 20:20:05','2022-08-28 20:20:44'),(900,41,35,2,16,403,NULL,'2022-08-28 20:20:05','2022-08-28 20:20:46'),(901,41,35,2,17,409,NULL,'2022-08-28 20:20:05','2022-08-28 20:20:48'),(902,41,35,2,18,415,NULL,'2022-08-28 20:20:05','2022-08-28 20:20:50'),(903,41,35,2,19,421,NULL,'2022-08-28 20:20:05','2022-08-28 20:20:53'),(904,41,35,2,20,427,NULL,'2022-08-28 20:20:05','2022-08-28 20:20:55'),(905,41,35,3,21,433,NULL,'2022-08-28 20:20:05','2022-08-28 20:20:57'),(906,41,35,3,22,439,NULL,'2022-08-28 20:20:05','2022-08-28 20:20:59'),(907,41,35,3,23,445,NULL,'2022-08-28 20:20:05','2022-08-28 20:21:01'),(908,41,35,4,24,451,NULL,'2022-08-28 20:20:05','2022-08-28 20:21:03'),(909,41,35,4,25,457,NULL,'2022-08-28 20:20:05','2022-08-28 20:21:05'),(910,41,35,4,26,463,NULL,'2022-08-28 20:20:05','2022-08-28 20:21:07'),(911,42,36,1,1,313,NULL,'2022-08-31 19:44:09','2022-08-31 19:44:18'),(912,42,36,1,2,319,NULL,'2022-08-31 19:44:09','2022-08-31 19:44:33'),(913,42,36,1,3,325,NULL,'2022-08-31 19:44:09','2022-08-31 19:44:36'),(914,42,36,1,4,331,NULL,'2022-08-31 19:44:09','2022-08-31 19:44:39'),(915,42,36,1,5,337,NULL,'2022-08-31 19:44:09','2022-08-31 19:44:41'),(916,42,36,2,6,343,NULL,'2022-08-31 19:44:09','2022-08-31 19:44:43'),(917,42,36,2,7,349,NULL,'2022-08-31 19:44:09','2022-08-31 19:44:46'),(918,42,36,2,8,355,NULL,'2022-08-31 19:44:09','2022-08-31 19:44:52'),(919,42,36,2,9,361,NULL,'2022-08-31 19:44:09','2022-08-31 19:44:54'),(920,42,36,2,10,367,NULL,'2022-08-31 19:44:09','2022-08-31 19:44:57'),(921,42,36,2,11,373,NULL,'2022-08-31 19:44:09','2022-08-31 19:44:59'),(922,42,36,2,12,NULL,NULL,'2022-08-31 19:44:09','2022-08-31 19:44:09'),(923,42,36,2,13,NULL,NULL,'2022-08-31 19:44:09','2022-08-31 19:44:09'),(924,42,36,2,14,NULL,NULL,'2022-08-31 19:44:09','2022-08-31 19:44:09'),(925,42,36,2,15,NULL,NULL,'2022-08-31 19:44:09','2022-08-31 19:44:09'),(926,42,36,2,16,NULL,NULL,'2022-08-31 19:44:09','2022-08-31 19:44:09'),(927,42,36,2,17,NULL,NULL,'2022-08-31 19:44:09','2022-08-31 19:44:09'),(928,42,36,2,18,NULL,NULL,'2022-08-31 19:44:09','2022-08-31 19:44:09'),(929,42,36,2,19,NULL,NULL,'2022-08-31 19:44:09','2022-08-31 19:44:09'),(930,42,36,2,20,NULL,NULL,'2022-08-31 19:44:09','2022-08-31 19:44:09'),(931,42,36,3,21,NULL,NULL,'2022-08-31 19:44:09','2022-08-31 19:44:09'),(932,42,36,3,22,NULL,NULL,'2022-08-31 19:44:09','2022-08-31 19:44:09'),(933,42,36,3,23,NULL,NULL,'2022-08-31 19:44:09','2022-08-31 19:44:09'),(934,42,36,4,24,NULL,NULL,'2022-08-31 19:44:09','2022-08-31 19:44:09'),(935,42,36,4,25,NULL,NULL,'2022-08-31 19:44:09','2022-08-31 19:44:09'),(936,42,36,4,26,NULL,NULL,'2022-08-31 19:44:09','2022-08-31 19:44:09'),(937,44,37,1,1,313,NULL,'2022-09-03 20:58:17','2022-09-03 20:58:27'),(938,44,37,1,2,319,NULL,'2022-09-03 20:58:17','2022-09-03 20:58:30'),(939,44,37,1,3,325,NULL,'2022-09-03 20:58:17','2022-09-03 20:58:40'),(940,44,37,1,4,331,NULL,'2022-09-03 20:58:17','2022-09-03 20:58:43'),(941,44,37,1,5,337,NULL,'2022-09-03 20:58:17','2022-09-03 20:58:46'),(942,44,37,2,6,343,NULL,'2022-09-03 20:58:17','2022-09-03 20:58:48'),(943,44,37,2,7,349,NULL,'2022-09-03 20:58:17','2022-09-03 20:58:50'),(944,44,37,2,8,355,NULL,'2022-09-03 20:58:17','2022-09-03 20:58:53'),(945,44,37,2,9,361,NULL,'2022-09-03 20:58:17','2022-09-03 20:58:55'),(946,44,37,2,10,367,NULL,'2022-09-03 20:58:17','2022-09-03 20:58:57'),(947,44,37,2,11,373,NULL,'2022-09-03 20:58:17','2022-09-03 20:58:59'),(948,44,37,2,12,379,NULL,'2022-09-03 20:58:17','2022-09-03 20:59:03'),(949,44,37,2,13,385,NULL,'2022-09-03 20:58:17','2022-09-03 20:59:06'),(950,44,37,2,14,391,NULL,'2022-09-03 20:58:17','2022-09-03 20:59:08'),(951,44,37,2,15,397,NULL,'2022-09-03 20:58:17','2022-09-03 20:59:10'),(952,44,37,2,16,403,NULL,'2022-09-03 20:58:17','2022-09-03 20:59:12'),(953,44,37,2,17,409,NULL,'2022-09-03 20:58:17','2022-09-03 20:59:15'),(954,44,37,2,18,415,NULL,'2022-09-03 20:58:17','2022-09-03 20:59:17'),(955,44,37,2,19,421,NULL,'2022-09-03 20:58:17','2022-09-03 20:59:20'),(956,44,37,2,20,427,NULL,'2022-09-03 20:58:17','2022-09-03 20:59:22'),(957,44,37,3,21,433,NULL,'2022-09-03 20:58:17','2022-09-03 20:59:25'),(958,44,37,3,22,439,NULL,'2022-09-03 20:58:17','2022-09-03 20:59:27'),(959,44,37,3,23,445,NULL,'2022-09-03 20:58:17','2022-09-03 20:59:30'),(960,44,37,4,24,451,NULL,'2022-09-03 20:58:17','2022-09-03 20:59:32'),(961,44,37,4,25,457,NULL,'2022-09-03 20:58:17','2022-09-03 20:59:34'),(962,44,37,4,26,463,NULL,'2022-09-03 20:58:17','2022-09-03 20:59:37'),(963,45,38,1,1,313,NULL,'2022-09-18 11:06:09','2022-09-18 11:06:16'),(964,45,38,1,2,319,NULL,'2022-09-18 11:06:09','2022-09-18 11:06:18'),(965,45,38,1,3,325,NULL,'2022-09-18 11:06:09','2022-09-18 11:06:20'),(966,45,38,1,4,331,NULL,'2022-09-18 11:06:09','2022-09-18 11:06:22'),(967,45,38,1,5,337,NULL,'2022-09-18 11:06:09','2022-09-18 11:06:24'),(968,45,38,2,6,343,NULL,'2022-09-18 11:06:09','2022-09-18 11:06:26'),(969,45,38,2,7,349,NULL,'2022-09-18 11:06:09','2022-09-18 11:06:28'),(970,45,38,2,8,355,NULL,'2022-09-18 11:06:09','2022-09-18 11:06:30'),(971,45,38,2,9,362,NULL,'2022-09-18 11:06:09','2022-09-18 11:06:34'),(972,45,38,2,10,369,NULL,'2022-09-18 11:06:09','2022-09-18 11:06:37'),(973,45,38,2,11,375,NULL,'2022-09-18 11:06:09','2022-09-18 11:06:39'),(974,45,38,2,12,380,NULL,'2022-09-18 11:06:09','2022-09-18 11:06:42'),(975,45,38,2,13,386,NULL,'2022-09-18 11:06:09','2022-09-18 11:06:43'),(976,45,38,2,14,392,NULL,'2022-09-18 11:06:09','2022-09-18 11:06:46'),(977,45,38,2,15,397,NULL,'2022-09-18 11:06:09','2022-09-18 11:06:50'),(978,45,38,2,16,403,NULL,'2022-09-18 11:06:09','2022-09-18 11:06:51'),(979,45,38,2,17,409,NULL,'2022-09-18 11:06:09','2022-09-18 11:06:53'),(980,45,38,2,18,415,NULL,'2022-09-18 11:06:09','2022-09-18 11:06:55'),(981,45,38,2,19,421,NULL,'2022-09-18 11:06:09','2022-09-18 11:06:57'),(982,45,38,2,20,427,NULL,'2022-09-18 11:06:09','2022-09-18 11:06:59'),(983,45,38,3,21,433,NULL,'2022-09-18 11:06:09','2022-09-18 11:07:01'),(984,45,38,3,22,439,NULL,'2022-09-18 11:06:09','2022-09-18 11:07:06'),(985,45,38,3,23,445,NULL,'2022-09-18 11:06:09','2022-09-18 11:07:08'),(986,45,38,4,24,451,NULL,'2022-09-18 11:06:09','2022-09-18 11:07:11'),(987,45,38,4,25,457,NULL,'2022-09-18 11:06:09','2022-09-18 11:07:13'),(988,45,38,4,26,463,NULL,'2022-09-18 11:06:09','2022-09-18 11:07:15'),(989,46,39,1,1,313,NULL,'2022-09-18 11:41:17','2022-09-18 11:42:31'),(990,46,39,1,2,319,NULL,'2022-09-18 11:41:17','2022-09-18 11:42:35'),(991,46,39,1,3,325,NULL,'2022-09-18 11:41:17','2022-09-18 11:42:38'),(992,46,39,1,4,331,NULL,'2022-09-18 11:41:17','2022-09-18 11:42:41'),(993,46,39,1,5,337,NULL,'2022-09-18 11:41:17','2022-09-18 11:42:44'),(994,46,39,2,6,343,NULL,'2022-09-18 11:41:17','2022-09-18 11:42:47'),(995,46,39,2,7,349,NULL,'2022-09-18 11:41:17','2022-09-18 11:42:50'),(996,46,39,2,8,355,NULL,'2022-09-18 11:41:17','2022-09-18 11:42:52'),(997,46,39,2,9,361,NULL,'2022-09-18 11:41:17','2022-09-18 11:42:55'),(998,46,39,2,10,367,NULL,'2022-09-18 11:41:17','2022-09-18 11:42:58'),(999,46,39,2,11,373,NULL,'2022-09-18 11:41:17','2022-09-18 11:43:01'),(1000,46,39,2,12,379,NULL,'2022-09-18 11:41:17','2022-09-18 11:43:12'),(1001,46,39,2,13,385,NULL,'2022-09-18 11:41:17','2022-09-18 11:43:08'),(1002,46,39,2,14,391,NULL,'2022-09-18 11:41:17','2022-09-18 11:43:15'),(1003,46,39,2,15,397,NULL,'2022-09-18 11:41:17','2022-09-18 11:43:17'),(1004,46,39,2,16,403,NULL,'2022-09-18 11:41:17','2022-09-18 11:43:20'),(1005,46,39,2,17,409,NULL,'2022-09-18 11:41:17','2022-09-18 11:43:23'),(1006,46,39,2,18,415,NULL,'2022-09-18 11:41:17','2022-09-18 11:43:27'),(1007,46,39,2,19,421,NULL,'2022-09-18 11:41:17','2022-09-18 11:43:29'),(1008,46,39,2,20,427,NULL,'2022-09-18 11:41:17','2022-09-18 11:43:48'),(1009,46,39,3,21,433,NULL,'2022-09-18 11:41:17','2022-09-18 11:43:42'),(1010,46,39,3,22,439,NULL,'2022-09-18 11:41:17','2022-09-18 11:43:39'),(1011,46,39,3,23,445,NULL,'2022-09-18 11:41:17','2022-09-18 11:43:45'),(1012,46,39,4,24,451,NULL,'2022-09-18 11:41:17','2022-09-18 11:43:50'),(1013,46,39,4,25,457,NULL,'2022-09-18 11:41:17','2022-09-18 11:43:53'),(1014,46,39,4,26,463,NULL,'2022-09-18 11:41:17','2022-09-18 11:43:55'),(1015,46,40,1,1,NULL,NULL,'2022-09-18 11:58:11','2022-09-18 11:58:11'),(1016,46,40,1,2,NULL,NULL,'2022-09-18 11:58:11','2022-09-18 11:58:11'),(1017,46,40,1,3,NULL,NULL,'2022-09-18 11:58:11','2022-09-18 11:58:11'),(1018,46,40,1,4,NULL,NULL,'2022-09-18 11:58:11','2022-09-18 11:58:11'),(1019,46,40,1,5,NULL,NULL,'2022-09-18 11:58:11','2022-09-18 11:58:11'),(1020,46,40,2,6,NULL,NULL,'2022-09-18 11:58:11','2022-09-18 11:58:11'),(1021,46,40,2,7,NULL,NULL,'2022-09-18 11:58:11','2022-09-18 11:58:11'),(1022,46,40,2,8,NULL,NULL,'2022-09-18 11:58:11','2022-09-18 11:58:11'),(1023,46,40,2,9,NULL,NULL,'2022-09-18 11:58:11','2022-09-18 11:58:11'),(1024,46,40,2,10,NULL,NULL,'2022-09-18 11:58:11','2022-09-18 11:58:11'),(1025,46,40,2,11,NULL,NULL,'2022-09-18 11:58:11','2022-09-18 11:58:11'),(1026,46,40,2,12,NULL,NULL,'2022-09-18 11:58:11','2022-09-18 11:58:11'),(1027,46,40,2,13,NULL,NULL,'2022-09-18 11:58:11','2022-09-18 11:58:11'),(1028,46,40,2,14,NULL,NULL,'2022-09-18 11:58:11','2022-09-18 11:58:11'),(1029,46,40,2,15,NULL,NULL,'2022-09-18 11:58:11','2022-09-18 11:58:11'),(1030,46,40,2,16,NULL,NULL,'2022-09-18 11:58:11','2022-09-18 11:58:11'),(1031,46,40,2,17,NULL,NULL,'2022-09-18 11:58:11','2022-09-18 11:58:11'),(1032,46,40,2,18,NULL,NULL,'2022-09-18 11:58:11','2022-09-18 11:58:11'),(1033,46,40,2,19,NULL,NULL,'2022-09-18 11:58:11','2022-09-18 11:58:11'),(1034,46,40,2,20,NULL,NULL,'2022-09-18 11:58:11','2022-09-18 11:58:11'),(1035,46,40,3,21,NULL,NULL,'2022-09-18 11:58:11','2022-09-18 11:58:11'),(1036,46,40,3,22,NULL,NULL,'2022-09-18 11:58:11','2022-09-18 11:58:11'),(1037,46,40,3,23,NULL,NULL,'2022-09-18 11:58:11','2022-09-18 11:58:11'),(1038,46,40,4,24,NULL,NULL,'2022-09-18 11:58:11','2022-09-18 11:58:11'),(1039,46,40,4,25,NULL,NULL,'2022-09-18 11:58:11','2022-09-18 11:58:11'),(1040,46,40,4,26,NULL,NULL,'2022-09-18 11:58:11','2022-09-18 11:58:11'),(1041,47,41,1,1,313,NULL,'2022-09-18 21:20:36','2022-09-18 21:22:24'),(1042,47,41,1,2,319,NULL,'2022-09-18 21:20:36','2022-09-18 21:41:28'),(1043,47,41,1,3,325,NULL,'2022-09-18 21:20:36','2022-09-18 21:41:33'),(1044,47,41,1,4,331,NULL,'2022-09-18 21:20:36','2022-09-18 21:41:38'),(1045,47,41,1,5,337,NULL,'2022-09-18 21:20:36','2022-09-18 21:41:43'),(1046,47,41,2,6,343,NULL,'2022-09-18 21:20:36','2022-09-18 21:41:47'),(1047,47,41,2,7,349,NULL,'2022-09-18 21:20:36','2022-09-18 21:41:51'),(1048,47,41,2,8,355,NULL,'2022-09-18 21:20:36','2022-09-18 21:41:55'),(1049,47,41,2,9,361,NULL,'2022-09-18 21:20:36','2022-09-18 21:41:59'),(1050,47,41,2,10,367,NULL,'2022-09-18 21:20:36','2022-09-18 21:42:03'),(1051,47,41,2,11,373,NULL,'2022-09-18 21:20:36','2022-09-18 21:42:08'),(1052,47,41,2,12,379,NULL,'2022-09-18 21:20:36','2022-09-18 21:42:11'),(1053,47,41,2,13,385,NULL,'2022-09-18 21:20:36','2022-09-18 21:42:16'),(1054,47,41,2,14,391,NULL,'2022-09-18 21:20:36','2022-09-18 21:42:20'),(1055,47,41,2,15,397,NULL,'2022-09-18 21:20:36','2022-09-18 21:42:23'),(1056,47,41,2,16,403,NULL,'2022-09-18 21:20:36','2022-09-18 21:42:27'),(1057,47,41,2,17,409,NULL,'2022-09-18 21:20:36','2022-09-18 21:42:32'),(1058,47,41,2,18,415,NULL,'2022-09-18 21:20:36','2022-09-18 21:42:35'),(1059,47,41,2,19,421,NULL,'2022-09-18 21:20:36','2022-09-18 21:42:39'),(1060,47,41,2,20,427,NULL,'2022-09-18 21:20:36','2022-09-18 21:42:43'),(1061,47,41,3,21,433,NULL,'2022-09-18 21:20:36','2022-09-18 21:42:47'),(1062,47,41,3,22,439,NULL,'2022-09-18 21:20:36','2022-09-18 21:42:51'),(1063,47,41,3,23,445,NULL,'2022-09-18 21:20:36','2022-09-18 21:42:55'),(1064,47,41,4,24,451,NULL,'2022-09-18 21:20:36','2022-09-18 21:42:59'),(1065,47,41,4,25,457,NULL,'2022-09-18 21:20:36','2022-09-18 21:43:05'),(1066,47,41,4,26,463,NULL,'2022-09-18 21:20:36','2022-09-18 21:43:09'),(1067,47,42,1,1,313,NULL,'2022-09-18 21:22:09','2022-09-18 21:22:24'),(1068,47,42,1,2,319,NULL,'2022-09-18 21:22:09','2022-09-18 21:41:28'),(1069,47,42,1,3,325,NULL,'2022-09-18 21:22:09','2022-09-18 21:41:33'),(1070,47,42,1,4,331,NULL,'2022-09-18 21:22:09','2022-09-18 21:41:38'),(1071,47,42,1,5,337,NULL,'2022-09-18 21:22:09','2022-09-18 21:41:43'),(1072,47,42,2,6,343,NULL,'2022-09-18 21:22:09','2022-09-18 21:41:47'),(1073,47,42,2,7,349,NULL,'2022-09-18 21:22:09','2022-09-18 21:41:51'),(1074,47,42,2,8,355,NULL,'2022-09-18 21:22:09','2022-09-18 21:41:55'),(1075,47,42,2,9,361,NULL,'2022-09-18 21:22:09','2022-09-18 21:41:59'),(1076,47,42,2,10,367,NULL,'2022-09-18 21:22:09','2022-09-18 21:42:03'),(1077,47,42,2,11,373,NULL,'2022-09-18 21:22:09','2022-09-18 21:42:08'),(1078,47,42,2,12,379,NULL,'2022-09-18 21:22:09','2022-09-18 21:42:11'),(1079,47,42,2,13,385,NULL,'2022-09-18 21:22:09','2022-09-18 21:42:16'),(1080,47,42,2,14,391,NULL,'2022-09-18 21:22:09','2022-09-18 21:42:20'),(1081,47,42,2,15,397,NULL,'2022-09-18 21:22:09','2022-09-18 21:42:23'),(1082,47,42,2,16,403,NULL,'2022-09-18 21:22:09','2022-09-18 21:42:27'),(1083,47,42,2,17,409,NULL,'2022-09-18 21:22:09','2022-09-18 21:42:32'),(1084,47,42,2,18,415,NULL,'2022-09-18 21:22:09','2022-09-18 21:42:35'),(1085,47,42,2,19,421,NULL,'2022-09-18 21:22:09','2022-09-18 21:42:39'),(1086,47,42,2,20,427,NULL,'2022-09-18 21:22:09','2022-09-18 21:42:43'),(1087,47,42,3,21,433,NULL,'2022-09-18 21:22:09','2022-09-18 21:42:47'),(1088,47,42,3,22,439,NULL,'2022-09-18 21:22:09','2022-09-18 21:42:51'),(1089,47,42,3,23,445,NULL,'2022-09-18 21:22:09','2022-09-18 21:42:55'),(1090,47,42,4,24,451,NULL,'2022-09-18 21:22:09','2022-09-18 21:42:59'),(1091,47,42,4,25,457,NULL,'2022-09-18 21:22:09','2022-09-18 21:43:05'),(1092,47,42,4,26,463,NULL,'2022-09-18 21:22:09','2022-09-18 21:43:09'),(1093,48,43,1,1,313,NULL,'2022-09-24 08:15:17','2022-09-24 08:17:04'),(1094,48,43,1,2,319,NULL,'2022-09-24 08:15:17','2022-09-24 08:17:09'),(1095,48,43,1,3,325,NULL,'2022-09-24 08:15:17','2022-09-24 08:17:14'),(1096,48,43,1,4,331,NULL,'2022-09-24 08:15:17','2022-09-24 08:17:19'),(1097,48,43,1,5,337,NULL,'2022-09-24 08:15:17','2022-09-24 08:17:24'),(1098,48,43,2,6,343,NULL,'2022-09-24 08:15:17','2022-09-24 08:18:03'),(1099,48,43,2,7,349,NULL,'2022-09-24 08:15:17','2022-09-24 08:18:44'),(1100,48,43,2,8,355,NULL,'2022-09-24 08:15:17','2022-09-24 08:18:50'),(1101,48,43,2,9,361,NULL,'2022-09-24 08:15:17','2022-09-24 08:18:55'),(1102,48,43,2,10,367,NULL,'2022-09-24 08:15:17','2022-09-24 08:15:45'),(1103,48,43,2,11,373,NULL,'2022-09-24 08:15:17','2022-09-24 08:15:48'),(1104,48,43,2,12,379,NULL,'2022-09-24 08:15:17','2022-09-24 08:15:55'),(1105,48,43,2,13,385,NULL,'2022-09-24 08:15:17','2022-09-24 08:15:58'),(1106,48,43,2,14,391,NULL,'2022-09-24 08:15:17','2022-09-24 08:16:00'),(1107,48,43,2,15,397,NULL,'2022-09-24 08:15:17','2022-09-24 08:16:02'),(1108,48,43,2,16,403,NULL,'2022-09-24 08:15:17','2022-09-24 08:16:04'),(1109,48,43,2,17,409,NULL,'2022-09-24 08:15:17','2022-09-24 08:16:06'),(1110,48,43,2,18,415,NULL,'2022-09-24 08:15:17','2022-09-24 08:16:08'),(1111,48,43,2,19,421,NULL,'2022-09-24 08:15:17','2022-09-24 08:16:10'),(1112,48,43,2,20,427,NULL,'2022-09-24 08:15:17','2022-09-24 08:16:12'),(1113,48,43,3,21,433,NULL,'2022-09-24 08:15:17','2022-09-24 08:16:14'),(1114,48,43,3,22,439,NULL,'2022-09-24 08:15:17','2022-09-24 08:16:16'),(1115,48,43,3,23,445,NULL,'2022-09-24 08:15:17','2022-09-24 08:16:18'),(1116,48,43,4,24,451,NULL,'2022-09-24 08:15:17','2022-09-24 08:16:21'),(1117,48,43,4,25,457,NULL,'2022-09-24 08:15:17','2022-09-24 08:16:23'),(1118,48,43,4,26,463,NULL,'2022-09-24 08:15:17','2022-09-24 08:16:25'),(1119,48,44,1,1,313,NULL,'2022-09-24 08:16:48','2022-09-24 08:17:04'),(1120,48,44,1,2,319,NULL,'2022-09-24 08:16:48','2022-09-24 08:17:09'),(1121,48,44,1,3,325,NULL,'2022-09-24 08:16:48','2022-09-24 08:17:14'),(1122,48,44,1,4,331,NULL,'2022-09-24 08:16:48','2022-09-24 08:17:19'),(1123,48,44,1,5,337,NULL,'2022-09-24 08:16:48','2022-09-24 08:17:24'),(1124,48,44,2,6,343,NULL,'2022-09-24 08:16:48','2022-09-24 08:18:03'),(1125,48,44,2,7,349,NULL,'2022-09-24 08:16:48','2022-09-24 08:18:44'),(1126,48,44,2,8,355,NULL,'2022-09-24 08:16:48','2022-09-24 08:18:50'),(1127,48,44,2,9,361,NULL,'2022-09-24 08:16:48','2022-09-24 08:18:55'),(1128,48,44,2,10,NULL,NULL,'2022-09-24 08:16:48','2022-09-24 08:16:48'),(1129,48,44,2,11,NULL,NULL,'2022-09-24 08:16:48','2022-09-24 08:16:48'),(1130,48,44,2,12,NULL,NULL,'2022-09-24 08:16:48','2022-09-24 08:16:48'),(1131,48,44,2,13,NULL,NULL,'2022-09-24 08:16:48','2022-09-24 08:16:48'),(1132,48,44,2,14,NULL,NULL,'2022-09-24 08:16:48','2022-09-24 08:16:48'),(1133,48,44,2,15,NULL,NULL,'2022-09-24 08:16:48','2022-09-24 08:16:48'),(1134,48,44,2,16,NULL,NULL,'2022-09-24 08:16:48','2022-09-24 08:16:48'),(1135,48,44,2,17,NULL,NULL,'2022-09-24 08:16:48','2022-09-24 08:16:48'),(1136,48,44,2,18,NULL,NULL,'2022-09-24 08:16:48','2022-09-24 08:16:48'),(1137,48,44,2,19,NULL,NULL,'2022-09-24 08:16:48','2022-09-24 08:16:48'),(1138,48,44,2,20,NULL,NULL,'2022-09-24 08:16:48','2022-09-24 08:16:48'),(1139,48,44,3,21,NULL,NULL,'2022-09-24 08:16:48','2022-09-24 08:16:48'),(1140,48,44,3,22,NULL,NULL,'2022-09-24 08:16:48','2022-09-24 08:16:48'),(1141,48,44,3,23,NULL,NULL,'2022-09-24 08:16:48','2022-09-24 08:16:48'),(1142,48,44,4,24,NULL,NULL,'2022-09-24 08:16:48','2022-09-24 08:16:48'),(1143,48,44,4,25,NULL,NULL,'2022-09-24 08:16:48','2022-09-24 08:16:48'),(1144,48,44,4,26,NULL,NULL,'2022-09-24 08:16:48','2022-09-24 08:16:48'),(1145,49,45,1,1,313,NULL,'2022-09-24 23:40:58','2022-09-24 23:58:59'),(1146,49,45,1,2,319,NULL,'2022-09-24 23:40:58','2022-09-24 23:41:10'),(1147,49,45,1,3,325,NULL,'2022-09-24 23:40:58','2022-09-24 23:41:46'),(1148,49,45,1,4,331,NULL,'2022-09-24 23:40:58','2022-09-24 23:41:48'),(1149,49,45,1,5,337,NULL,'2022-09-24 23:40:58','2022-09-24 23:41:51'),(1150,49,45,2,6,343,NULL,'2022-09-24 23:40:58','2022-09-24 23:41:53'),(1151,49,45,2,7,349,NULL,'2022-09-24 23:40:58','2022-09-24 23:41:55'),(1152,49,45,2,8,355,NULL,'2022-09-24 23:40:58','2022-09-24 23:41:57'),(1153,49,45,2,9,361,NULL,'2022-09-24 23:40:58','2022-09-24 23:42:00'),(1154,49,45,2,10,367,NULL,'2022-09-24 23:40:58','2022-09-24 23:42:02'),(1155,49,45,2,11,373,NULL,'2022-09-24 23:40:58','2022-09-24 23:42:04'),(1156,49,45,2,12,379,NULL,'2022-09-24 23:40:58','2022-09-24 23:42:06'),(1157,49,45,2,13,385,NULL,'2022-09-24 23:40:58','2022-09-24 23:42:08'),(1158,49,45,2,14,391,NULL,'2022-09-24 23:40:58','2022-09-24 23:42:10'),(1159,49,45,2,15,397,NULL,'2022-09-24 23:40:58','2022-09-24 23:42:12'),(1160,49,45,2,16,403,NULL,'2022-09-24 23:40:58','2022-09-24 23:42:14'),(1161,49,45,2,17,410,NULL,'2022-09-24 23:40:58','2022-09-24 23:43:06'),(1162,49,45,2,18,415,NULL,'2022-09-24 23:40:58','2022-09-24 23:43:12'),(1163,49,45,2,19,421,NULL,'2022-09-24 23:40:58','2022-09-24 23:43:21'),(1164,49,45,2,20,427,NULL,'2022-09-24 23:40:58','2022-09-24 23:44:04'),(1165,49,45,3,21,433,NULL,'2022-09-24 23:40:58','2022-09-24 23:44:07'),(1166,49,45,3,22,439,NULL,'2022-09-24 23:40:58','2022-09-24 23:44:09'),(1167,49,45,3,23,445,NULL,'2022-09-24 23:40:58','2022-09-24 23:44:17'),(1168,49,45,4,24,451,NULL,'2022-09-24 23:40:58','2022-09-24 23:44:20'),(1169,49,45,4,25,457,NULL,'2022-09-24 23:40:58','2022-09-24 23:44:22'),(1170,49,45,4,26,463,NULL,'2022-09-24 23:40:58','2022-09-24 23:44:24'),(1171,49,46,1,1,313,NULL,'2022-09-24 23:45:26','2022-09-24 23:58:59'),(1172,49,46,1,2,NULL,NULL,'2022-09-24 23:45:26','2022-09-24 23:45:26'),(1173,49,46,1,3,NULL,NULL,'2022-09-24 23:45:26','2022-09-24 23:45:26'),(1174,49,46,1,4,NULL,NULL,'2022-09-24 23:45:26','2022-09-24 23:45:26'),(1175,49,46,1,5,NULL,NULL,'2022-09-24 23:45:26','2022-09-24 23:45:26'),(1176,49,46,2,6,NULL,NULL,'2022-09-24 23:45:26','2022-09-24 23:45:26'),(1177,49,46,2,7,NULL,NULL,'2022-09-24 23:45:26','2022-09-24 23:45:26'),(1178,49,46,2,8,NULL,NULL,'2022-09-24 23:45:26','2022-09-24 23:45:26'),(1179,49,46,2,9,NULL,NULL,'2022-09-24 23:45:26','2022-09-24 23:45:26'),(1180,49,46,2,10,NULL,NULL,'2022-09-24 23:45:26','2022-09-24 23:45:26'),(1181,49,46,2,11,NULL,NULL,'2022-09-24 23:45:26','2022-09-24 23:45:26'),(1182,49,46,2,12,NULL,NULL,'2022-09-24 23:45:26','2022-09-24 23:45:26'),(1183,49,46,2,13,NULL,NULL,'2022-09-24 23:45:26','2022-09-24 23:45:26'),(1184,49,46,2,14,NULL,NULL,'2022-09-24 23:45:26','2022-09-24 23:45:26'),(1185,49,46,2,15,NULL,NULL,'2022-09-24 23:45:26','2022-09-24 23:45:26'),(1186,49,46,2,16,NULL,NULL,'2022-09-24 23:45:26','2022-09-24 23:45:26'),(1187,49,46,2,17,NULL,NULL,'2022-09-24 23:45:26','2022-09-24 23:45:26'),(1188,49,46,2,18,NULL,NULL,'2022-09-24 23:45:26','2022-09-24 23:45:26'),(1189,49,46,2,19,NULL,NULL,'2022-09-24 23:45:26','2022-09-24 23:45:26'),(1190,49,46,2,20,NULL,NULL,'2022-09-24 23:45:26','2022-09-24 23:45:26'),(1191,49,46,3,21,NULL,NULL,'2022-09-24 23:45:26','2022-09-24 23:45:26'),(1192,49,46,3,22,NULL,NULL,'2022-09-24 23:45:26','2022-09-24 23:45:26'),(1193,49,46,3,23,NULL,NULL,'2022-09-24 23:45:26','2022-09-24 23:45:26'),(1194,49,46,4,24,NULL,NULL,'2022-09-24 23:45:26','2022-09-24 23:45:26'),(1195,49,46,4,25,NULL,NULL,'2022-09-24 23:45:26','2022-09-24 23:45:26'),(1196,49,46,4,26,NULL,NULL,'2022-09-24 23:45:26','2022-09-24 23:45:26'),(1197,50,47,1,1,313,NULL,'2022-11-01 04:37:09','2022-11-01 04:37:15'),(1198,50,47,1,2,319,NULL,'2022-11-01 04:37:09','2022-11-01 04:37:18'),(1199,50,47,1,3,325,NULL,'2022-11-01 04:37:09','2022-11-01 04:37:20'),(1200,50,47,1,4,331,NULL,'2022-11-01 04:37:09','2022-11-01 04:37:22'),(1201,50,47,1,5,337,NULL,'2022-11-01 04:37:09','2022-11-01 04:37:24'),(1202,50,47,2,6,343,NULL,'2022-11-01 04:37:09','2022-11-01 04:37:28'),(1203,50,47,2,7,349,NULL,'2022-11-01 04:37:09','2022-11-01 04:37:31'),(1204,50,47,2,8,355,NULL,'2022-11-01 04:37:09','2022-11-01 04:37:33'),(1205,50,47,2,9,361,NULL,'2022-11-01 04:37:09','2022-11-01 04:37:35'),(1206,50,47,2,10,367,NULL,'2022-11-01 04:37:09','2022-11-01 04:37:36'),(1207,50,47,2,11,373,NULL,'2022-11-01 04:37:09','2022-11-01 04:37:38'),(1208,50,47,2,12,379,NULL,'2022-11-01 04:37:09','2022-11-01 04:37:40'),(1209,50,47,2,13,385,NULL,'2022-11-01 04:37:09','2022-11-01 04:37:42'),(1210,50,47,2,14,395,NULL,'2022-11-01 04:37:09','2022-11-01 04:37:44'),(1211,50,47,2,15,397,NULL,'2022-11-01 04:37:09','2022-11-01 04:37:46'),(1212,50,47,2,16,403,NULL,'2022-11-01 04:37:09','2022-11-01 04:37:48'),(1213,50,47,2,17,409,NULL,'2022-11-01 04:37:09','2022-11-01 04:37:50'),(1214,50,47,2,18,415,NULL,'2022-11-01 04:37:09','2022-11-01 04:37:51'),(1215,50,47,2,19,421,NULL,'2022-11-01 04:37:09','2022-11-01 04:37:53'),(1216,50,47,2,20,427,NULL,'2022-11-01 04:37:09','2022-11-01 04:37:55'),(1217,50,47,3,21,433,NULL,'2022-11-01 04:37:09','2022-11-01 04:37:56'),(1218,50,47,3,22,439,NULL,'2022-11-01 04:37:09','2022-11-01 04:37:58'),(1219,50,47,3,23,445,NULL,'2022-11-01 04:37:09','2022-11-01 04:38:00'),(1220,50,47,4,24,451,NULL,'2022-11-01 04:37:09','2022-11-01 04:38:01'),(1221,50,47,4,25,457,NULL,'2022-11-01 04:37:09','2022-11-01 04:38:03'),(1222,50,47,4,26,463,NULL,'2022-11-01 04:37:09','2022-11-01 04:38:05'),(1223,51,48,1,1,313,NULL,'2022-11-09 00:17:30','2022-11-09 00:17:43'),(1224,51,48,1,2,319,NULL,'2022-11-09 00:17:30','2022-11-09 00:18:01'),(1225,51,48,1,3,325,NULL,'2022-11-09 00:17:30','2022-11-09 00:18:04'),(1226,51,48,1,4,331,NULL,'2022-11-09 00:17:30','2022-11-09 00:18:07'),(1227,51,48,1,5,337,NULL,'2022-11-09 00:17:30','2022-11-09 00:18:09'),(1228,51,48,2,6,343,NULL,'2022-11-09 00:17:30','2022-11-09 00:18:11'),(1229,51,48,2,7,349,NULL,'2022-11-09 00:17:30','2022-11-09 00:18:13'),(1230,51,48,2,8,355,NULL,'2022-11-09 00:17:30','2022-11-09 00:18:15'),(1231,51,48,2,9,361,NULL,'2022-11-09 00:17:30','2022-11-09 00:18:18'),(1232,51,48,2,10,367,NULL,'2022-11-09 00:17:30','2022-11-09 00:18:20'),(1233,51,48,2,11,373,NULL,'2022-11-09 00:17:30','2022-11-09 00:18:22'),(1234,51,48,2,12,379,NULL,'2022-11-09 00:17:30','2022-11-09 00:18:24'),(1235,51,48,2,13,385,NULL,'2022-11-09 00:17:30','2022-11-09 00:18:26'),(1236,51,48,2,14,391,NULL,'2022-11-09 00:17:30','2022-11-09 00:18:30'),(1237,51,48,2,15,397,NULL,'2022-11-09 00:17:30','2022-11-09 00:18:32'),(1238,51,48,2,16,403,NULL,'2022-11-09 00:17:30','2022-11-09 00:18:36'),(1239,51,48,2,17,409,NULL,'2022-11-09 00:17:30','2022-11-09 00:18:38'),(1240,51,48,2,18,415,NULL,'2022-11-09 00:17:30','2022-11-09 00:18:40'),(1241,51,48,2,19,421,NULL,'2022-11-09 00:17:30','2022-11-09 00:18:42'),(1242,51,48,2,20,427,NULL,'2022-11-09 00:17:30','2022-11-09 00:18:44'),(1243,51,48,3,21,433,NULL,'2022-11-09 00:17:30','2022-11-09 00:18:48'),(1244,51,48,3,22,439,NULL,'2022-11-09 00:17:30','2022-11-09 00:19:43'),(1245,51,48,3,23,445,NULL,'2022-11-09 00:17:30','2022-11-09 00:19:46'),(1246,51,48,4,24,451,NULL,'2022-11-09 00:17:30','2022-11-09 00:19:48'),(1247,51,48,4,25,457,NULL,'2022-11-09 00:17:30','2022-11-09 00:19:51'),(1248,51,48,4,26,463,NULL,'2022-11-09 00:17:30','2022-11-09 00:19:53'),(1249,52,49,1,1,313,NULL,'2022-11-09 00:25:06','2022-11-09 00:25:20'),(1250,52,49,1,2,NULL,NULL,'2022-11-09 00:25:06','2022-11-09 00:25:06'),(1251,52,49,1,3,NULL,NULL,'2022-11-09 00:25:06','2022-11-09 00:25:06'),(1252,52,49,1,4,NULL,NULL,'2022-11-09 00:25:06','2022-11-09 00:25:06'),(1253,52,49,1,5,NULL,NULL,'2022-11-09 00:25:06','2022-11-09 00:25:06'),(1254,52,49,2,6,NULL,NULL,'2022-11-09 00:25:06','2022-11-09 00:25:06'),(1255,52,49,2,7,NULL,NULL,'2022-11-09 00:25:06','2022-11-09 00:25:06'),(1256,52,49,2,8,NULL,NULL,'2022-11-09 00:25:06','2022-11-09 00:25:06'),(1257,52,49,2,9,NULL,NULL,'2022-11-09 00:25:06','2022-11-09 00:25:06'),(1258,52,49,2,10,NULL,NULL,'2022-11-09 00:25:06','2022-11-09 00:25:06'),(1259,52,49,2,11,NULL,NULL,'2022-11-09 00:25:06','2022-11-09 00:25:06'),(1260,52,49,2,12,NULL,NULL,'2022-11-09 00:25:06','2022-11-09 00:25:06'),(1261,52,49,2,13,NULL,NULL,'2022-11-09 00:25:06','2022-11-09 00:25:06'),(1262,52,49,2,14,NULL,NULL,'2022-11-09 00:25:06','2022-11-09 00:25:06'),(1263,52,49,2,15,NULL,NULL,'2022-11-09 00:25:06','2022-11-09 00:25:06'),(1264,52,49,2,16,NULL,NULL,'2022-11-09 00:25:06','2022-11-09 00:25:06'),(1265,52,49,2,17,NULL,NULL,'2022-11-09 00:25:06','2022-11-09 00:25:06'),(1266,52,49,2,18,NULL,NULL,'2022-11-09 00:25:06','2022-11-09 00:25:06'),(1267,52,49,2,19,NULL,NULL,'2022-11-09 00:25:06','2022-11-09 00:25:06'),(1268,52,49,2,20,NULL,NULL,'2022-11-09 00:25:06','2022-11-09 00:25:06'),(1269,52,49,3,21,NULL,NULL,'2022-11-09 00:25:06','2022-11-09 00:25:06'),(1270,52,49,3,22,NULL,NULL,'2022-11-09 00:25:06','2022-11-09 00:25:06'),(1271,52,49,3,23,NULL,NULL,'2022-11-09 00:25:06','2022-11-09 00:25:06'),(1272,52,49,4,24,NULL,NULL,'2022-11-09 00:25:06','2022-11-09 00:25:06'),(1273,52,49,4,25,NULL,NULL,'2022-11-09 00:25:06','2022-11-09 00:25:06'),(1274,52,49,4,26,NULL,NULL,'2022-11-09 00:25:06','2022-11-09 00:25:06'),(1275,53,50,1,1,313,NULL,'2022-11-10 08:42:53','2022-11-10 08:43:01'),(1276,53,50,1,2,319,NULL,'2022-11-10 08:42:53','2022-11-10 08:43:02'),(1277,53,50,1,3,325,NULL,'2022-11-10 08:42:53','2022-11-10 08:43:10'),(1278,53,50,1,4,331,NULL,'2022-11-10 08:42:53','2022-11-10 08:43:13'),(1279,53,50,1,5,337,NULL,'2022-11-10 08:42:53','2022-11-10 08:43:15'),(1280,53,50,2,6,343,NULL,'2022-11-10 08:42:53','2022-11-10 08:43:17'),(1281,53,50,2,7,349,NULL,'2022-11-10 08:42:53','2022-11-10 08:43:19'),(1282,53,50,2,8,355,NULL,'2022-11-10 08:42:53','2022-11-10 08:43:21'),(1283,53,50,2,9,361,NULL,'2022-11-10 08:42:53','2022-11-10 08:43:23'),(1284,53,50,2,10,367,NULL,'2022-11-10 08:42:53','2022-11-10 08:43:25'),(1285,53,50,2,11,373,NULL,'2022-11-10 08:42:53','2022-11-10 08:43:27'),(1286,53,50,2,12,379,NULL,'2022-11-10 08:42:53','2022-11-10 08:43:29'),(1287,53,50,2,13,385,NULL,'2022-11-10 08:42:53','2022-11-10 08:43:30'),(1288,53,50,2,14,391,NULL,'2022-11-10 08:42:53','2022-11-10 08:43:32'),(1289,53,50,2,15,397,NULL,'2022-11-10 08:42:53','2022-11-10 08:43:34'),(1290,53,50,2,16,403,NULL,'2022-11-10 08:42:53','2022-11-10 08:43:36'),(1291,53,50,2,17,409,NULL,'2022-11-10 08:42:53','2022-11-10 08:43:38'),(1292,53,50,2,18,415,NULL,'2022-11-10 08:42:53','2022-11-10 08:43:42'),(1293,53,50,2,19,421,NULL,'2022-11-10 08:42:53','2022-11-10 08:43:45'),(1294,53,50,2,20,427,NULL,'2022-11-10 08:42:53','2022-11-10 08:43:47'),(1295,53,50,3,21,433,NULL,'2022-11-10 08:42:53','2022-11-10 08:43:51'),(1296,53,50,3,22,439,NULL,'2022-11-10 08:42:53','2022-11-10 08:43:53'),(1297,53,50,3,23,445,NULL,'2022-11-10 08:42:53','2022-11-10 08:43:56'),(1298,53,50,4,24,451,NULL,'2022-11-10 08:42:53','2022-11-10 08:43:58'),(1299,53,50,4,25,457,NULL,'2022-11-10 08:42:53','2022-11-10 08:44:00'),(1300,53,50,4,26,463,NULL,'2022-11-10 08:42:53','2022-11-10 08:44:02'),(1301,54,51,1,1,313,NULL,'2022-11-10 18:09:36','2022-11-10 18:09:42'),(1302,54,51,1,2,319,NULL,'2022-11-10 18:09:36','2022-11-10 18:09:44'),(1303,54,51,1,3,325,NULL,'2022-11-10 18:09:36','2022-11-10 18:09:46'),(1304,54,51,1,4,331,NULL,'2022-11-10 18:09:36','2022-11-10 18:09:49'),(1305,54,51,1,5,337,NULL,'2022-11-10 18:09:36','2022-11-10 18:09:51'),(1306,54,51,2,6,343,NULL,'2022-11-10 18:09:36','2022-11-10 18:09:53'),(1307,54,51,2,7,349,NULL,'2022-11-10 18:09:36','2022-11-10 18:09:54'),(1308,54,51,2,8,355,NULL,'2022-11-10 18:09:36','2022-11-10 18:09:57'),(1309,54,51,2,9,361,NULL,'2022-11-10 18:09:36','2022-11-10 18:10:05'),(1310,54,51,2,10,367,NULL,'2022-11-10 18:09:36','2022-11-10 18:10:07'),(1311,54,51,2,11,373,NULL,'2022-11-10 18:09:36','2022-11-10 18:10:09'),(1312,54,51,2,12,379,NULL,'2022-11-10 18:09:36','2022-11-10 18:10:11'),(1313,54,51,2,13,385,NULL,'2022-11-10 18:09:36','2022-11-10 18:10:13'),(1314,54,51,2,14,391,NULL,'2022-11-10 18:09:36','2022-11-10 18:10:15'),(1315,54,51,2,15,397,NULL,'2022-11-10 18:09:36','2022-11-10 18:10:17'),(1316,54,51,2,16,403,NULL,'2022-11-10 18:09:36','2022-11-10 18:10:19'),(1317,54,51,2,17,409,NULL,'2022-11-10 18:09:36','2022-11-10 18:10:21'),(1318,54,51,2,18,415,NULL,'2022-11-10 18:09:36','2022-11-10 18:10:22'),(1319,54,51,2,19,421,NULL,'2022-11-10 18:09:36','2022-11-10 18:10:24'),(1320,54,51,2,20,427,NULL,'2022-11-10 18:09:36','2022-11-10 18:10:26'),(1321,54,51,3,21,433,NULL,'2022-11-10 18:09:36','2022-11-10 18:10:28'),(1322,54,51,3,22,439,NULL,'2022-11-10 18:09:36','2022-11-10 18:10:30'),(1323,54,51,3,23,445,NULL,'2022-11-10 18:09:36','2022-11-10 18:10:32'),(1324,54,51,4,24,451,NULL,'2022-11-10 18:09:36','2022-11-10 18:10:34'),(1325,54,51,4,25,457,NULL,'2022-11-10 18:09:36','2022-11-10 18:10:36'),(1326,54,51,4,26,463,NULL,'2022-11-10 18:09:36','2022-11-10 18:10:38'),(1327,55,52,1,1,313,NULL,'2022-11-10 18:48:35','2022-11-10 18:48:42'),(1328,55,52,1,2,319,NULL,'2022-11-10 18:48:35','2022-11-10 18:48:45'),(1329,55,52,1,3,325,NULL,'2022-11-10 18:48:35','2022-11-10 18:48:47'),(1330,55,52,1,4,331,NULL,'2022-11-10 18:48:35','2022-11-10 18:48:49'),(1331,55,52,1,5,337,NULL,'2022-11-10 18:48:35','2022-11-10 18:48:51'),(1332,55,52,2,6,343,NULL,'2022-11-10 18:48:35','2022-11-10 18:48:54'),(1333,55,52,2,7,349,NULL,'2022-11-10 18:48:35','2022-11-10 18:48:56'),(1334,55,52,2,8,355,NULL,'2022-11-10 18:48:35','2022-11-10 18:48:58'),(1335,55,52,2,9,361,NULL,'2022-11-10 18:48:35','2022-11-10 18:49:00'),(1336,55,52,2,10,367,NULL,'2022-11-10 18:48:35','2022-11-10 18:49:02'),(1337,55,52,2,11,373,NULL,'2022-11-10 18:48:35','2022-11-10 18:49:04'),(1338,55,52,2,12,379,NULL,'2022-11-10 18:48:35','2022-11-10 18:49:19'),(1339,55,52,2,13,385,NULL,'2022-11-10 18:48:35','2022-11-10 18:49:21'),(1340,55,52,2,14,391,NULL,'2022-11-10 18:48:35','2022-11-10 18:49:25'),(1341,55,52,2,15,397,NULL,'2022-11-10 18:48:35','2022-11-10 18:49:32'),(1342,55,52,2,16,403,NULL,'2022-11-10 18:48:35','2022-11-10 18:49:34'),(1343,55,52,2,17,409,NULL,'2022-11-10 18:48:35','2022-11-10 18:49:36'),(1344,55,52,2,18,415,NULL,'2022-11-10 18:48:35','2022-11-10 18:49:38'),(1345,55,52,2,19,421,NULL,'2022-11-10 18:48:35','2022-11-10 18:49:40'),(1346,55,52,2,20,427,NULL,'2022-11-10 18:48:35','2022-11-10 18:49:42'),(1347,55,52,3,21,433,NULL,'2022-11-10 18:48:35','2022-11-10 18:49:45'),(1348,55,52,3,22,439,NULL,'2022-11-10 18:48:35','2022-11-10 18:49:50'),(1349,55,52,3,23,445,NULL,'2022-11-10 18:48:35','2022-11-10 18:49:52'),(1350,55,52,4,24,451,NULL,'2022-11-10 18:48:35','2022-11-10 18:49:55'),(1351,55,52,4,25,457,NULL,'2022-11-10 18:48:35','2022-11-10 18:49:57'),(1352,55,52,4,26,463,NULL,'2022-11-10 18:48:35','2022-11-10 18:50:00'),(1353,56,53,1,1,313,NULL,'2022-11-10 22:48:30','2022-11-10 22:49:38'),(1354,56,53,1,2,319,NULL,'2022-11-10 22:48:30','2022-11-10 22:49:40'),(1355,56,53,1,3,325,NULL,'2022-11-10 22:48:30','2022-11-10 22:49:42'),(1356,56,53,1,4,331,NULL,'2022-11-10 22:48:30','2022-11-10 22:49:44'),(1357,56,53,1,5,337,NULL,'2022-11-10 22:48:30','2022-11-10 22:49:46'),(1358,56,53,2,6,343,NULL,'2022-11-10 22:48:30','2022-11-10 22:49:48'),(1359,56,53,2,7,349,NULL,'2022-11-10 22:48:30','2022-11-10 22:49:49'),(1360,56,53,2,8,355,NULL,'2022-11-10 22:48:30','2022-11-10 22:49:51'),(1361,56,53,2,9,361,NULL,'2022-11-10 22:48:30','2022-11-10 22:50:05'),(1362,56,53,2,10,367,NULL,'2022-11-10 22:48:30','2022-11-10 22:50:11'),(1363,56,53,2,11,373,NULL,'2022-11-10 22:48:30','2022-11-10 22:50:15'),(1364,56,53,2,12,380,NULL,'2022-11-10 22:48:30','2022-11-10 22:50:19'),(1365,56,53,2,13,385,NULL,'2022-11-10 22:48:30','2022-11-10 22:50:26'),(1366,56,53,2,14,391,NULL,'2022-11-10 22:48:30','2022-11-10 22:50:28'),(1367,56,53,2,15,397,NULL,'2022-11-10 22:48:30','2022-11-10 22:50:34'),(1368,56,53,2,16,403,NULL,'2022-11-10 22:48:30','2022-11-10 22:50:37'),(1369,56,53,2,17,409,NULL,'2022-11-10 22:48:30','2022-11-10 22:50:41'),(1370,56,53,2,18,415,NULL,'2022-11-10 22:48:30','2022-11-10 22:50:44'),(1371,56,53,2,19,421,NULL,'2022-11-10 22:48:30','2022-11-10 22:50:45'),(1372,56,53,2,20,427,NULL,'2022-11-10 22:48:30','2022-11-10 22:50:47'),(1373,56,53,3,21,433,NULL,'2022-11-10 22:48:30','2022-11-10 22:50:49'),(1374,56,53,3,22,439,NULL,'2022-11-10 22:48:30','2022-11-10 22:50:50'),(1375,56,53,3,23,445,NULL,'2022-11-10 22:48:30','2022-11-10 22:50:52'),(1376,56,53,4,24,451,NULL,'2022-11-10 22:48:30','2022-11-10 22:50:54'),(1377,56,53,4,25,457,NULL,'2022-11-10 22:48:30','2022-11-10 22:50:56'),(1378,56,53,4,26,463,NULL,'2022-11-10 22:48:30','2022-11-10 22:50:57'),(1379,58,54,1,1,313,NULL,'2022-11-11 01:06:36','2022-11-11 01:06:44'),(1380,58,54,1,2,319,NULL,'2022-11-11 01:06:36','2022-11-11 01:06:46'),(1381,58,54,1,3,325,NULL,'2022-11-11 01:06:36','2022-11-11 01:06:48'),(1382,58,54,1,4,331,NULL,'2022-11-11 01:06:36','2022-11-11 01:06:50'),(1383,58,54,1,5,337,NULL,'2022-11-11 01:06:36','2022-11-11 01:06:52'),(1384,58,54,2,6,343,NULL,'2022-11-11 01:06:36','2022-11-11 01:06:54'),(1385,58,54,2,7,349,NULL,'2022-11-11 01:06:36','2022-11-11 01:06:56'),(1386,58,54,2,8,355,NULL,'2022-11-11 01:06:36','2022-11-11 01:06:58'),(1387,58,54,2,9,361,NULL,'2022-11-11 01:06:36','2022-11-11 01:07:00'),(1388,58,54,2,10,367,NULL,'2022-11-11 01:06:36','2022-11-11 01:07:02'),(1389,58,54,2,11,373,NULL,'2022-11-11 01:06:36','2022-11-11 01:07:05'),(1390,58,54,2,12,379,NULL,'2022-11-11 01:06:36','2022-11-11 01:07:07'),(1391,58,54,2,13,385,NULL,'2022-11-11 01:06:36','2022-11-11 01:07:08'),(1392,58,54,2,14,391,NULL,'2022-11-11 01:06:36','2022-11-11 01:07:10'),(1393,58,54,2,15,397,NULL,'2022-11-11 01:06:36','2022-11-11 01:07:12'),(1394,58,54,2,16,403,NULL,'2022-11-11 01:06:36','2022-11-11 01:07:15'),(1395,58,54,2,17,409,NULL,'2022-11-11 01:06:36','2022-11-11 01:07:16'),(1396,58,54,2,18,415,NULL,'2022-11-11 01:06:36','2022-11-11 01:07:18'),(1397,58,54,2,19,421,NULL,'2022-11-11 01:06:36','2022-11-11 01:07:20'),(1398,58,54,2,20,427,NULL,'2022-11-11 01:06:36','2022-11-11 01:07:22'),(1399,58,54,3,21,433,NULL,'2022-11-11 01:06:36','2022-11-11 01:07:24'),(1400,58,54,3,22,439,NULL,'2022-11-11 01:06:36','2022-11-11 01:07:26'),(1401,58,54,3,23,445,NULL,'2022-11-11 01:06:36','2022-11-11 01:07:28'),(1402,58,54,4,24,451,NULL,'2022-11-11 01:06:36','2022-11-11 01:07:30'),(1403,58,54,4,25,457,NULL,'2022-11-11 01:06:36','2022-11-11 01:07:32'),(1404,58,54,4,26,463,NULL,'2022-11-11 01:06:36','2022-11-11 01:07:33'),(1405,59,55,1,1,313,NULL,'2022-11-11 01:24:24','2022-11-11 01:24:45'),(1406,59,55,1,2,319,NULL,'2022-11-11 01:24:24','2022-11-11 01:24:47'),(1407,59,55,1,3,325,NULL,'2022-11-11 01:24:24','2022-11-11 01:24:49'),(1408,59,55,1,4,331,NULL,'2022-11-11 01:24:24','2022-11-11 01:24:51'),(1409,59,55,1,5,337,NULL,'2022-11-11 01:24:24','2022-11-11 01:24:53'),(1410,59,55,2,6,343,NULL,'2022-11-11 01:24:24','2022-11-11 01:24:54'),(1411,59,55,2,7,349,NULL,'2022-11-11 01:24:24','2022-11-11 01:24:56'),(1412,59,55,2,8,355,NULL,'2022-11-11 01:24:24','2022-11-11 01:24:57'),(1413,59,55,2,9,361,NULL,'2022-11-11 01:24:24','2022-11-11 01:24:59'),(1414,59,55,2,10,367,NULL,'2022-11-11 01:24:24','2022-11-11 01:25:01'),(1415,59,55,2,11,373,NULL,'2022-11-11 01:24:24','2022-11-11 01:25:02'),(1416,59,55,2,12,379,NULL,'2022-11-11 01:24:24','2022-11-11 01:25:05'),(1417,59,55,2,13,385,NULL,'2022-11-11 01:24:24','2022-11-11 01:25:08'),(1418,59,55,2,14,391,NULL,'2022-11-11 01:24:24','2022-11-11 01:25:10'),(1419,59,55,2,15,397,NULL,'2022-11-11 01:24:24','2022-11-11 01:25:12'),(1420,59,55,2,16,403,NULL,'2022-11-11 01:24:24','2022-11-11 01:25:13'),(1421,59,55,2,17,409,NULL,'2022-11-11 01:24:24','2022-11-11 01:25:15'),(1422,59,55,2,18,415,NULL,'2022-11-11 01:24:24','2022-11-11 01:25:17'),(1423,59,55,2,19,421,NULL,'2022-11-11 01:24:24','2022-11-11 01:25:19'),(1424,59,55,2,20,427,NULL,'2022-11-11 01:24:24','2022-11-11 01:25:21'),(1425,59,55,3,21,433,NULL,'2022-11-11 01:24:24','2022-11-11 01:25:22'),(1426,59,55,3,22,439,NULL,'2022-11-11 01:24:24','2022-11-11 01:25:24'),(1427,59,55,3,23,445,NULL,'2022-11-11 01:24:24','2022-11-11 01:25:27'),(1428,59,55,4,24,451,NULL,'2022-11-11 01:24:24','2022-11-11 01:25:31'),(1429,59,55,4,25,457,NULL,'2022-11-11 01:24:24','2022-11-11 01:25:32'),(1430,59,55,4,26,463,NULL,'2022-11-11 01:24:24','2022-11-11 01:25:34'),(1431,60,56,1,1,NULL,NULL,'2022-11-11 10:57:24','2022-11-11 10:57:24'),(1432,60,56,1,2,NULL,NULL,'2022-11-11 10:57:24','2022-11-11 10:57:24'),(1433,60,56,1,3,NULL,NULL,'2022-11-11 10:57:24','2022-11-11 10:57:24'),(1434,60,56,1,4,NULL,NULL,'2022-11-11 10:57:24','2022-11-11 10:57:24'),(1435,60,56,1,5,NULL,NULL,'2022-11-11 10:57:24','2022-11-11 10:57:24'),(1436,60,56,2,6,NULL,NULL,'2022-11-11 10:57:24','2022-11-11 10:57:24'),(1437,60,56,2,7,NULL,NULL,'2022-11-11 10:57:24','2022-11-11 10:57:24'),(1438,60,56,2,8,NULL,NULL,'2022-11-11 10:57:24','2022-11-11 10:57:24'),(1439,60,56,2,9,NULL,NULL,'2022-11-11 10:57:24','2022-11-11 10:57:24'),(1440,60,56,2,10,NULL,NULL,'2022-11-11 10:57:24','2022-11-11 10:57:24'),(1441,60,56,2,11,NULL,NULL,'2022-11-11 10:57:24','2022-11-11 10:57:24'),(1442,60,56,2,12,NULL,NULL,'2022-11-11 10:57:24','2022-11-11 10:57:24'),(1443,60,56,2,13,NULL,NULL,'2022-11-11 10:57:24','2022-11-11 10:57:24'),(1444,60,56,2,14,NULL,NULL,'2022-11-11 10:57:24','2022-11-11 10:57:24'),(1445,60,56,2,15,NULL,NULL,'2022-11-11 10:57:24','2022-11-11 10:57:24'),(1446,60,56,2,16,NULL,NULL,'2022-11-11 10:57:24','2022-11-11 10:57:24'),(1447,60,56,2,17,NULL,NULL,'2022-11-11 10:57:24','2022-11-11 10:57:24'),(1448,60,56,2,18,NULL,NULL,'2022-11-11 10:57:24','2022-11-11 10:57:24'),(1449,60,56,2,19,NULL,NULL,'2022-11-11 10:57:24','2022-11-11 10:57:24'),(1450,60,56,2,20,NULL,NULL,'2022-11-11 10:57:24','2022-11-11 10:57:24'),(1451,60,56,3,21,NULL,NULL,'2022-11-11 10:57:24','2022-11-11 10:57:24'),(1452,60,56,3,22,NULL,NULL,'2022-11-11 10:57:24','2022-11-11 10:57:24'),(1453,60,56,3,23,NULL,NULL,'2022-11-11 10:57:24','2022-11-11 10:57:24'),(1454,60,56,4,24,NULL,NULL,'2022-11-11 10:57:24','2022-11-11 10:57:24'),(1455,60,56,4,25,NULL,NULL,'2022-11-11 10:57:24','2022-11-11 10:57:24'),(1456,60,56,4,26,NULL,NULL,'2022-11-11 10:57:24','2022-11-11 10:57:24'),(1457,61,57,1,1,313,NULL,'2022-11-14 02:42:05','2022-11-14 02:42:10'),(1458,61,57,1,2,319,NULL,'2022-11-14 02:42:05','2022-11-14 02:42:12'),(1459,61,57,1,3,325,NULL,'2022-11-14 02:42:05','2022-11-14 02:43:42'),(1460,61,57,1,4,331,NULL,'2022-11-14 02:42:05','2022-11-14 02:43:44'),(1461,61,57,1,5,337,NULL,'2022-11-14 02:42:05','2022-11-14 02:43:46'),(1462,61,57,2,6,343,NULL,'2022-11-14 02:42:05','2022-11-14 02:43:48'),(1463,61,57,2,7,349,NULL,'2022-11-14 02:42:05','2022-11-14 02:46:49'),(1464,61,57,2,8,355,NULL,'2022-11-14 02:42:05','2022-11-14 02:46:52'),(1465,61,57,2,9,361,NULL,'2022-11-14 02:42:05','2022-11-14 02:47:02'),(1466,61,57,2,10,367,NULL,'2022-11-14 02:42:05','2022-11-14 02:47:04'),(1467,61,57,2,11,373,NULL,'2022-11-14 02:42:05','2022-11-14 02:47:10'),(1468,61,57,2,12,379,NULL,'2022-11-14 02:42:05','2022-11-14 02:47:12'),(1469,61,57,2,13,385,NULL,'2022-11-14 02:42:05','2022-11-14 02:47:20'),(1470,61,57,2,14,394,NULL,'2022-11-14 02:42:05','2022-11-14 02:47:23'),(1471,61,57,2,15,397,NULL,'2022-11-14 02:42:05','2022-11-14 02:47:27'),(1472,61,57,2,16,403,NULL,'2022-11-14 02:42:05','2022-11-14 02:47:29'),(1473,61,57,2,17,409,NULL,'2022-11-14 02:42:05','2022-11-14 02:47:31'),(1474,61,57,2,18,415,NULL,'2022-11-14 02:42:05','2022-11-14 02:47:33'),(1475,61,57,2,19,421,NULL,'2022-11-14 02:42:05','2022-11-14 02:47:35'),(1476,61,57,2,20,427,NULL,'2022-11-14 02:42:05','2022-11-14 02:47:37'),(1477,61,57,3,21,433,NULL,'2022-11-14 02:42:05','2022-11-14 02:47:40'),(1478,61,57,3,22,439,NULL,'2022-11-14 02:42:05','2022-11-14 02:47:42'),(1479,61,57,3,23,445,NULL,'2022-11-14 02:42:05','2022-11-14 02:47:44'),(1480,61,57,4,24,451,NULL,'2022-11-14 02:42:05','2022-11-14 02:47:47'),(1481,61,57,4,25,457,NULL,'2022-11-14 02:42:05','2022-11-14 02:47:49'),(1482,61,57,4,26,463,NULL,'2022-11-14 02:42:05','2022-11-14 02:47:52'),(1483,62,58,1,1,313,NULL,'2022-11-14 02:57:10','2022-11-14 02:57:24'),(1484,62,58,1,2,319,NULL,'2022-11-14 02:57:10','2022-11-14 02:57:20'),(1485,62,58,1,3,325,NULL,'2022-11-14 02:57:10','2022-11-14 02:57:25'),(1486,62,58,1,4,331,NULL,'2022-11-14 02:57:10','2022-11-14 02:57:31'),(1487,62,58,1,5,337,NULL,'2022-11-14 02:57:10','2022-11-14 02:57:33'),(1488,62,58,2,6,343,NULL,'2022-11-14 02:57:10','2022-11-14 02:57:35'),(1489,62,58,2,7,349,NULL,'2022-11-14 02:57:10','2022-11-14 02:57:37'),(1490,62,58,2,8,355,NULL,'2022-11-14 02:57:10','2022-11-14 02:57:40'),(1491,62,58,2,9,361,NULL,'2022-11-14 02:57:10','2022-11-14 02:57:42'),(1492,62,58,2,10,367,NULL,'2022-11-14 02:57:10','2022-11-14 02:57:44'),(1493,62,58,2,11,373,NULL,'2022-11-14 02:57:10','2022-11-14 02:57:46'),(1494,62,58,2,12,379,NULL,'2022-11-14 02:57:10','2022-11-14 02:57:48'),(1495,62,58,2,13,385,NULL,'2022-11-14 02:57:10','2022-11-14 02:57:52'),(1496,62,58,2,14,391,NULL,'2022-11-14 02:57:10','2022-11-14 02:57:55'),(1497,62,58,2,15,397,NULL,'2022-11-14 02:57:10','2022-11-14 02:57:57'),(1498,62,58,2,16,403,NULL,'2022-11-14 02:57:10','2022-11-14 02:57:59'),(1499,62,58,2,17,409,NULL,'2022-11-14 02:57:10','2022-11-14 02:58:03'),(1500,62,58,2,18,415,NULL,'2022-11-14 02:57:10','2022-11-14 02:58:05'),(1501,62,58,2,19,421,NULL,'2022-11-14 02:57:10','2022-11-14 02:58:07'),(1502,62,58,2,20,427,NULL,'2022-11-14 02:57:10','2022-11-14 02:58:09'),(1503,62,58,3,21,433,NULL,'2022-11-14 02:57:10','2022-11-14 02:58:13'),(1504,62,58,3,22,439,NULL,'2022-11-14 02:57:10','2022-11-14 02:58:16'),(1505,62,58,3,23,445,NULL,'2022-11-14 02:57:10','2022-11-14 02:58:19'),(1506,62,58,4,24,451,NULL,'2022-11-14 02:57:10','2022-11-14 02:58:22'),(1507,62,58,4,25,457,NULL,'2022-11-14 02:57:10','2022-11-14 02:58:24'),(1508,62,58,4,26,463,NULL,'2022-11-14 02:57:10','2022-11-14 02:58:28'),(1509,63,59,1,1,313,NULL,'2022-11-16 09:34:46','2022-11-16 09:34:53'),(1510,63,59,1,2,319,NULL,'2022-11-16 09:34:46','2022-11-16 09:34:55'),(1511,63,59,1,3,325,NULL,'2022-11-16 09:34:46','2022-11-16 09:34:57'),(1512,63,59,1,4,331,NULL,'2022-11-16 09:34:46','2022-11-16 09:35:05'),(1513,63,59,1,5,337,NULL,'2022-11-16 09:34:46','2022-11-16 09:35:03'),(1514,63,59,2,6,343,NULL,'2022-11-16 09:34:46','2022-11-16 09:35:23'),(1515,63,59,2,7,349,NULL,'2022-11-16 09:34:46','2022-11-16 09:35:25'),(1516,63,59,2,8,355,NULL,'2022-11-16 09:34:46','2022-11-16 09:35:27'),(1517,63,59,2,9,361,NULL,'2022-11-16 09:34:46','2022-11-16 09:35:29'),(1518,63,59,2,10,367,NULL,'2022-11-16 09:34:46','2022-11-16 09:35:30'),(1519,63,59,2,11,373,NULL,'2022-11-16 09:34:46','2022-11-16 09:35:34'),(1520,63,59,2,12,379,NULL,'2022-11-16 09:34:46','2022-11-16 09:35:35'),(1521,63,59,2,13,385,NULL,'2022-11-16 09:34:46','2022-11-16 09:35:41'),(1522,63,59,2,14,391,NULL,'2022-11-16 09:34:46','2022-11-16 09:35:43'),(1523,63,59,2,15,397,NULL,'2022-11-16 09:34:46','2022-11-16 09:35:45'),(1524,63,59,2,16,403,NULL,'2022-11-16 09:34:46','2022-11-16 09:35:47'),(1525,63,59,2,17,409,NULL,'2022-11-16 09:34:46','2022-11-16 09:35:50'),(1526,63,59,2,18,415,NULL,'2022-11-16 09:34:46','2022-11-16 09:35:52'),(1527,63,59,2,19,421,NULL,'2022-11-16 09:34:46','2022-11-16 09:35:54'),(1528,63,59,2,20,427,NULL,'2022-11-16 09:34:46','2022-11-16 09:35:57'),(1529,63,59,3,21,433,NULL,'2022-11-16 09:34:46','2022-11-16 09:35:58'),(1530,63,59,3,22,439,NULL,'2022-11-16 09:34:46','2022-11-16 09:36:01'),(1531,63,59,3,23,445,NULL,'2022-11-16 09:34:46','2022-11-16 09:36:03'),(1532,63,59,4,24,451,NULL,'2022-11-16 09:34:46','2022-11-16 09:36:06'),(1533,63,59,4,25,457,NULL,'2022-11-16 09:34:46','2022-11-16 09:36:08'),(1534,63,59,4,26,463,NULL,'2022-11-16 09:34:46','2022-11-16 09:36:10'),(1535,64,60,1,1,313,NULL,'2022-11-17 19:16:25','2022-11-17 19:16:38'),(1536,64,60,1,2,319,NULL,'2022-11-17 19:16:25','2022-11-17 19:16:48'),(1537,64,60,1,3,325,NULL,'2022-11-17 19:16:25','2022-11-17 19:20:21'),(1538,64,60,1,4,331,NULL,'2022-11-17 19:16:25','2022-11-17 19:20:50'),(1539,64,60,1,5,337,NULL,'2022-11-17 19:16:25','2022-11-17 19:20:53'),(1540,64,60,2,6,343,NULL,'2022-11-17 19:16:25','2022-11-17 19:20:55'),(1541,64,60,2,7,349,NULL,'2022-11-17 19:16:25','2022-11-17 19:20:57'),(1542,64,60,2,8,355,NULL,'2022-11-17 19:16:25','2022-11-17 19:20:59'),(1543,64,60,2,9,361,NULL,'2022-11-17 19:16:25','2022-11-17 19:21:02'),(1544,64,60,2,10,367,NULL,'2022-11-17 19:16:25','2022-11-17 19:21:04'),(1545,64,60,2,11,373,NULL,'2022-11-17 19:16:25','2022-11-17 19:21:06'),(1546,64,60,2,12,379,NULL,'2022-11-17 19:16:25','2022-11-17 19:21:08'),(1547,64,60,2,13,385,NULL,'2022-11-17 19:16:25','2022-11-17 19:21:10'),(1548,64,60,2,14,391,NULL,'2022-11-17 19:16:25','2022-11-17 19:21:12'),(1549,64,60,2,15,397,NULL,'2022-11-17 19:16:25','2022-11-17 19:21:16'),(1550,64,60,2,16,403,NULL,'2022-11-17 19:16:25','2022-11-17 19:21:18'),(1551,64,60,2,17,409,NULL,'2022-11-17 19:16:25','2022-11-17 19:21:37'),(1552,64,60,2,18,415,NULL,'2022-11-17 19:16:25','2022-11-17 19:21:44'),(1553,64,60,2,19,421,NULL,'2022-11-17 19:16:25','2022-11-17 19:21:46'),(1554,64,60,2,20,427,NULL,'2022-11-17 19:16:25','2022-11-17 19:21:48'),(1555,64,60,3,21,433,NULL,'2022-11-17 19:16:25','2022-11-17 19:21:50'),(1556,64,60,3,22,439,NULL,'2022-11-17 19:16:25','2022-11-17 19:21:52'),(1557,64,60,3,23,445,NULL,'2022-11-17 19:16:25','2022-11-17 19:21:54'),(1558,64,60,4,24,451,NULL,'2022-11-17 19:16:25','2022-11-17 19:21:56'),(1559,64,60,4,25,457,NULL,'2022-11-17 19:16:25','2022-11-17 19:21:58'),(1560,64,60,4,26,463,NULL,'2022-11-17 19:16:25','2022-11-17 19:22:00'),(1561,65,61,1,1,313,NULL,'2022-11-17 21:39:02','2022-11-18 04:57:47'),(1562,65,61,1,2,NULL,NULL,'2022-11-17 21:39:02','2022-11-17 21:39:02'),(1563,65,61,1,3,NULL,NULL,'2022-11-17 21:39:02','2022-11-17 21:39:02'),(1564,65,61,1,4,NULL,NULL,'2022-11-17 21:39:02','2022-11-17 21:39:02'),(1565,65,61,1,5,NULL,NULL,'2022-11-17 21:39:02','2022-11-17 21:39:02'),(1566,65,61,2,6,NULL,NULL,'2022-11-17 21:39:02','2022-11-17 21:39:02'),(1567,65,61,2,7,NULL,NULL,'2022-11-17 21:39:02','2022-11-17 21:39:02'),(1568,65,61,2,8,NULL,NULL,'2022-11-17 21:39:02','2022-11-17 21:39:02'),(1569,65,61,2,9,NULL,NULL,'2022-11-17 21:39:02','2022-11-17 21:39:02'),(1570,65,61,2,10,NULL,NULL,'2022-11-17 21:39:02','2022-11-17 21:39:02'),(1571,65,61,2,11,NULL,NULL,'2022-11-17 21:39:02','2022-11-17 21:39:02'),(1572,65,61,2,12,NULL,NULL,'2022-11-17 21:39:02','2022-11-17 21:39:02'),(1573,65,61,2,13,NULL,NULL,'2022-11-17 21:39:02','2022-11-17 21:39:02'),(1574,65,61,2,14,NULL,NULL,'2022-11-17 21:39:02','2022-11-17 21:39:02'),(1575,65,61,2,15,NULL,NULL,'2022-11-17 21:39:02','2022-11-17 21:39:02'),(1576,65,61,2,16,NULL,NULL,'2022-11-17 21:39:02','2022-11-17 21:39:02'),(1577,65,61,2,17,NULL,NULL,'2022-11-17 21:39:02','2022-11-17 21:39:02'),(1578,65,61,2,18,NULL,NULL,'2022-11-17 21:39:02','2022-11-17 21:39:02'),(1579,65,61,2,19,NULL,NULL,'2022-11-17 21:39:02','2022-11-17 21:39:02'),(1580,65,61,2,20,NULL,NULL,'2022-11-17 21:39:02','2022-11-17 21:39:02'),(1581,65,61,3,21,NULL,NULL,'2022-11-17 21:39:02','2022-11-17 21:39:02'),(1582,65,61,3,22,NULL,NULL,'2022-11-17 21:39:02','2022-11-17 21:39:02'),(1583,65,61,3,23,NULL,NULL,'2022-11-17 21:39:02','2022-11-17 21:39:02'),(1584,65,61,4,24,NULL,NULL,'2022-11-17 21:39:02','2022-11-17 21:39:02'),(1585,65,61,4,25,NULL,NULL,'2022-11-17 21:39:02','2022-11-17 21:39:02'),(1586,65,61,4,26,NULL,NULL,'2022-11-17 21:39:02','2022-11-17 21:39:02'),(1587,66,62,1,1,313,NULL,'2022-11-18 01:32:50','2022-11-18 01:32:58'),(1588,66,62,1,2,319,NULL,'2022-11-18 01:32:50','2022-11-18 01:33:01'),(1589,66,62,1,3,325,NULL,'2022-11-18 01:32:50','2022-11-18 01:33:03'),(1590,66,62,1,4,331,NULL,'2022-11-18 01:32:50','2022-11-18 01:33:05'),(1591,66,62,1,5,337,NULL,'2022-11-18 01:32:50','2022-11-18 01:33:07'),(1592,66,62,2,6,343,NULL,'2022-11-18 01:32:50','2022-11-18 01:33:10'),(1593,66,62,2,7,349,NULL,'2022-11-18 01:32:50','2022-11-18 01:33:13'),(1594,66,62,2,8,355,NULL,'2022-11-18 01:32:50','2022-11-18 01:33:15'),(1595,66,62,2,9,361,NULL,'2022-11-18 01:32:50','2022-11-18 01:33:17'),(1596,66,62,2,10,367,NULL,'2022-11-18 01:32:50','2022-11-18 01:33:19'),(1597,66,62,2,11,373,NULL,'2022-11-18 01:32:50','2022-11-18 01:33:21'),(1598,66,62,2,12,379,NULL,'2022-11-18 01:32:50','2022-11-18 01:33:23'),(1599,66,62,2,13,385,NULL,'2022-11-18 01:32:50','2022-11-18 01:33:25'),(1600,66,62,2,14,391,NULL,'2022-11-18 01:32:50','2022-11-18 01:33:28'),(1601,66,62,2,15,397,NULL,'2022-11-18 01:32:50','2022-11-18 01:33:30'),(1602,66,62,2,16,403,NULL,'2022-11-18 01:32:50','2022-11-18 01:33:33'),(1603,66,62,2,17,409,NULL,'2022-11-18 01:32:50','2022-11-18 01:33:34'),(1604,66,62,2,18,415,NULL,'2022-11-18 01:32:50','2022-11-18 01:33:36'),(1605,66,62,2,19,421,NULL,'2022-11-18 01:32:50','2022-11-18 01:33:38'),(1606,66,62,2,20,427,NULL,'2022-11-18 01:32:50','2022-11-18 01:33:40'),(1607,66,62,3,21,433,NULL,'2022-11-18 01:32:50','2022-11-18 01:33:43'),(1608,66,62,3,22,439,NULL,'2022-11-18 01:32:50','2022-11-18 01:33:45'),(1609,66,62,3,23,445,NULL,'2022-11-18 01:32:50','2022-11-18 01:33:47'),(1610,66,62,4,24,451,NULL,'2022-11-18 01:32:50','2022-11-18 01:33:51'),(1611,66,62,4,25,457,NULL,'2022-11-18 01:32:50','2022-11-18 01:33:54'),(1612,66,62,4,26,463,NULL,'2022-11-18 01:32:50','2022-11-18 01:33:56'),(1613,67,63,1,1,313,NULL,'2022-11-19 02:33:52','2022-11-19 02:34:06'),(1614,67,63,1,2,319,NULL,'2022-11-19 02:33:52','2022-11-19 02:34:08'),(1615,67,63,1,3,326,NULL,'2022-11-19 02:33:52','2022-11-19 02:44:00'),(1616,67,63,1,4,331,NULL,'2022-11-19 02:33:52','2022-11-19 02:51:44'),(1617,67,63,1,5,337,NULL,'2022-11-19 02:33:52','2022-11-19 02:51:46'),(1618,67,63,2,6,343,NULL,'2022-11-19 02:33:52','2022-11-19 02:51:47'),(1619,67,63,2,7,349,NULL,'2022-11-19 02:33:52','2022-11-19 02:51:49'),(1620,67,63,2,8,355,NULL,'2022-11-19 02:33:52','2022-11-19 02:51:51'),(1621,67,63,2,9,361,NULL,'2022-11-19 02:33:52','2022-11-19 02:52:12'),(1622,67,63,2,10,367,NULL,'2022-11-19 02:33:52','2022-11-19 02:52:17'),(1623,67,63,2,11,373,NULL,'2022-11-19 02:33:52','2022-11-19 02:52:19'),(1624,67,63,2,12,379,NULL,'2022-11-19 02:33:52','2022-11-19 02:52:21'),(1625,67,63,2,13,385,NULL,'2022-11-19 02:33:52','2022-11-19 02:52:23'),(1626,67,63,2,14,391,NULL,'2022-11-19 02:33:52','2022-11-19 02:52:25'),(1627,67,63,2,15,397,NULL,'2022-11-19 02:33:52','2022-11-19 02:52:27'),(1628,67,63,2,16,403,NULL,'2022-11-19 02:33:52','2022-11-19 02:52:28'),(1629,67,63,2,17,409,NULL,'2022-11-19 02:33:52','2022-11-19 02:52:30'),(1630,67,63,2,18,415,NULL,'2022-11-19 02:33:52','2022-11-19 02:52:32'),(1631,67,63,2,19,421,NULL,'2022-11-19 02:33:52','2022-11-19 02:52:34'),(1632,67,63,2,20,427,NULL,'2022-11-19 02:33:52','2022-11-19 02:52:36'),(1633,67,63,3,21,433,NULL,'2022-11-19 02:33:52','2022-11-19 02:52:37'),(1634,67,63,3,22,439,NULL,'2022-11-19 02:33:52','2022-11-19 02:52:39'),(1635,67,63,3,23,445,NULL,'2022-11-19 02:33:52','2022-11-19 02:52:41'),(1636,67,63,4,24,451,NULL,'2022-11-19 02:33:52','2022-11-19 02:52:43'),(1637,67,63,4,25,457,NULL,'2022-11-19 02:33:52','2022-11-19 02:52:44'),(1638,67,63,4,26,463,NULL,'2022-11-19 02:33:52','2022-11-19 02:52:46'),(1639,68,64,1,1,NULL,NULL,'2022-11-19 20:01:41','2022-11-19 20:01:41'),(1640,68,64,1,2,NULL,NULL,'2022-11-19 20:01:41','2022-11-19 20:01:41'),(1641,68,64,1,3,NULL,NULL,'2022-11-19 20:01:41','2022-11-19 20:01:41'),(1642,68,64,1,4,NULL,NULL,'2022-11-19 20:01:41','2022-11-19 20:01:41'),(1643,68,64,1,5,NULL,NULL,'2022-11-19 20:01:41','2022-11-19 20:01:41'),(1644,68,64,2,6,NULL,NULL,'2022-11-19 20:01:41','2022-11-19 20:01:41'),(1645,68,64,2,7,NULL,NULL,'2022-11-19 20:01:41','2022-11-19 20:01:41'),(1646,68,64,2,8,NULL,NULL,'2022-11-19 20:01:41','2022-11-19 20:01:41'),(1647,68,64,2,9,NULL,NULL,'2022-11-19 20:01:41','2022-11-19 20:01:41'),(1648,68,64,2,10,NULL,NULL,'2022-11-19 20:01:41','2022-11-19 20:01:41'),(1649,68,64,2,11,NULL,NULL,'2022-11-19 20:01:41','2022-11-19 20:01:41'),(1650,68,64,2,12,NULL,NULL,'2022-11-19 20:01:41','2022-11-19 20:01:41'),(1651,68,64,2,13,NULL,NULL,'2022-11-19 20:01:41','2022-11-19 20:01:41'),(1652,68,64,2,14,NULL,NULL,'2022-11-19 20:01:41','2022-11-19 20:01:41'),(1653,68,64,2,15,NULL,NULL,'2022-11-19 20:01:41','2022-11-19 20:01:41'),(1654,68,64,2,16,NULL,NULL,'2022-11-19 20:01:41','2022-11-19 20:01:41'),(1655,68,64,2,17,NULL,NULL,'2022-11-19 20:01:41','2022-11-19 20:01:41'),(1656,68,64,2,18,NULL,NULL,'2022-11-19 20:01:41','2022-11-19 20:01:41'),(1657,68,64,2,19,NULL,NULL,'2022-11-19 20:01:41','2022-11-19 20:01:41'),(1658,68,64,2,20,NULL,NULL,'2022-11-19 20:01:41','2022-11-19 20:01:41'),(1659,68,64,3,21,NULL,NULL,'2022-11-19 20:01:41','2022-11-19 20:01:41'),(1660,68,64,3,22,NULL,NULL,'2022-11-19 20:01:41','2022-11-19 20:01:41'),(1661,68,64,3,23,NULL,NULL,'2022-11-19 20:01:41','2022-11-19 20:01:41'),(1662,68,64,4,24,NULL,NULL,'2022-11-19 20:01:41','2022-11-19 20:01:41'),(1663,68,64,4,25,NULL,NULL,'2022-11-19 20:01:41','2022-11-19 20:01:41'),(1664,68,64,4,26,NULL,NULL,'2022-11-19 20:01:41','2022-11-19 20:01:41'),(1665,69,65,1,1,313,NULL,'2022-11-20 18:30:04','2023-04-12 23:13:48'),(1666,69,65,1,2,319,NULL,'2022-11-20 18:30:04','2023-04-12 23:13:51'),(1667,69,65,1,3,325,NULL,'2022-11-20 18:30:04','2023-04-12 23:13:54'),(1668,69,65,1,4,332,NULL,'2022-11-20 18:30:04','2023-04-12 23:13:58'),(1669,69,65,1,5,338,NULL,'2022-11-20 18:30:04','2023-04-12 23:14:00'),(1670,69,65,2,6,344,NULL,'2022-11-20 18:30:04','2023-04-12 23:14:07'),(1671,69,65,2,7,349,NULL,'2022-11-20 18:30:04','2023-04-12 23:14:19'),(1672,69,65,2,8,356,NULL,'2022-11-20 18:30:04','2023-04-12 23:14:25'),(1673,69,65,2,9,361,NULL,'2022-11-20 18:30:04','2023-04-12 23:15:03'),(1674,69,65,2,10,369,NULL,'2022-11-20 18:30:04','2023-04-12 23:15:15'),(1675,69,65,2,11,373,NULL,'2022-11-20 18:30:04','2023-04-12 23:15:33'),(1676,69,65,2,12,379,NULL,'2022-11-20 18:30:04','2023-04-12 23:15:41'),(1677,69,65,2,13,385,NULL,'2022-11-20 18:30:04','2023-04-12 23:15:51'),(1678,69,65,2,14,392,NULL,'2022-11-20 18:30:04','2023-04-12 23:15:58'),(1679,69,65,2,15,398,NULL,'2022-11-20 18:30:04','2023-04-12 23:16:02'),(1680,69,65,2,16,404,NULL,'2022-11-20 18:30:04','2023-04-12 23:16:13'),(1681,69,65,2,17,411,NULL,'2022-11-20 18:30:04','2023-04-12 23:16:18'),(1682,69,65,2,18,416,NULL,'2022-11-20 18:30:04','2023-04-12 23:16:21'),(1683,69,65,2,19,422,NULL,'2022-11-20 18:30:04','2023-04-12 23:16:40'),(1684,69,65,2,20,428,NULL,'2022-11-20 18:30:04','2023-04-12 23:16:49'),(1685,69,65,3,21,433,NULL,'2022-11-20 18:30:04','2023-04-12 23:17:05'),(1686,69,65,3,22,440,NULL,'2022-11-20 18:30:04','2023-04-12 23:17:11'),(1687,69,65,3,23,446,NULL,'2022-11-20 18:30:04','2023-04-12 23:17:24'),(1688,69,65,4,24,451,NULL,'2022-11-20 18:30:04','2023-04-12 23:17:41'),(1689,69,65,4,25,457,NULL,'2022-11-20 18:30:04','2023-04-12 23:17:53'),(1690,69,65,4,26,463,NULL,'2022-11-20 18:30:04','2023-04-12 23:18:02'),(1691,70,66,1,1,313,NULL,'2022-11-21 06:16:58','2022-11-21 06:17:08'),(1692,70,66,1,2,319,NULL,'2022-11-21 06:16:58','2022-11-21 06:17:10'),(1693,70,66,1,3,325,NULL,'2022-11-21 06:16:58','2022-11-21 06:17:12'),(1694,70,66,1,4,331,NULL,'2022-11-21 06:16:58','2022-11-21 06:17:16'),(1695,70,66,1,5,337,NULL,'2022-11-21 06:16:58','2022-11-21 06:17:20'),(1696,70,66,2,6,343,NULL,'2022-11-21 06:16:58','2022-11-21 06:17:23'),(1697,70,66,2,7,349,NULL,'2022-11-21 06:16:58','2022-11-21 06:17:27'),(1698,70,66,2,8,355,NULL,'2022-11-21 06:16:58','2022-11-21 06:17:29'),(1699,70,66,2,9,361,NULL,'2022-11-21 06:16:58','2022-11-21 06:17:32'),(1700,70,66,2,10,367,NULL,'2022-11-21 06:16:58','2022-11-21 06:17:34'),(1701,70,66,2,11,373,NULL,'2022-11-21 06:16:58','2022-11-21 06:17:36'),(1702,70,66,2,12,379,NULL,'2022-11-21 06:16:58','2022-11-21 06:17:38'),(1703,70,66,2,13,385,NULL,'2022-11-21 06:16:58','2022-11-21 06:17:40'),(1704,70,66,2,14,391,NULL,'2022-11-21 06:16:58','2022-11-21 06:17:42'),(1705,70,66,2,15,397,NULL,'2022-11-21 06:16:58','2022-11-21 06:17:45'),(1706,70,66,2,16,403,NULL,'2022-11-21 06:16:58','2022-11-21 06:17:48'),(1707,70,66,2,17,409,NULL,'2022-11-21 06:16:58','2022-11-21 06:18:17'),(1708,70,66,2,18,415,NULL,'2022-11-21 06:16:58','2022-11-21 06:18:20'),(1709,70,66,2,19,421,NULL,'2022-11-21 06:16:58','2022-11-21 06:18:25'),(1710,70,66,2,20,427,NULL,'2022-11-21 06:16:58','2022-11-21 06:18:27'),(1711,70,66,3,21,433,NULL,'2022-11-21 06:16:58','2022-11-21 06:18:29'),(1712,70,66,3,22,439,NULL,'2022-11-21 06:16:58','2022-11-21 06:18:31'),(1713,70,66,3,23,445,NULL,'2022-11-21 06:16:58','2022-11-21 06:18:33'),(1714,70,66,4,24,451,NULL,'2022-11-21 06:16:58','2022-11-21 06:18:35'),(1715,70,66,4,25,457,NULL,'2022-11-21 06:16:58','2022-11-21 06:18:37'),(1716,70,66,4,26,463,NULL,'2022-11-21 06:16:58','2022-11-21 06:18:40'),(1717,71,67,1,1,313,NULL,'2022-11-21 19:05:16','2022-11-21 19:05:24'),(1718,71,67,1,2,319,NULL,'2022-11-21 19:05:16','2022-11-21 19:05:26'),(1719,71,67,1,3,325,NULL,'2022-11-21 19:05:16','2022-11-21 19:05:28'),(1720,71,67,1,4,331,NULL,'2022-11-21 19:05:16','2022-11-21 19:05:30'),(1721,71,67,1,5,337,NULL,'2022-11-21 19:05:16','2022-11-21 19:05:31'),(1722,71,67,2,6,343,NULL,'2022-11-21 19:05:16','2022-11-21 19:05:33'),(1723,71,67,2,7,349,NULL,'2022-11-21 19:05:16','2022-11-21 19:05:35'),(1724,71,67,2,8,355,NULL,'2022-11-21 19:05:16','2022-11-21 19:05:37'),(1725,71,67,2,9,361,NULL,'2022-11-21 19:05:16','2022-11-21 19:05:39'),(1726,71,67,2,10,367,NULL,'2022-11-21 19:05:16','2022-11-21 19:05:41'),(1727,71,67,2,11,373,NULL,'2022-11-21 19:05:16','2022-11-21 19:05:43'),(1728,71,67,2,12,379,NULL,'2022-11-21 19:05:16','2022-11-21 19:05:44'),(1729,71,67,2,13,385,NULL,'2022-11-21 19:05:16','2022-11-21 19:05:46'),(1730,71,67,2,14,391,NULL,'2022-11-21 19:05:16','2022-11-21 19:05:48'),(1731,71,67,2,15,397,NULL,'2022-11-21 19:05:16','2022-11-21 19:05:50'),(1732,71,67,2,16,403,NULL,'2022-11-21 19:05:16','2022-11-21 19:05:51'),(1733,71,67,2,17,409,NULL,'2022-11-21 19:05:16','2022-11-21 19:05:53'),(1734,71,67,2,18,415,NULL,'2022-11-21 19:05:16','2022-11-21 19:05:55'),(1735,71,67,2,19,421,NULL,'2022-11-21 19:05:16','2022-11-21 19:05:56'),(1736,71,67,2,20,427,NULL,'2022-11-21 19:05:16','2022-11-21 19:05:58'),(1737,71,67,3,21,433,NULL,'2022-11-21 19:05:16','2022-11-21 19:05:59'),(1738,71,67,3,22,439,NULL,'2022-11-21 19:05:16','2022-11-21 19:06:03'),(1739,71,67,3,23,445,NULL,'2022-11-21 19:05:16','2022-11-21 19:06:05'),(1740,71,67,4,24,451,NULL,'2022-11-21 19:05:16','2022-11-21 19:06:07'),(1741,71,67,4,25,457,NULL,'2022-11-21 19:05:16','2022-11-21 19:06:09'),(1742,71,67,4,26,463,NULL,'2022-11-21 19:05:16','2022-11-21 19:06:11'),(1743,71,68,1,1,NULL,NULL,'2022-11-21 19:06:51','2022-11-21 19:06:51'),(1744,71,68,1,2,NULL,NULL,'2022-11-21 19:06:51','2022-11-21 19:06:51'),(1745,71,68,1,3,NULL,NULL,'2022-11-21 19:06:51','2022-11-21 19:06:51'),(1746,71,68,1,4,NULL,NULL,'2022-11-21 19:06:51','2022-11-21 19:06:51'),(1747,71,68,1,5,NULL,NULL,'2022-11-21 19:06:51','2022-11-21 19:06:51'),(1748,71,68,2,6,NULL,NULL,'2022-11-21 19:06:51','2022-11-21 19:06:51'),(1749,71,68,2,7,NULL,NULL,'2022-11-21 19:06:51','2022-11-21 19:06:51'),(1750,71,68,2,8,NULL,NULL,'2022-11-21 19:06:51','2022-11-21 19:06:51'),(1751,71,68,2,9,NULL,NULL,'2022-11-21 19:06:51','2022-11-21 19:06:51'),(1752,71,68,2,10,NULL,NULL,'2022-11-21 19:06:51','2022-11-21 19:06:51'),(1753,71,68,2,11,NULL,NULL,'2022-11-21 19:06:51','2022-11-21 19:06:51'),(1754,71,68,2,12,NULL,NULL,'2022-11-21 19:06:51','2022-11-21 19:06:51'),(1755,71,68,2,13,NULL,NULL,'2022-11-21 19:06:51','2022-11-21 19:06:51'),(1756,71,68,2,14,NULL,NULL,'2022-11-21 19:06:51','2022-11-21 19:06:51'),(1757,71,68,2,15,NULL,NULL,'2022-11-21 19:06:51','2022-11-21 19:06:51'),(1758,71,68,2,16,NULL,NULL,'2022-11-21 19:06:51','2022-11-21 19:06:51'),(1759,71,68,2,17,NULL,NULL,'2022-11-21 19:06:51','2022-11-21 19:06:51'),(1760,71,68,2,18,NULL,NULL,'2022-11-21 19:06:51','2022-11-21 19:06:51'),(1761,71,68,2,19,NULL,NULL,'2022-11-21 19:06:51','2022-11-21 19:06:51'),(1762,71,68,2,20,NULL,NULL,'2022-11-21 19:06:51','2022-11-21 19:06:51'),(1763,71,68,3,21,NULL,NULL,'2022-11-21 19:06:51','2022-11-21 19:06:51'),(1764,71,68,3,22,NULL,NULL,'2022-11-21 19:06:51','2022-11-21 19:06:51'),(1765,71,68,3,23,NULL,NULL,'2022-11-21 19:06:51','2022-11-21 19:06:51'),(1766,71,68,4,24,NULL,NULL,'2022-11-21 19:06:51','2022-11-21 19:06:51'),(1767,71,68,4,25,NULL,NULL,'2022-11-21 19:06:51','2022-11-21 19:06:51'),(1768,71,68,4,26,NULL,NULL,'2022-11-21 19:06:51','2022-11-21 19:06:51'),(1769,72,69,1,1,313,NULL,'2022-11-23 07:15:22','2023-03-10 06:23:59'),(1770,72,69,1,2,319,NULL,'2022-11-23 07:15:22','2023-03-19 18:27:53'),(1771,72,69,1,3,327,NULL,'2022-11-23 07:15:22','2023-03-19 18:28:00'),(1772,72,69,1,4,334,NULL,'2022-11-23 07:15:22','2023-03-19 18:28:03'),(1773,72,69,1,5,341,NULL,'2022-11-23 07:15:22','2023-03-19 18:28:05'),(1774,72,69,2,6,343,NULL,'2022-11-23 07:15:22','2023-03-19 18:28:08'),(1775,72,69,2,7,350,NULL,'2022-11-23 07:15:22','2023-03-19 18:28:10'),(1776,72,69,2,8,357,NULL,'2022-11-23 07:15:22','2023-03-19 18:28:13'),(1777,72,69,2,9,362,NULL,'2022-11-23 07:15:22','2023-03-19 18:28:15'),(1778,72,69,2,10,368,NULL,'2022-11-23 07:15:22','2023-03-19 18:28:21'),(1779,72,69,2,11,375,NULL,'2022-11-23 07:15:22','2023-03-19 18:28:24'),(1780,72,69,2,12,381,NULL,'2022-11-23 07:15:22','2023-03-19 18:28:27'),(1781,72,69,2,13,387,NULL,'2022-11-23 07:15:22','2023-03-19 18:28:29'),(1782,72,69,2,14,393,NULL,'2022-11-23 07:15:22','2023-03-19 18:28:31'),(1783,72,69,2,15,399,NULL,'2022-11-23 07:15:22','2023-03-19 18:28:33'),(1784,72,69,2,16,405,NULL,'2022-11-23 07:15:22','2023-03-19 18:28:35'),(1785,72,69,2,17,411,NULL,'2022-11-23 07:15:22','2023-03-19 18:28:37'),(1786,72,69,2,18,417,NULL,'2022-11-23 07:15:22','2023-03-19 18:28:38'),(1787,72,69,2,19,423,NULL,'2022-11-23 07:15:22','2023-03-19 18:28:40'),(1788,72,69,2,20,429,NULL,'2022-11-23 07:15:22','2023-03-19 18:28:42'),(1789,72,69,3,21,434,NULL,'2022-11-23 07:15:22','2023-03-19 18:28:44'),(1790,72,69,3,22,440,NULL,'2022-11-23 07:15:22','2023-03-19 18:28:46'),(1791,72,69,3,23,446,NULL,'2022-11-23 07:15:22','2023-03-19 18:28:48'),(1792,72,69,4,24,452,NULL,'2022-11-23 07:15:22','2023-03-19 18:28:50'),(1793,72,69,4,25,459,NULL,'2022-11-23 07:15:22','2023-03-19 18:28:52'),(1794,72,69,4,26,466,NULL,'2022-11-23 07:15:22','2023-03-19 18:28:55'),(1795,73,70,1,1,313,NULL,'2022-11-23 19:25:37','2022-11-23 19:25:54'),(1796,73,70,1,2,319,NULL,'2022-11-23 19:25:37','2022-11-23 19:26:00'),(1797,73,70,1,3,325,NULL,'2022-11-23 19:25:37','2022-11-23 19:26:02'),(1798,73,70,1,4,331,NULL,'2022-11-23 19:25:37','2022-11-23 19:26:05'),(1799,73,70,1,5,337,NULL,'2022-11-23 19:25:37','2022-11-23 19:26:08'),(1800,73,70,2,6,343,NULL,'2022-11-23 19:25:37','2022-11-23 19:26:15'),(1801,73,70,2,7,349,NULL,'2022-11-23 19:25:37','2022-11-23 19:26:18'),(1802,73,70,2,8,355,NULL,'2022-11-23 19:25:37','2022-11-23 19:26:20'),(1803,73,70,2,9,361,NULL,'2022-11-23 19:25:37','2022-11-23 19:26:22'),(1804,73,70,2,10,367,NULL,'2022-11-23 19:25:37','2022-11-23 19:26:24'),(1805,73,70,2,11,373,NULL,'2022-11-23 19:25:37','2022-11-23 19:26:25'),(1806,73,70,2,12,379,NULL,'2022-11-23 19:25:37','2022-11-23 19:26:27'),(1807,73,70,2,13,385,NULL,'2022-11-23 19:25:37','2022-11-23 19:26:29'),(1808,73,70,2,14,391,NULL,'2022-11-23 19:25:37','2022-11-23 19:26:31'),(1809,73,70,2,15,397,NULL,'2022-11-23 19:25:37','2022-11-23 19:26:33'),(1810,73,70,2,16,403,NULL,'2022-11-23 19:25:37','2022-11-23 19:26:34'),(1811,73,70,2,17,409,NULL,'2022-11-23 19:25:37','2022-11-23 19:26:36'),(1812,73,70,2,18,415,NULL,'2022-11-23 19:25:37','2022-11-23 19:26:39'),(1813,73,70,2,19,421,NULL,'2022-11-23 19:25:37','2022-11-23 19:26:40'),(1814,73,70,2,20,427,NULL,'2022-11-23 19:25:37','2022-11-23 19:26:42'),(1815,73,70,3,21,433,NULL,'2022-11-23 19:25:37','2022-11-23 19:26:44'),(1816,73,70,3,22,439,NULL,'2022-11-23 19:25:37','2022-11-23 19:26:46'),(1817,73,70,3,23,445,NULL,'2022-11-23 19:25:37','2022-11-23 19:26:48'),(1818,73,70,4,24,451,NULL,'2022-11-23 19:25:37','2022-11-23 19:26:50'),(1819,73,70,4,25,457,NULL,'2022-11-23 19:25:37','2022-11-23 19:26:52'),(1820,73,70,4,26,463,NULL,'2022-11-23 19:25:37','2022-11-23 19:26:54'),(1821,74,71,1,1,313,NULL,'2022-11-26 01:08:10','2022-11-26 01:08:17'),(1822,74,71,1,2,319,NULL,'2022-11-26 01:08:10','2022-11-26 01:08:20'),(1823,74,71,1,3,325,NULL,'2022-11-26 01:08:10','2022-11-26 01:08:22'),(1824,74,71,1,4,331,NULL,'2022-11-26 01:08:10','2022-11-26 01:08:24'),(1825,74,71,1,5,337,NULL,'2022-11-26 01:08:10','2022-11-26 01:08:26'),(1826,74,71,2,6,343,NULL,'2022-11-26 01:08:10','2022-11-26 01:08:33'),(1827,74,71,2,7,349,NULL,'2022-11-26 01:08:10','2022-11-26 01:08:31'),(1828,74,71,2,8,355,NULL,'2022-11-26 01:08:10','2022-11-26 01:08:34'),(1829,74,71,2,9,361,NULL,'2022-11-26 01:08:10','2022-11-26 01:08:36'),(1830,74,71,2,10,367,NULL,'2022-11-26 01:08:10','2022-11-26 01:08:37'),(1831,74,71,2,11,373,NULL,'2022-11-26 01:08:10','2022-11-26 01:08:38'),(1832,74,71,2,12,379,NULL,'2022-11-26 01:08:10','2022-11-26 01:08:40'),(1833,74,71,2,13,385,NULL,'2022-11-26 01:08:10','2022-11-26 01:08:42'),(1834,74,71,2,14,391,NULL,'2022-11-26 01:08:10','2022-11-26 01:08:45'),(1835,74,71,2,15,397,NULL,'2022-11-26 01:08:10','2022-11-26 01:08:47'),(1836,74,71,2,16,403,NULL,'2022-11-26 01:08:10','2022-11-26 01:08:49'),(1837,74,71,2,17,409,NULL,'2022-11-26 01:08:10','2022-11-26 01:08:50'),(1838,74,71,2,18,415,NULL,'2022-11-26 01:08:10','2022-11-26 01:08:52'),(1839,74,71,2,19,421,NULL,'2022-11-26 01:08:10','2022-11-26 01:08:53'),(1840,74,71,2,20,427,NULL,'2022-11-26 01:08:10','2022-11-26 01:08:55'),(1841,74,71,3,21,433,NULL,'2022-11-26 01:08:10','2022-11-26 01:08:57'),(1842,74,71,3,22,439,NULL,'2022-11-26 01:08:10','2022-11-26 01:08:58'),(1843,74,71,3,23,445,NULL,'2022-11-26 01:08:10','2022-11-26 01:08:59'),(1844,74,71,4,24,451,NULL,'2022-11-26 01:08:10','2022-11-26 01:09:01'),(1845,74,71,4,25,457,NULL,'2022-11-26 01:08:10','2022-11-26 01:09:03'),(1846,74,71,4,26,463,NULL,'2022-11-26 01:08:10','2022-11-26 01:09:04'),(1847,75,72,1,1,313,NULL,'2022-11-26 01:49:01','2022-11-26 01:49:11'),(1848,75,72,1,2,319,NULL,'2022-11-26 01:49:01','2022-11-26 01:49:13'),(1849,75,72,1,3,327,NULL,'2022-11-26 01:49:01','2022-11-26 01:49:17'),(1850,75,72,1,4,334,NULL,'2022-11-26 01:49:01','2022-11-26 01:49:21'),(1851,75,72,1,5,341,NULL,'2022-11-26 01:49:01','2022-11-26 01:49:24'),(1852,75,72,2,6,343,NULL,'2022-11-26 01:49:01','2022-11-26 01:49:29'),(1853,75,72,2,7,349,NULL,'2022-11-26 01:49:01','2022-11-26 01:49:48'),(1854,75,72,2,8,356,NULL,'2022-11-26 01:49:01','2022-11-26 01:49:50'),(1855,75,72,2,9,363,NULL,'2022-11-26 01:49:01','2022-11-26 01:49:53'),(1856,75,72,2,10,370,NULL,'2022-11-26 01:49:01','2022-11-26 01:49:55'),(1857,75,72,2,11,376,NULL,'2022-11-26 01:49:01','2022-11-26 01:49:58'),(1858,75,72,2,12,379,NULL,'2022-11-26 01:49:01','2022-11-26 01:50:01'),(1859,75,72,2,13,385,NULL,'2022-11-26 01:49:01','2022-11-26 01:50:03'),(1860,75,72,2,14,392,NULL,'2022-11-26 01:49:01','2022-11-26 01:50:05'),(1861,75,72,2,15,398,NULL,'2022-11-26 01:49:01','2022-11-26 01:50:08'),(1862,75,72,2,16,404,NULL,'2022-11-26 01:49:01','2022-11-26 01:50:10'),(1863,75,72,2,17,410,NULL,'2022-11-26 01:49:01','2022-11-26 01:50:12'),(1864,75,72,2,18,416,NULL,'2022-11-26 01:49:01','2022-11-26 01:50:14'),(1865,75,72,2,19,422,NULL,'2022-11-26 01:49:01','2022-11-26 01:50:16'),(1866,75,72,2,20,428,NULL,'2022-11-26 01:49:01','2022-11-26 01:50:19'),(1867,75,72,3,21,433,NULL,'2022-11-26 01:49:01','2022-11-26 01:50:22'),(1868,75,72,3,22,439,NULL,'2022-11-26 01:49:01','2022-11-26 01:50:25'),(1869,75,72,3,23,445,NULL,'2022-11-26 01:49:01','2022-11-26 01:50:27'),(1870,75,72,4,24,451,NULL,'2022-11-26 01:49:01','2022-11-26 01:50:28'),(1871,75,72,4,25,457,NULL,'2022-11-26 01:49:01','2022-11-26 01:50:30'),(1872,75,72,4,26,463,NULL,'2022-11-26 01:49:01','2022-11-26 01:50:32'),(1873,75,73,1,1,NULL,NULL,'2022-11-26 01:56:12','2022-11-26 01:56:12'),(1874,75,73,1,2,NULL,NULL,'2022-11-26 01:56:12','2022-11-26 01:56:12'),(1875,75,73,1,3,NULL,NULL,'2022-11-26 01:56:12','2022-11-26 01:56:12'),(1876,75,73,1,4,NULL,NULL,'2022-11-26 01:56:12','2022-11-26 01:56:12'),(1877,75,73,1,5,NULL,NULL,'2022-11-26 01:56:12','2022-11-26 01:56:12'),(1878,75,73,2,6,NULL,NULL,'2022-11-26 01:56:12','2022-11-26 01:56:12'),(1879,75,73,2,7,NULL,NULL,'2022-11-26 01:56:12','2022-11-26 01:56:12'),(1880,75,73,2,8,NULL,NULL,'2022-11-26 01:56:12','2022-11-26 01:56:12'),(1881,75,73,2,9,NULL,NULL,'2022-11-26 01:56:12','2022-11-26 01:56:12'),(1882,75,73,2,10,NULL,NULL,'2022-11-26 01:56:12','2022-11-26 01:56:12'),(1883,75,73,2,11,NULL,NULL,'2022-11-26 01:56:12','2022-11-26 01:56:12'),(1884,75,73,2,12,NULL,NULL,'2022-11-26 01:56:12','2022-11-26 01:56:12'),(1885,75,73,2,13,NULL,NULL,'2022-11-26 01:56:12','2022-11-26 01:56:12'),(1886,75,73,2,14,NULL,NULL,'2022-11-26 01:56:12','2022-11-26 01:56:12'),(1887,75,73,2,15,NULL,NULL,'2022-11-26 01:56:12','2022-11-26 01:56:12'),(1888,75,73,2,16,NULL,NULL,'2022-11-26 01:56:12','2022-11-26 01:56:12'),(1889,75,73,2,17,NULL,NULL,'2022-11-26 01:56:12','2022-11-26 01:56:12'),(1890,75,73,2,18,NULL,NULL,'2022-11-26 01:56:12','2022-11-26 01:56:12'),(1891,75,73,2,19,NULL,NULL,'2022-11-26 01:56:12','2022-11-26 01:56:12'),(1892,75,73,2,20,NULL,NULL,'2022-11-26 01:56:12','2022-11-26 01:56:12'),(1893,75,73,3,21,NULL,NULL,'2022-11-26 01:56:12','2022-11-26 01:56:12'),(1894,75,73,3,22,NULL,NULL,'2022-11-26 01:56:12','2022-11-26 01:56:12'),(1895,75,73,3,23,NULL,NULL,'2022-11-26 01:56:12','2022-11-26 01:56:12'),(1896,75,73,4,24,NULL,NULL,'2022-11-26 01:56:12','2022-11-26 01:56:12'),(1897,75,73,4,25,NULL,NULL,'2022-11-26 01:56:12','2022-11-26 01:56:12'),(1898,75,73,4,26,NULL,NULL,'2022-11-26 01:56:12','2022-11-26 01:56:12'),(1899,76,74,1,1,313,NULL,'2022-11-27 22:55:41','2022-11-27 22:56:59'),(1900,76,74,1,2,319,NULL,'2022-11-27 22:55:41','2022-11-27 22:57:21'),(1901,76,74,1,3,325,NULL,'2022-11-27 22:55:41','2022-11-27 22:57:23'),(1902,76,74,1,4,331,NULL,'2022-11-27 22:55:41','2022-11-27 22:57:25'),(1903,76,74,1,5,337,NULL,'2022-11-27 22:55:41','2022-11-27 22:57:27'),(1904,76,74,2,6,343,NULL,'2022-11-27 22:55:41','2022-11-27 22:57:29'),(1905,76,74,2,7,349,NULL,'2022-11-27 22:55:41','2022-11-27 22:57:31'),(1906,76,74,2,8,355,NULL,'2022-11-27 22:55:41','2022-11-27 22:57:33'),(1907,76,74,2,9,361,NULL,'2022-11-27 22:55:41','2022-11-27 22:57:34'),(1908,76,74,2,10,367,NULL,'2022-11-27 22:55:41','2022-11-27 22:57:36'),(1909,76,74,2,11,373,NULL,'2022-11-27 22:55:41','2022-11-27 22:57:38'),(1910,76,74,2,12,379,NULL,'2022-11-27 22:55:41','2022-11-27 22:57:40'),(1911,76,74,2,13,385,NULL,'2022-11-27 22:55:41','2022-11-27 22:57:43'),(1912,76,74,2,14,391,NULL,'2022-11-27 22:55:41','2022-11-27 22:57:44'),(1913,76,74,2,15,397,NULL,'2022-11-27 22:55:41','2022-11-27 22:57:46'),(1914,76,74,2,16,403,NULL,'2022-11-27 22:55:41','2022-11-27 22:57:49'),(1915,76,74,2,17,409,NULL,'2022-11-27 22:55:41','2022-11-27 22:57:52'),(1916,76,74,2,18,415,NULL,'2022-11-27 22:55:41','2022-11-27 22:57:56'),(1917,76,74,2,19,421,NULL,'2022-11-27 22:55:41','2022-11-27 22:57:59'),(1918,76,74,2,20,427,NULL,'2022-11-27 22:55:41','2022-11-27 22:58:01'),(1919,76,74,3,21,433,NULL,'2022-11-27 22:55:41','2022-11-27 22:58:03'),(1920,76,74,3,22,439,NULL,'2022-11-27 22:55:41','2022-11-27 22:58:04'),(1921,76,74,3,23,445,NULL,'2022-11-27 22:55:41','2022-11-27 22:58:06'),(1922,76,74,4,24,451,NULL,'2022-11-27 22:55:41','2022-11-27 22:58:08'),(1923,76,74,4,25,457,NULL,'2022-11-27 22:55:41','2022-11-27 22:58:10'),(1924,76,74,4,26,463,NULL,'2022-11-27 22:55:41','2022-11-27 22:58:14'),(1925,77,75,1,1,NULL,NULL,'2022-11-29 07:51:22','2022-11-29 07:51:22'),(1926,77,75,1,2,NULL,NULL,'2022-11-29 07:51:22','2022-11-29 07:51:22'),(1927,77,75,1,3,NULL,NULL,'2022-11-29 07:51:22','2022-11-29 07:51:22'),(1928,77,75,1,4,NULL,NULL,'2022-11-29 07:51:22','2022-11-29 07:51:22'),(1929,77,75,1,5,NULL,NULL,'2022-11-29 07:51:22','2022-11-29 07:51:22'),(1930,77,75,2,6,NULL,NULL,'2022-11-29 07:51:22','2022-11-29 07:51:22'),(1931,77,75,2,7,NULL,NULL,'2022-11-29 07:51:22','2022-11-29 07:51:22'),(1932,77,75,2,8,NULL,NULL,'2022-11-29 07:51:22','2022-11-29 07:51:22'),(1933,77,75,2,9,NULL,NULL,'2022-11-29 07:51:22','2022-11-29 07:51:22'),(1934,77,75,2,10,NULL,NULL,'2022-11-29 07:51:22','2022-11-29 07:51:22'),(1935,77,75,2,11,NULL,NULL,'2022-11-29 07:51:22','2022-11-29 07:51:22'),(1936,77,75,2,12,NULL,NULL,'2022-11-29 07:51:22','2022-11-29 07:51:22'),(1937,77,75,2,13,NULL,NULL,'2022-11-29 07:51:22','2022-11-29 07:51:22'),(1938,77,75,2,14,NULL,NULL,'2022-11-29 07:51:22','2022-11-29 07:51:22'),(1939,77,75,2,15,NULL,NULL,'2022-11-29 07:51:22','2022-11-29 07:51:22'),(1940,77,75,2,16,NULL,NULL,'2022-11-29 07:51:22','2022-11-29 07:51:22'),(1941,77,75,2,17,NULL,NULL,'2022-11-29 07:51:22','2022-11-29 07:51:22'),(1942,77,75,2,18,NULL,NULL,'2022-11-29 07:51:22','2022-11-29 07:51:22'),(1943,77,75,2,19,NULL,NULL,'2022-11-29 07:51:22','2022-11-29 07:51:22'),(1944,77,75,2,20,NULL,NULL,'2022-11-29 07:51:22','2022-11-29 07:51:22'),(1945,77,75,3,21,NULL,NULL,'2022-11-29 07:51:22','2022-11-29 07:51:22'),(1946,77,75,3,22,NULL,NULL,'2022-11-29 07:51:22','2022-11-29 07:51:22'),(1947,77,75,3,23,NULL,NULL,'2022-11-29 07:51:22','2022-11-29 07:51:22'),(1948,77,75,4,24,NULL,NULL,'2022-11-29 07:51:22','2022-11-29 07:51:22'),(1949,77,75,4,25,NULL,NULL,'2022-11-29 07:51:22','2022-11-29 07:51:22'),(1950,77,75,4,26,NULL,NULL,'2022-11-29 07:51:22','2022-11-29 07:51:22'),(1951,78,76,1,1,313,NULL,'2022-11-29 18:33:41','2022-11-29 18:34:01'),(1952,78,76,1,2,319,NULL,'2022-11-29 18:33:41','2022-11-29 18:34:04'),(1953,78,76,1,3,325,NULL,'2022-11-29 18:33:41','2022-11-29 18:34:06'),(1954,78,76,1,4,331,NULL,'2022-11-29 18:33:41','2022-11-29 18:34:35'),(1955,78,76,1,5,337,NULL,'2022-11-29 18:33:41','2022-11-29 18:34:38'),(1956,78,76,2,6,343,NULL,'2022-11-29 18:33:41','2022-11-29 18:34:41'),(1957,78,76,2,7,349,NULL,'2022-11-29 18:33:41','2022-11-29 18:34:43'),(1958,78,76,2,8,355,NULL,'2022-11-29 18:33:41','2022-11-29 18:34:46'),(1959,78,76,2,9,361,NULL,'2022-11-29 18:33:41','2022-11-29 18:34:48'),(1960,78,76,2,10,367,NULL,'2022-11-29 18:33:41','2022-11-29 18:34:51'),(1961,78,76,2,11,373,NULL,'2022-11-29 18:33:41','2022-11-29 18:34:54'),(1962,78,76,2,12,379,NULL,'2022-11-29 18:33:41','2022-11-29 18:34:56'),(1963,78,76,2,13,385,NULL,'2022-11-29 18:33:41','2022-11-29 18:35:00'),(1964,78,76,2,14,391,NULL,'2022-11-29 18:33:41','2022-11-29 18:35:02'),(1965,78,76,2,15,397,NULL,'2022-11-29 18:33:41','2022-11-29 18:35:05'),(1966,78,76,2,16,403,NULL,'2022-11-29 18:33:41','2022-11-29 18:35:06'),(1967,78,76,2,17,409,NULL,'2022-11-29 18:33:41','2022-11-29 18:35:08'),(1968,78,76,2,18,415,NULL,'2022-11-29 18:33:41','2022-11-29 18:35:10'),(1969,78,76,2,19,421,NULL,'2022-11-29 18:33:41','2022-11-29 18:35:13'),(1970,78,76,2,20,427,NULL,'2022-11-29 18:33:41','2022-11-29 18:35:18'),(1971,78,76,3,21,433,NULL,'2022-11-29 18:33:41','2022-11-29 18:35:21'),(1972,78,76,3,22,439,NULL,'2022-11-29 18:33:41','2022-11-29 18:35:24'),(1973,78,76,3,23,445,NULL,'2022-11-29 18:33:41','2022-11-29 18:35:26'),(1974,78,76,4,24,451,NULL,'2022-11-29 18:33:41','2022-11-29 18:35:28'),(1975,78,76,4,25,457,NULL,'2022-11-29 18:33:41','2022-11-29 18:35:31'),(1976,78,76,4,26,463,NULL,'2022-11-29 18:33:41','2022-11-29 18:35:33'),(1977,79,77,1,1,313,NULL,'2022-11-30 19:05:33','2022-11-30 19:05:43'),(1978,79,77,1,2,319,NULL,'2022-11-30 19:05:33','2022-11-30 19:05:45'),(1979,79,77,1,3,325,NULL,'2022-11-30 19:05:33','2022-11-30 19:05:48'),(1980,79,77,1,4,331,NULL,'2022-11-30 19:05:33','2022-11-30 19:05:50'),(1981,79,77,1,5,337,NULL,'2022-11-30 19:05:33','2022-11-30 19:05:54'),(1982,79,77,2,6,343,NULL,'2022-11-30 19:05:33','2022-11-30 19:06:13'),(1983,79,77,2,7,349,NULL,'2022-11-30 19:05:33','2022-11-30 19:06:16'),(1984,79,77,2,8,355,NULL,'2022-11-30 19:05:33','2022-11-30 19:06:23'),(1985,79,77,2,9,361,NULL,'2022-11-30 19:05:33','2022-11-30 19:06:26'),(1986,79,77,2,10,367,NULL,'2022-11-30 19:05:33','2022-11-30 19:06:30'),(1987,79,77,2,11,373,NULL,'2022-11-30 19:05:33','2022-11-30 19:06:40'),(1988,79,77,2,12,379,NULL,'2022-11-30 19:05:33','2022-11-30 19:06:45'),(1989,79,77,2,13,385,NULL,'2022-11-30 19:05:33','2022-11-30 19:06:48'),(1990,79,77,2,14,391,NULL,'2022-11-30 19:05:33','2022-11-30 19:06:51'),(1991,79,77,2,15,397,NULL,'2022-11-30 19:05:33','2022-11-30 19:06:54'),(1992,79,77,2,16,403,NULL,'2022-11-30 19:05:33','2022-11-30 19:06:58'),(1993,79,77,2,17,409,NULL,'2022-11-30 19:05:33','2022-11-30 19:07:02'),(1994,79,77,2,18,415,NULL,'2022-11-30 19:05:33','2022-11-30 19:07:10'),(1995,79,77,2,19,421,NULL,'2022-11-30 19:05:33','2022-11-30 19:07:12'),(1996,79,77,2,20,427,NULL,'2022-11-30 19:05:33','2022-11-30 19:07:14'),(1997,79,77,3,21,433,NULL,'2022-11-30 19:05:33','2022-11-30 19:07:18'),(1998,79,77,3,22,439,NULL,'2022-11-30 19:05:33','2022-11-30 19:07:20'),(1999,79,77,3,23,445,NULL,'2022-11-30 19:05:33','2022-11-30 19:07:22'),(2000,79,77,4,24,451,NULL,'2022-11-30 19:05:33','2022-11-30 19:07:24'),(2001,79,77,4,25,457,NULL,'2022-11-30 19:05:33','2022-11-30 19:07:31'),(2002,79,77,4,26,463,NULL,'2022-11-30 19:05:33','2022-11-30 19:07:33'),(2003,80,78,1,1,313,NULL,'2022-12-03 06:43:25','2022-12-03 06:43:50'),(2004,80,78,1,2,319,NULL,'2022-12-03 06:43:25','2022-12-03 06:43:57'),(2005,80,78,1,3,325,NULL,'2022-12-03 06:43:25','2022-12-03 06:43:59'),(2006,80,78,1,4,331,NULL,'2022-12-03 06:43:25','2022-12-03 06:44:01'),(2007,80,78,1,5,337,NULL,'2022-12-03 06:43:25','2022-12-03 06:44:03'),(2008,80,78,2,6,343,NULL,'2022-12-03 06:43:25','2022-12-03 06:44:05'),(2009,80,78,2,7,349,NULL,'2022-12-03 06:43:25','2022-12-03 06:44:27'),(2010,80,78,2,8,355,NULL,'2022-12-03 06:43:25','2022-12-03 06:44:30'),(2011,80,78,2,9,361,NULL,'2022-12-03 06:43:25','2022-12-03 06:44:32'),(2012,80,78,2,10,367,NULL,'2022-12-03 06:43:25','2022-12-03 06:44:34'),(2013,80,78,2,11,373,NULL,'2022-12-03 06:43:25','2022-12-03 06:44:35'),(2014,80,78,2,12,379,NULL,'2022-12-03 06:43:25','2022-12-03 06:44:38'),(2015,80,78,2,13,385,NULL,'2022-12-03 06:43:25','2022-12-03 06:44:40'),(2016,80,78,2,14,391,NULL,'2022-12-03 06:43:25','2022-12-03 06:44:42'),(2017,80,78,2,15,397,NULL,'2022-12-03 06:43:25','2022-12-03 06:44:44'),(2018,80,78,2,16,403,NULL,'2022-12-03 06:43:25','2022-12-03 06:44:46'),(2019,80,78,2,17,409,NULL,'2022-12-03 06:43:25','2022-12-03 06:44:48'),(2020,80,78,2,18,415,NULL,'2022-12-03 06:43:25','2022-12-03 06:45:00'),(2021,80,78,2,19,421,NULL,'2022-12-03 06:43:25','2022-12-03 06:45:02'),(2022,80,78,2,20,427,NULL,'2022-12-03 06:43:25','2022-12-03 06:45:09'),(2023,80,78,3,21,433,NULL,'2022-12-03 06:43:25','2022-12-03 06:45:11'),(2024,80,78,3,22,439,NULL,'2022-12-03 06:43:25','2022-12-03 06:45:14'),(2025,80,78,3,23,445,NULL,'2022-12-03 06:43:25','2022-12-03 06:45:20'),(2026,80,78,4,24,451,NULL,'2022-12-03 06:43:25','2022-12-03 06:45:22'),(2027,80,78,4,25,457,NULL,'2022-12-03 06:43:25','2022-12-03 06:45:24'),(2028,80,78,4,26,463,NULL,'2022-12-03 06:43:25','2022-12-03 06:45:28'),(2029,81,79,1,1,NULL,NULL,'2022-12-05 06:37:12','2022-12-05 06:37:12'),(2030,81,79,1,2,NULL,NULL,'2022-12-05 06:37:12','2022-12-05 06:37:12'),(2031,81,79,1,3,NULL,NULL,'2022-12-05 06:37:12','2022-12-05 06:37:12'),(2032,81,79,1,4,NULL,NULL,'2022-12-05 06:37:12','2022-12-05 06:37:12'),(2033,81,79,1,5,NULL,NULL,'2022-12-05 06:37:12','2022-12-05 06:37:12'),(2034,81,79,2,6,NULL,NULL,'2022-12-05 06:37:12','2022-12-05 06:37:12'),(2035,81,79,2,7,NULL,NULL,'2022-12-05 06:37:12','2022-12-05 06:37:12'),(2036,81,79,2,8,NULL,NULL,'2022-12-05 06:37:12','2022-12-05 06:37:12'),(2037,81,79,2,9,NULL,NULL,'2022-12-05 06:37:12','2022-12-05 06:37:12'),(2038,81,79,2,10,NULL,NULL,'2022-12-05 06:37:12','2022-12-05 06:37:12'),(2039,81,79,2,11,NULL,NULL,'2022-12-05 06:37:12','2022-12-05 06:37:12'),(2040,81,79,2,12,NULL,NULL,'2022-12-05 06:37:12','2022-12-05 06:37:12'),(2041,81,79,2,13,NULL,NULL,'2022-12-05 06:37:12','2022-12-05 06:37:12'),(2042,81,79,2,14,NULL,NULL,'2022-12-05 06:37:12','2022-12-05 06:37:12'),(2043,81,79,2,15,NULL,NULL,'2022-12-05 06:37:12','2022-12-05 06:37:12'),(2044,81,79,2,16,NULL,NULL,'2022-12-05 06:37:12','2022-12-05 06:37:12'),(2045,81,79,2,17,NULL,NULL,'2022-12-05 06:37:12','2022-12-05 06:37:12'),(2046,81,79,2,18,NULL,NULL,'2022-12-05 06:37:12','2022-12-05 06:37:12'),(2047,81,79,2,19,NULL,NULL,'2022-12-05 06:37:12','2022-12-05 06:37:12'),(2048,81,79,2,20,NULL,NULL,'2022-12-05 06:37:12','2022-12-05 06:37:12'),(2049,81,79,3,21,NULL,NULL,'2022-12-05 06:37:12','2022-12-05 06:37:12'),(2050,81,79,3,22,NULL,NULL,'2022-12-05 06:37:12','2022-12-05 06:37:12'),(2051,81,79,3,23,NULL,NULL,'2022-12-05 06:37:12','2022-12-05 06:37:12'),(2052,81,79,4,24,NULL,NULL,'2022-12-05 06:37:12','2022-12-05 06:37:12'),(2053,81,79,4,25,NULL,NULL,'2022-12-05 06:37:12','2022-12-05 06:37:12'),(2054,81,79,4,26,NULL,NULL,'2022-12-05 06:37:12','2022-12-05 06:37:12'),(2055,82,80,1,1,313,NULL,'2022-12-05 06:39:18','2022-12-05 06:41:57'),(2056,82,80,1,2,319,NULL,'2022-12-05 06:39:18','2022-12-05 06:41:59'),(2057,82,80,1,3,325,NULL,'2022-12-05 06:39:18','2022-12-05 06:42:02'),(2058,82,80,1,4,331,NULL,'2022-12-05 06:39:18','2022-12-05 06:42:04'),(2059,82,80,1,5,337,NULL,'2022-12-05 06:39:18','2022-12-05 06:42:07'),(2060,82,80,2,6,343,NULL,'2022-12-05 06:39:18','2022-12-05 06:42:09'),(2061,82,80,2,7,349,NULL,'2022-12-05 06:39:18','2022-12-05 06:42:11'),(2062,82,80,2,8,355,NULL,'2022-12-05 06:39:18','2022-12-05 06:42:13'),(2063,82,80,2,9,361,NULL,'2022-12-05 06:39:18','2022-12-05 06:42:15'),(2064,82,80,2,10,367,NULL,'2022-12-05 06:39:18','2022-12-05 06:42:17'),(2065,82,80,2,11,373,NULL,'2022-12-05 06:39:18','2022-12-05 06:42:19'),(2066,82,80,2,12,379,NULL,'2022-12-05 06:39:18','2022-12-05 06:42:21'),(2067,82,80,2,13,385,NULL,'2022-12-05 06:39:18','2022-12-05 06:42:30'),(2068,82,80,2,14,391,NULL,'2022-12-05 06:39:18','2022-12-05 06:42:27'),(2069,82,80,2,15,397,NULL,'2022-12-05 06:39:18','2022-12-05 06:42:32'),(2070,82,80,2,16,403,NULL,'2022-12-05 06:39:18','2022-12-05 06:43:05'),(2071,82,80,2,17,409,NULL,'2022-12-05 06:39:18','2022-12-05 06:43:07'),(2072,82,80,2,18,415,NULL,'2022-12-05 06:39:18','2022-12-05 06:43:14'),(2073,82,80,2,19,421,NULL,'2022-12-05 06:39:18','2022-12-05 06:43:17'),(2074,82,80,2,20,427,NULL,'2022-12-05 06:39:18','2022-12-05 06:43:19'),(2075,82,80,3,21,433,NULL,'2022-12-05 06:39:18','2022-12-05 06:43:21'),(2076,82,80,3,22,439,NULL,'2022-12-05 06:39:18','2022-12-05 06:43:22'),(2077,82,80,3,23,445,NULL,'2022-12-05 06:39:18','2022-12-05 06:43:25'),(2078,82,80,4,24,451,NULL,'2022-12-05 06:39:18','2022-12-05 06:43:27'),(2079,82,80,4,25,457,NULL,'2022-12-05 06:39:18','2022-12-05 06:43:29'),(2080,82,80,4,26,463,NULL,'2022-12-05 06:39:18','2022-12-05 06:43:31'),(2081,83,81,1,1,NULL,NULL,'2022-12-13 00:42:21','2022-12-13 00:42:21'),(2082,83,81,1,2,NULL,NULL,'2022-12-13 00:42:21','2022-12-13 00:42:21'),(2083,83,81,1,3,NULL,NULL,'2022-12-13 00:42:21','2022-12-13 00:42:21'),(2084,83,81,1,4,NULL,NULL,'2022-12-13 00:42:21','2022-12-13 00:42:21'),(2085,83,81,1,5,NULL,NULL,'2022-12-13 00:42:21','2022-12-13 00:42:21'),(2086,83,81,2,6,NULL,NULL,'2022-12-13 00:42:21','2022-12-13 00:42:21'),(2087,83,81,2,7,NULL,NULL,'2022-12-13 00:42:21','2022-12-13 00:42:21'),(2088,83,81,2,8,NULL,NULL,'2022-12-13 00:42:21','2022-12-13 00:42:21'),(2089,83,81,2,9,NULL,NULL,'2022-12-13 00:42:21','2022-12-13 00:42:21'),(2090,83,81,2,10,NULL,NULL,'2022-12-13 00:42:21','2022-12-13 00:42:21'),(2091,83,81,2,11,NULL,NULL,'2022-12-13 00:42:21','2022-12-13 00:42:21'),(2092,83,81,2,12,NULL,NULL,'2022-12-13 00:42:21','2022-12-13 00:42:21'),(2093,83,81,2,13,NULL,NULL,'2022-12-13 00:42:21','2022-12-13 00:42:21'),(2094,83,81,2,14,NULL,NULL,'2022-12-13 00:42:21','2022-12-13 00:42:21'),(2095,83,81,2,15,NULL,NULL,'2022-12-13 00:42:21','2022-12-13 00:42:21'),(2096,83,81,2,16,NULL,NULL,'2022-12-13 00:42:21','2022-12-13 00:42:21'),(2097,83,81,2,17,NULL,NULL,'2022-12-13 00:42:21','2022-12-13 00:42:21'),(2098,83,81,2,18,NULL,NULL,'2022-12-13 00:42:21','2022-12-13 00:42:21'),(2099,83,81,2,19,NULL,NULL,'2022-12-13 00:42:21','2022-12-13 00:42:21'),(2100,83,81,2,20,NULL,NULL,'2022-12-13 00:42:21','2022-12-13 00:42:21'),(2101,83,81,3,21,NULL,NULL,'2022-12-13 00:42:21','2022-12-13 00:42:21'),(2102,83,81,3,22,NULL,NULL,'2022-12-13 00:42:21','2022-12-13 00:42:21'),(2103,83,81,3,23,NULL,NULL,'2022-12-13 00:42:21','2022-12-13 00:42:21'),(2104,83,81,4,24,NULL,NULL,'2022-12-13 00:42:21','2022-12-13 00:42:21'),(2105,83,81,4,25,NULL,NULL,'2022-12-13 00:42:21','2022-12-13 00:42:21'),(2106,83,81,4,26,NULL,NULL,'2022-12-13 00:42:21','2022-12-13 00:42:21'),(2107,84,82,1,1,NULL,NULL,'2022-12-13 00:44:07','2022-12-13 00:44:07'),(2108,84,82,1,2,NULL,NULL,'2022-12-13 00:44:07','2022-12-13 00:44:07'),(2109,84,82,1,3,NULL,NULL,'2022-12-13 00:44:07','2022-12-13 00:44:07'),(2110,84,82,1,4,NULL,NULL,'2022-12-13 00:44:07','2022-12-13 00:44:07'),(2111,84,82,1,5,NULL,NULL,'2022-12-13 00:44:07','2022-12-13 00:44:07'),(2112,84,82,2,6,NULL,NULL,'2022-12-13 00:44:07','2022-12-13 00:44:07'),(2113,84,82,2,7,NULL,NULL,'2022-12-13 00:44:07','2022-12-13 00:44:07'),(2114,84,82,2,8,NULL,NULL,'2022-12-13 00:44:07','2022-12-13 00:44:07'),(2115,84,82,2,9,NULL,NULL,'2022-12-13 00:44:07','2022-12-13 00:44:07'),(2116,84,82,2,10,NULL,NULL,'2022-12-13 00:44:07','2022-12-13 00:44:07'),(2117,84,82,2,11,NULL,NULL,'2022-12-13 00:44:07','2022-12-13 00:44:07'),(2118,84,82,2,12,NULL,NULL,'2022-12-13 00:44:07','2022-12-13 00:44:07'),(2119,84,82,2,13,NULL,NULL,'2022-12-13 00:44:07','2022-12-13 00:44:07'),(2120,84,82,2,14,NULL,NULL,'2022-12-13 00:44:07','2022-12-13 00:44:07'),(2121,84,82,2,15,NULL,NULL,'2022-12-13 00:44:07','2022-12-13 00:44:07'),(2122,84,82,2,16,NULL,NULL,'2022-12-13 00:44:07','2022-12-13 00:44:07'),(2123,84,82,2,17,NULL,NULL,'2022-12-13 00:44:07','2022-12-13 00:44:07'),(2124,84,82,2,18,NULL,NULL,'2022-12-13 00:44:07','2022-12-13 00:44:07'),(2125,84,82,2,19,NULL,NULL,'2022-12-13 00:44:07','2022-12-13 00:44:07'),(2126,84,82,2,20,NULL,NULL,'2022-12-13 00:44:07','2022-12-13 00:44:07'),(2127,84,82,3,21,NULL,NULL,'2022-12-13 00:44:07','2022-12-13 00:44:07'),(2128,84,82,3,22,NULL,NULL,'2022-12-13 00:44:07','2022-12-13 00:44:07'),(2129,84,82,3,23,NULL,NULL,'2022-12-13 00:44:07','2022-12-13 00:44:07'),(2130,84,82,4,24,NULL,NULL,'2022-12-13 00:44:07','2022-12-13 00:44:07'),(2131,84,82,4,25,NULL,NULL,'2022-12-13 00:44:07','2022-12-13 00:44:07'),(2132,84,82,4,26,NULL,NULL,'2022-12-13 00:44:07','2022-12-13 00:44:07'),(2133,86,83,1,1,NULL,NULL,'2022-12-13 05:26:00','2022-12-13 05:26:00'),(2134,86,83,1,2,NULL,NULL,'2022-12-13 05:26:00','2022-12-13 05:26:00'),(2135,86,83,1,3,NULL,NULL,'2022-12-13 05:26:00','2022-12-13 05:26:00'),(2136,86,83,1,4,NULL,NULL,'2022-12-13 05:26:00','2022-12-13 05:26:00'),(2137,86,83,1,5,NULL,NULL,'2022-12-13 05:26:00','2022-12-13 05:26:00'),(2138,86,83,2,6,NULL,NULL,'2022-12-13 05:26:00','2022-12-13 05:26:00'),(2139,86,83,2,7,NULL,NULL,'2022-12-13 05:26:00','2022-12-13 05:26:00'),(2140,86,83,2,8,NULL,NULL,'2022-12-13 05:26:00','2022-12-13 05:26:00'),(2141,86,83,2,9,NULL,NULL,'2022-12-13 05:26:00','2022-12-13 05:26:00'),(2142,86,83,2,10,NULL,NULL,'2022-12-13 05:26:00','2022-12-13 05:26:00'),(2143,86,83,2,11,NULL,NULL,'2022-12-13 05:26:00','2022-12-13 05:26:00'),(2144,86,83,2,12,NULL,NULL,'2022-12-13 05:26:00','2022-12-13 05:26:00'),(2145,86,83,2,13,NULL,NULL,'2022-12-13 05:26:00','2022-12-13 05:26:00'),(2146,86,83,2,14,NULL,NULL,'2022-12-13 05:26:00','2022-12-13 05:26:00'),(2147,86,83,2,15,NULL,NULL,'2022-12-13 05:26:00','2022-12-13 05:26:00'),(2148,86,83,2,16,NULL,NULL,'2022-12-13 05:26:00','2022-12-13 05:26:00'),(2149,86,83,2,17,NULL,NULL,'2022-12-13 05:26:00','2022-12-13 05:26:00'),(2150,86,83,2,18,NULL,NULL,'2022-12-13 05:26:00','2022-12-13 05:26:00'),(2151,86,83,2,19,NULL,NULL,'2022-12-13 05:26:00','2022-12-13 05:26:00'),(2152,86,83,2,20,NULL,NULL,'2022-12-13 05:26:00','2022-12-13 05:26:00'),(2153,86,83,3,21,NULL,NULL,'2022-12-13 05:26:00','2022-12-13 05:26:00'),(2154,86,83,3,22,NULL,NULL,'2022-12-13 05:26:00','2022-12-13 05:26:00'),(2155,86,83,3,23,NULL,NULL,'2022-12-13 05:26:00','2022-12-13 05:26:00'),(2156,86,83,4,24,NULL,NULL,'2022-12-13 05:26:00','2022-12-13 05:26:00'),(2157,86,83,4,25,NULL,NULL,'2022-12-13 05:26:00','2022-12-13 05:26:00'),(2158,86,83,4,26,NULL,NULL,'2022-12-13 05:26:00','2022-12-13 05:26:00'),(2159,72,84,1,1,313,NULL,'2022-12-14 01:21:25','2023-03-10 06:23:59'),(2160,72,84,1,2,319,NULL,'2022-12-14 01:21:25','2023-03-19 18:27:53'),(2161,72,84,1,3,327,NULL,'2022-12-14 01:21:25','2023-03-19 18:28:00'),(2162,72,84,1,4,334,NULL,'2022-12-14 01:21:25','2023-03-19 18:28:03'),(2163,72,84,1,5,341,NULL,'2022-12-14 01:21:25','2023-03-19 18:28:05'),(2164,72,84,2,6,343,NULL,'2022-12-14 01:21:25','2023-03-19 18:28:08'),(2165,72,84,2,7,350,NULL,'2022-12-14 01:21:25','2023-03-19 18:28:10'),(2166,72,84,2,8,357,NULL,'2022-12-14 01:21:25','2023-03-19 18:28:13'),(2167,72,84,2,9,362,NULL,'2022-12-14 01:21:25','2023-03-19 18:28:15'),(2168,72,84,2,10,368,NULL,'2022-12-14 01:21:25','2023-03-19 18:28:21'),(2169,72,84,2,11,375,NULL,'2022-12-14 01:21:25','2023-03-19 18:28:24'),(2170,72,84,2,12,381,NULL,'2022-12-14 01:21:25','2023-03-19 18:28:27'),(2171,72,84,2,13,387,NULL,'2022-12-14 01:21:25','2023-03-19 18:28:29'),(2172,72,84,2,14,393,NULL,'2022-12-14 01:21:25','2023-03-19 18:28:31'),(2173,72,84,2,15,399,NULL,'2022-12-14 01:21:25','2023-03-19 18:28:33'),(2174,72,84,2,16,405,NULL,'2022-12-14 01:21:25','2023-03-19 18:28:35'),(2175,72,84,2,17,411,NULL,'2022-12-14 01:21:25','2023-03-19 18:28:37'),(2176,72,84,2,18,417,NULL,'2022-12-14 01:21:25','2023-03-19 18:28:38'),(2177,72,84,2,19,423,NULL,'2022-12-14 01:21:25','2023-03-19 18:28:40'),(2178,72,84,2,20,429,NULL,'2022-12-14 01:21:25','2023-03-19 18:28:42'),(2179,72,84,3,21,434,NULL,'2022-12-14 01:21:25','2023-03-19 18:28:44'),(2180,72,84,3,22,440,NULL,'2022-12-14 01:21:25','2023-03-19 18:28:46'),(2181,72,84,3,23,446,NULL,'2022-12-14 01:21:25','2023-03-19 18:28:48'),(2182,72,84,4,24,452,NULL,'2022-12-14 01:21:25','2023-03-19 18:28:50'),(2183,72,84,4,25,459,NULL,'2022-12-14 01:21:25','2023-03-19 18:28:52'),(2184,72,84,4,26,466,NULL,'2022-12-14 01:21:25','2023-03-19 18:28:55'),(2185,87,85,1,1,313,NULL,'2022-12-14 19:18:19','2022-12-14 19:19:08'),(2186,87,85,1,2,319,NULL,'2022-12-14 19:18:19','2022-12-14 19:19:11'),(2187,87,85,1,3,325,NULL,'2022-12-14 19:18:19','2022-12-14 19:19:13'),(2188,87,85,1,4,331,NULL,'2022-12-14 19:18:19','2022-12-14 19:19:16'),(2189,87,85,1,5,337,NULL,'2022-12-14 19:18:19','2022-12-14 19:20:17'),(2190,87,85,2,6,343,NULL,'2022-12-14 19:18:19','2022-12-14 19:20:19'),(2191,87,85,2,7,349,NULL,'2022-12-14 19:18:19','2022-12-14 19:20:21'),(2192,87,85,2,8,355,NULL,'2022-12-14 19:18:19','2022-12-14 19:20:23'),(2193,87,85,2,9,361,NULL,'2022-12-14 19:18:19','2022-12-14 19:20:26'),(2194,87,85,2,10,367,NULL,'2022-12-14 19:18:19','2022-12-14 19:20:27'),(2195,87,85,2,11,373,NULL,'2022-12-14 19:18:19','2022-12-14 19:20:29'),(2196,87,85,2,12,379,NULL,'2022-12-14 19:18:19','2022-12-14 19:20:32'),(2197,87,85,2,13,385,NULL,'2022-12-14 19:18:19','2022-12-14 19:20:34'),(2198,87,85,2,14,391,NULL,'2022-12-14 19:18:19','2022-12-14 19:20:37'),(2199,87,85,2,15,397,NULL,'2022-12-14 19:18:19','2022-12-14 19:20:38'),(2200,87,85,2,16,403,NULL,'2022-12-14 19:18:19','2022-12-14 19:20:41'),(2201,87,85,2,17,409,NULL,'2022-12-14 19:18:19','2022-12-14 19:20:42'),(2202,87,85,2,18,415,NULL,'2022-12-14 19:18:19','2022-12-14 19:20:45'),(2203,87,85,2,19,421,NULL,'2022-12-14 19:18:19','2022-12-14 19:20:46'),(2204,87,85,2,20,427,NULL,'2022-12-14 19:18:19','2022-12-14 19:20:48'),(2205,87,85,3,21,433,NULL,'2022-12-14 19:18:19','2022-12-14 19:20:51'),(2206,87,85,3,22,439,NULL,'2022-12-14 19:18:19','2022-12-14 19:20:52'),(2207,87,85,3,23,445,NULL,'2022-12-14 19:18:19','2022-12-14 19:20:54'),(2208,87,85,4,24,451,NULL,'2022-12-14 19:18:19','2022-12-14 19:20:56'),(2209,87,85,4,25,457,NULL,'2022-12-14 19:18:19','2022-12-14 19:21:03'),(2210,87,85,4,26,463,NULL,'2022-12-14 19:18:19','2022-12-14 19:21:01'),(2211,88,86,1,1,313,NULL,'2022-12-15 19:10:23','2022-12-15 19:10:31'),(2212,88,86,1,2,319,NULL,'2022-12-15 19:10:23','2022-12-15 19:11:02'),(2213,88,86,1,3,325,NULL,'2022-12-15 19:10:23','2022-12-15 19:11:04'),(2214,88,86,1,4,331,NULL,'2022-12-15 19:10:23','2022-12-15 19:11:05'),(2215,88,86,1,5,337,NULL,'2022-12-15 19:10:23','2022-12-15 19:11:07'),(2216,88,86,2,6,343,NULL,'2022-12-15 19:10:23','2022-12-15 19:11:10'),(2217,88,86,2,7,349,NULL,'2022-12-15 19:10:23','2022-12-15 19:11:12'),(2218,88,86,2,8,355,NULL,'2022-12-15 19:10:23','2022-12-15 19:11:15'),(2219,88,86,2,9,361,NULL,'2022-12-15 19:10:23','2022-12-15 19:11:17'),(2220,88,86,2,10,367,NULL,'2022-12-15 19:10:23','2022-12-15 19:11:19'),(2221,88,86,2,11,373,NULL,'2022-12-15 19:10:23','2022-12-15 19:11:21'),(2222,88,86,2,12,379,NULL,'2022-12-15 19:10:23','2022-12-15 19:11:22'),(2223,88,86,2,13,385,NULL,'2022-12-15 19:10:23','2022-12-15 19:11:25'),(2224,88,86,2,14,391,NULL,'2022-12-15 19:10:23','2022-12-15 19:11:26'),(2225,88,86,2,15,397,NULL,'2022-12-15 19:10:23','2022-12-15 19:11:29'),(2226,88,86,2,16,403,NULL,'2022-12-15 19:10:23','2022-12-15 19:11:30'),(2227,88,86,2,17,409,NULL,'2022-12-15 19:10:23','2022-12-15 19:11:32'),(2228,88,86,2,18,415,NULL,'2022-12-15 19:10:23','2022-12-15 19:11:34'),(2229,88,86,2,19,421,NULL,'2022-12-15 19:10:23','2022-12-15 19:11:36'),(2230,88,86,2,20,427,NULL,'2022-12-15 19:10:23','2022-12-15 19:11:38'),(2231,88,86,3,21,433,NULL,'2022-12-15 19:10:23','2022-12-15 19:11:40'),(2232,88,86,3,22,439,NULL,'2022-12-15 19:10:23','2022-12-15 19:11:42'),(2233,88,86,3,23,445,NULL,'2022-12-15 19:10:23','2022-12-15 19:11:44'),(2234,88,86,4,24,451,NULL,'2022-12-15 19:10:23','2022-12-15 19:11:45'),(2235,88,86,4,25,457,NULL,'2022-12-15 19:10:23','2022-12-15 19:11:47'),(2236,88,86,4,26,463,NULL,'2022-12-15 19:10:23','2022-12-15 19:11:49'),(2237,89,87,1,1,313,NULL,'2022-12-15 19:21:40','2022-12-15 19:21:46'),(2238,89,87,1,2,319,NULL,'2022-12-15 19:21:40','2022-12-15 19:21:47'),(2239,89,87,1,3,325,NULL,'2022-12-15 19:21:40','2022-12-15 19:21:49'),(2240,89,87,1,4,331,NULL,'2022-12-15 19:21:40','2022-12-15 19:21:51'),(2241,89,87,1,5,337,NULL,'2022-12-15 19:21:40','2022-12-15 19:21:53'),(2242,89,87,2,6,343,NULL,'2022-12-15 19:21:40','2022-12-15 19:21:55'),(2243,89,87,2,7,349,NULL,'2022-12-15 19:21:40','2022-12-15 19:21:56'),(2244,89,87,2,8,355,NULL,'2022-12-15 19:21:40','2022-12-15 19:21:58'),(2245,89,87,2,9,361,NULL,'2022-12-15 19:21:40','2022-12-15 19:22:00'),(2246,89,87,2,10,367,NULL,'2022-12-15 19:21:40','2022-12-15 19:22:01'),(2247,89,87,2,11,373,NULL,'2022-12-15 19:21:40','2022-12-15 19:22:03'),(2248,89,87,2,12,379,NULL,'2022-12-15 19:21:40','2022-12-15 19:22:05'),(2249,89,87,2,13,385,NULL,'2022-12-15 19:21:40','2022-12-15 19:22:07'),(2250,89,87,2,14,391,NULL,'2022-12-15 19:21:40','2022-12-15 19:22:08'),(2251,89,87,2,15,397,NULL,'2022-12-15 19:21:40','2022-12-15 19:22:10'),(2252,89,87,2,16,403,NULL,'2022-12-15 19:21:40','2022-12-15 19:22:12'),(2253,89,87,2,17,409,NULL,'2022-12-15 19:21:40','2022-12-15 19:22:13'),(2254,89,87,2,18,415,NULL,'2022-12-15 19:21:40','2022-12-15 19:22:15'),(2255,89,87,2,19,421,NULL,'2022-12-15 19:21:40','2022-12-15 19:22:17'),(2256,89,87,2,20,427,NULL,'2022-12-15 19:21:40','2022-12-15 19:22:19'),(2257,89,87,3,21,433,NULL,'2022-12-15 19:21:40','2022-12-15 19:22:20'),(2258,89,87,3,22,439,NULL,'2022-12-15 19:21:40','2022-12-15 19:22:22'),(2259,89,87,3,23,445,NULL,'2022-12-15 19:21:40','2022-12-15 19:22:24'),(2260,89,87,4,24,451,NULL,'2022-12-15 19:21:40','2022-12-15 19:22:25'),(2261,89,87,4,25,457,NULL,'2022-12-15 19:21:40','2022-12-15 19:22:27'),(2262,89,87,4,26,463,NULL,'2022-12-15 19:21:40','2022-12-15 19:22:29'),(2263,90,88,1,1,313,NULL,'2022-12-19 08:38:50','2022-12-19 08:39:24'),(2264,90,88,1,2,319,NULL,'2022-12-19 08:38:50','2022-12-19 08:39:27'),(2265,90,88,1,3,NULL,NULL,'2022-12-19 08:38:50','2022-12-19 08:38:50'),(2266,90,88,1,4,NULL,NULL,'2022-12-19 08:38:50','2022-12-19 08:38:50'),(2267,90,88,1,5,NULL,NULL,'2022-12-19 08:38:50','2022-12-19 08:38:50'),(2268,90,88,2,6,NULL,NULL,'2022-12-19 08:38:50','2022-12-19 08:38:50'),(2269,90,88,2,7,NULL,NULL,'2022-12-19 08:38:50','2022-12-19 08:38:50'),(2270,90,88,2,8,NULL,NULL,'2022-12-19 08:38:50','2022-12-19 08:38:50'),(2271,90,88,2,9,NULL,NULL,'2022-12-19 08:38:50','2022-12-19 08:38:50'),(2272,90,88,2,10,NULL,NULL,'2022-12-19 08:38:50','2022-12-19 08:38:50'),(2273,90,88,2,11,NULL,NULL,'2022-12-19 08:38:50','2022-12-19 08:38:50'),(2274,90,88,2,12,NULL,NULL,'2022-12-19 08:38:50','2022-12-19 08:38:50'),(2275,90,88,2,13,NULL,NULL,'2022-12-19 08:38:50','2022-12-19 08:38:50'),(2276,90,88,2,14,NULL,NULL,'2022-12-19 08:38:50','2022-12-19 08:38:50'),(2277,90,88,2,15,NULL,NULL,'2022-12-19 08:38:50','2022-12-19 08:38:50'),(2278,90,88,2,16,NULL,NULL,'2022-12-19 08:38:50','2022-12-19 08:38:50'),(2279,90,88,2,17,NULL,NULL,'2022-12-19 08:38:50','2022-12-19 08:38:50'),(2280,90,88,2,18,NULL,NULL,'2022-12-19 08:38:50','2022-12-19 08:38:50'),(2281,90,88,2,19,NULL,NULL,'2022-12-19 08:38:50','2022-12-19 08:38:50'),(2282,90,88,2,20,NULL,NULL,'2022-12-19 08:38:50','2022-12-19 08:38:50'),(2283,90,88,3,21,NULL,NULL,'2022-12-19 08:38:50','2022-12-19 08:38:50'),(2284,90,88,3,22,NULL,NULL,'2022-12-19 08:38:50','2022-12-19 08:38:50'),(2285,90,88,3,23,NULL,NULL,'2022-12-19 08:38:50','2022-12-19 08:38:50'),(2286,90,88,4,24,NULL,NULL,'2022-12-19 08:38:50','2022-12-19 08:38:50'),(2287,90,88,4,25,NULL,NULL,'2022-12-19 08:38:50','2022-12-19 08:38:50'),(2288,90,88,4,26,NULL,NULL,'2022-12-19 08:38:50','2022-12-19 08:38:50'),(2289,93,89,1,1,313,NULL,'2023-01-02 18:45:36','2023-01-02 18:45:43'),(2290,93,89,1,2,319,NULL,'2023-01-02 18:45:36','2023-01-02 18:45:46'),(2291,93,89,1,3,325,NULL,'2023-01-02 18:45:36','2023-01-02 18:45:48'),(2292,93,89,1,4,331,NULL,'2023-01-02 18:45:36','2023-01-02 18:45:50'),(2293,93,89,1,5,337,NULL,'2023-01-02 18:45:36','2023-01-02 18:45:52'),(2294,93,89,2,6,343,NULL,'2023-01-02 18:45:36','2023-01-02 18:45:54'),(2295,93,89,2,7,349,NULL,'2023-01-02 18:45:36','2023-01-02 18:45:56'),(2296,93,89,2,8,355,NULL,'2023-01-02 18:45:36','2023-01-02 18:45:57'),(2297,93,89,2,9,361,NULL,'2023-01-02 18:45:36','2023-01-02 18:45:59'),(2298,93,89,2,10,367,NULL,'2023-01-02 18:45:36','2023-01-02 18:46:01'),(2299,93,89,2,11,373,NULL,'2023-01-02 18:45:36','2023-01-02 18:46:03'),(2300,93,89,2,12,379,NULL,'2023-01-02 18:45:36','2023-01-02 18:46:05'),(2301,93,89,2,13,385,NULL,'2023-01-02 18:45:36','2023-01-02 18:46:07'),(2302,93,89,2,14,391,NULL,'2023-01-02 18:45:36','2023-01-02 18:46:11'),(2303,93,89,2,15,397,NULL,'2023-01-02 18:45:36','2023-01-02 18:46:12'),(2304,93,89,2,16,403,NULL,'2023-01-02 18:45:36','2023-01-02 18:46:14'),(2305,93,89,2,17,409,NULL,'2023-01-02 18:45:36','2023-01-02 18:46:18'),(2306,93,89,2,18,415,NULL,'2023-01-02 18:45:36','2023-01-02 18:46:20'),(2307,93,89,2,19,421,NULL,'2023-01-02 18:45:36','2023-01-02 18:46:22'),(2308,93,89,2,20,427,NULL,'2023-01-02 18:45:36','2023-01-02 18:46:25'),(2309,93,89,3,21,433,NULL,'2023-01-02 18:45:36','2023-01-02 18:46:27'),(2310,93,89,3,22,439,NULL,'2023-01-02 18:45:36','2023-01-02 18:46:29'),(2311,93,89,3,23,445,NULL,'2023-01-02 18:45:36','2023-01-02 18:46:31'),(2312,93,89,4,24,451,NULL,'2023-01-02 18:45:36','2023-01-02 18:46:34'),(2313,93,89,4,25,457,NULL,'2023-01-02 18:45:36','2023-01-02 18:46:56'),(2314,93,89,4,26,463,NULL,'2023-01-02 18:45:36','2023-01-02 18:46:58'),(2315,94,90,1,1,313,NULL,'2023-01-26 09:55:19','2023-02-09 00:30:51'),(2316,94,90,1,2,319,NULL,'2023-01-26 09:55:19','2023-02-09 00:30:54'),(2317,94,90,1,3,325,NULL,'2023-01-26 09:55:19','2023-02-09 00:31:01'),(2318,94,90,1,4,331,NULL,'2023-01-26 09:55:19','2023-02-09 00:31:05'),(2319,94,90,1,5,337,NULL,'2023-01-26 09:55:19','2023-02-09 00:31:09'),(2320,94,90,2,6,343,NULL,'2023-01-26 09:55:19','2023-02-09 00:31:13'),(2321,94,90,2,7,349,NULL,'2023-01-26 09:55:19','2023-02-09 00:31:17'),(2322,94,90,2,8,355,NULL,'2023-01-26 09:55:19','2023-02-09 00:31:21'),(2323,94,90,2,9,361,NULL,'2023-01-26 09:55:19','2023-02-09 00:31:26'),(2324,94,90,2,10,367,NULL,'2023-01-26 09:55:19','2023-02-09 00:31:31'),(2325,94,90,2,11,373,NULL,'2023-01-26 09:55:19','2023-02-09 00:31:35'),(2326,94,90,2,12,380,NULL,'2023-01-26 09:55:19','2023-02-09 00:31:40'),(2327,94,90,2,13,386,NULL,'2023-01-26 09:55:19','2023-02-09 00:31:42'),(2328,94,90,2,14,394,NULL,'2023-01-26 09:55:19','2023-02-09 00:31:47'),(2329,94,90,2,15,397,NULL,'2023-01-26 09:55:19','2023-02-09 00:31:51'),(2330,94,90,2,16,403,NULL,'2023-01-26 09:55:19','2023-02-09 00:31:55'),(2331,94,90,2,17,409,NULL,'2023-01-26 09:55:19','2023-02-09 00:31:59'),(2332,94,90,2,18,415,NULL,'2023-01-26 09:55:19','2023-02-09 00:32:09'),(2333,94,90,2,19,421,NULL,'2023-01-26 09:55:19','2023-02-09 00:32:11'),(2334,94,90,2,20,427,NULL,'2023-01-26 09:55:19','2023-02-09 00:32:15'),(2335,94,90,3,21,433,NULL,'2023-01-26 09:55:19','2023-02-09 00:32:19'),(2336,94,90,3,22,439,NULL,'2023-01-26 09:55:19','2023-02-09 00:32:21'),(2337,94,90,3,23,445,NULL,'2023-01-26 09:55:19','2023-02-09 00:32:25'),(2338,94,90,4,24,451,NULL,'2023-01-26 09:55:19','2023-02-09 00:32:28'),(2339,94,90,4,25,457,NULL,'2023-01-26 09:55:19','2023-02-09 00:32:32'),(2340,94,90,4,26,463,NULL,'2023-01-26 09:55:19','2023-02-09 00:32:36'),(2341,95,91,1,1,NULL,NULL,'2023-01-27 00:40:16','2023-01-27 00:40:16'),(2342,95,91,1,2,NULL,NULL,'2023-01-27 00:40:16','2023-01-27 00:40:16'),(2343,95,91,1,3,NULL,NULL,'2023-01-27 00:40:16','2023-01-27 00:40:16'),(2344,95,91,1,4,NULL,NULL,'2023-01-27 00:40:16','2023-01-27 00:40:16'),(2345,95,91,1,5,NULL,NULL,'2023-01-27 00:40:16','2023-01-27 00:40:16'),(2346,95,91,2,6,NULL,NULL,'2023-01-27 00:40:16','2023-01-27 00:40:16'),(2347,95,91,2,7,NULL,NULL,'2023-01-27 00:40:16','2023-01-27 00:40:16'),(2348,95,91,2,8,NULL,NULL,'2023-01-27 00:40:16','2023-01-27 00:40:16'),(2349,95,91,2,9,NULL,NULL,'2023-01-27 00:40:16','2023-01-27 00:40:16'),(2350,95,91,2,10,NULL,NULL,'2023-01-27 00:40:16','2023-01-27 00:40:16'),(2351,95,91,2,11,NULL,NULL,'2023-01-27 00:40:16','2023-01-27 00:40:16'),(2352,95,91,2,12,NULL,NULL,'2023-01-27 00:40:16','2023-01-27 00:40:16'),(2353,95,91,2,13,NULL,NULL,'2023-01-27 00:40:16','2023-01-27 00:40:16'),(2354,95,91,2,14,NULL,NULL,'2023-01-27 00:40:16','2023-01-27 00:40:16'),(2355,95,91,2,15,NULL,NULL,'2023-01-27 00:40:16','2023-01-27 00:40:16'),(2356,95,91,2,16,NULL,NULL,'2023-01-27 00:40:16','2023-01-27 00:40:16'),(2357,95,91,2,17,NULL,NULL,'2023-01-27 00:40:16','2023-01-27 00:40:16'),(2358,95,91,2,18,NULL,NULL,'2023-01-27 00:40:16','2023-01-27 00:40:16'),(2359,95,91,2,19,NULL,NULL,'2023-01-27 00:40:16','2023-01-27 00:40:16'),(2360,95,91,2,20,NULL,NULL,'2023-01-27 00:40:16','2023-01-27 00:40:16'),(2361,95,91,3,21,NULL,NULL,'2023-01-27 00:40:16','2023-01-27 00:40:16'),(2362,95,91,3,22,NULL,NULL,'2023-01-27 00:40:16','2023-01-27 00:40:16'),(2363,95,91,3,23,NULL,NULL,'2023-01-27 00:40:16','2023-01-27 00:40:16'),(2364,95,91,4,24,NULL,NULL,'2023-01-27 00:40:16','2023-01-27 00:40:16'),(2365,95,91,4,25,NULL,NULL,'2023-01-27 00:40:16','2023-01-27 00:40:16'),(2366,95,91,4,26,NULL,NULL,'2023-01-27 00:40:16','2023-01-27 00:40:16'),(2367,96,92,1,1,NULL,NULL,'2023-01-27 07:08:04','2023-01-27 07:08:04'),(2368,96,92,1,2,NULL,NULL,'2023-01-27 07:08:04','2023-01-27 07:08:04'),(2369,96,92,1,3,NULL,NULL,'2023-01-27 07:08:04','2023-01-27 07:08:04'),(2370,96,92,1,4,NULL,NULL,'2023-01-27 07:08:04','2023-01-27 07:08:04'),(2371,96,92,1,5,NULL,NULL,'2023-01-27 07:08:04','2023-01-27 07:08:04'),(2372,96,92,2,6,NULL,NULL,'2023-01-27 07:08:04','2023-01-27 07:08:04'),(2373,96,92,2,7,NULL,NULL,'2023-01-27 07:08:04','2023-01-27 07:08:04'),(2374,96,92,2,8,NULL,NULL,'2023-01-27 07:08:04','2023-01-27 07:08:04'),(2375,96,92,2,9,NULL,NULL,'2023-01-27 07:08:04','2023-01-27 07:08:04'),(2376,96,92,2,10,NULL,NULL,'2023-01-27 07:08:04','2023-01-27 07:08:04'),(2377,96,92,2,11,NULL,NULL,'2023-01-27 07:08:04','2023-01-27 07:08:04'),(2378,96,92,2,12,NULL,NULL,'2023-01-27 07:08:04','2023-01-27 07:08:04'),(2379,96,92,2,13,NULL,NULL,'2023-01-27 07:08:04','2023-01-27 07:08:04'),(2380,96,92,2,14,NULL,NULL,'2023-01-27 07:08:04','2023-01-27 07:08:04'),(2381,96,92,2,15,NULL,NULL,'2023-01-27 07:08:04','2023-01-27 07:08:04'),(2382,96,92,2,16,NULL,NULL,'2023-01-27 07:08:04','2023-01-27 07:08:04'),(2383,96,92,2,17,NULL,NULL,'2023-01-27 07:08:04','2023-01-27 07:08:04'),(2384,96,92,2,18,NULL,NULL,'2023-01-27 07:08:04','2023-01-27 07:08:04'),(2385,96,92,2,19,NULL,NULL,'2023-01-27 07:08:04','2023-01-27 07:08:04'),(2386,96,92,2,20,NULL,NULL,'2023-01-27 07:08:04','2023-01-27 07:08:04'),(2387,96,92,3,21,NULL,NULL,'2023-01-27 07:08:04','2023-01-27 07:08:04'),(2388,96,92,3,22,NULL,NULL,'2023-01-27 07:08:04','2023-01-27 07:08:04'),(2389,96,92,3,23,NULL,NULL,'2023-01-27 07:08:04','2023-01-27 07:08:04'),(2390,96,92,4,24,NULL,NULL,'2023-01-27 07:08:04','2023-01-27 07:08:04'),(2391,96,92,4,25,NULL,NULL,'2023-01-27 07:08:04','2023-01-27 07:08:04'),(2392,96,92,4,26,NULL,NULL,'2023-01-27 07:08:04','2023-01-27 07:08:04'),(2393,97,93,1,1,NULL,NULL,'2023-01-27 12:12:46','2023-01-27 12:12:46'),(2394,97,93,1,2,NULL,NULL,'2023-01-27 12:12:46','2023-01-27 12:12:46'),(2395,97,93,1,3,NULL,NULL,'2023-01-27 12:12:46','2023-01-27 12:12:46'),(2396,97,93,1,4,NULL,NULL,'2023-01-27 12:12:46','2023-01-27 12:12:46'),(2397,97,93,1,5,NULL,NULL,'2023-01-27 12:12:46','2023-01-27 12:12:46'),(2398,97,93,2,6,NULL,NULL,'2023-01-27 12:12:46','2023-01-27 12:12:46'),(2399,97,93,2,7,NULL,NULL,'2023-01-27 12:12:46','2023-01-27 12:12:46'),(2400,97,93,2,8,NULL,NULL,'2023-01-27 12:12:46','2023-01-27 12:12:46'),(2401,97,93,2,9,NULL,NULL,'2023-01-27 12:12:46','2023-01-27 12:12:46'),(2402,97,93,2,10,NULL,NULL,'2023-01-27 12:12:46','2023-01-27 12:12:46'),(2403,97,93,2,11,NULL,NULL,'2023-01-27 12:12:46','2023-01-27 12:12:46'),(2404,97,93,2,12,NULL,NULL,'2023-01-27 12:12:46','2023-01-27 12:12:46'),(2405,97,93,2,13,NULL,NULL,'2023-01-27 12:12:46','2023-01-27 12:12:46'),(2406,97,93,2,14,NULL,NULL,'2023-01-27 12:12:46','2023-01-27 12:12:46'),(2407,97,93,2,15,NULL,NULL,'2023-01-27 12:12:46','2023-01-27 12:12:46'),(2408,97,93,2,16,NULL,NULL,'2023-01-27 12:12:46','2023-01-27 12:12:46'),(2409,97,93,2,17,NULL,NULL,'2023-01-27 12:12:46','2023-01-27 12:12:46'),(2410,97,93,2,18,NULL,NULL,'2023-01-27 12:12:46','2023-01-27 12:12:46'),(2411,97,93,2,19,NULL,NULL,'2023-01-27 12:12:46','2023-01-27 12:12:46'),(2412,97,93,2,20,NULL,NULL,'2023-01-27 12:12:46','2023-01-27 12:12:46'),(2413,97,93,3,21,NULL,NULL,'2023-01-27 12:12:46','2023-01-27 12:12:46'),(2414,97,93,3,22,NULL,NULL,'2023-01-27 12:12:46','2023-01-27 12:12:46'),(2415,97,93,3,23,NULL,NULL,'2023-01-27 12:12:46','2023-01-27 12:12:46'),(2416,97,93,4,24,NULL,NULL,'2023-01-27 12:12:46','2023-01-27 12:12:46'),(2417,97,93,4,25,NULL,NULL,'2023-01-27 12:12:46','2023-01-27 12:12:46'),(2418,97,93,4,26,NULL,NULL,'2023-01-27 12:12:46','2023-01-27 12:12:46'),(2419,98,94,1,1,313,NULL,'2023-01-27 18:48:03','2023-01-27 18:48:11'),(2420,98,94,1,2,319,NULL,'2023-01-27 18:48:03','2023-01-27 18:48:13'),(2421,98,94,1,3,325,NULL,'2023-01-27 18:48:03','2023-01-27 18:48:15'),(2422,98,94,1,4,331,NULL,'2023-01-27 18:48:03','2023-01-27 18:48:17'),(2423,98,94,1,5,337,NULL,'2023-01-27 18:48:03','2023-01-27 18:48:19'),(2424,98,94,2,6,343,NULL,'2023-01-27 18:48:03','2023-01-27 18:48:21'),(2425,98,94,2,7,349,NULL,'2023-01-27 18:48:03','2023-01-27 18:48:23'),(2426,98,94,2,8,355,NULL,'2023-01-27 18:48:03','2023-01-27 18:48:26'),(2427,98,94,2,9,361,NULL,'2023-01-27 18:48:03','2023-01-27 18:48:28'),(2428,98,94,2,10,367,NULL,'2023-01-27 18:48:03','2023-01-27 18:48:30'),(2429,98,94,2,11,373,NULL,'2023-01-27 18:48:03','2023-01-27 18:48:33'),(2430,98,94,2,12,379,NULL,'2023-01-27 18:48:03','2023-01-27 18:48:35'),(2431,98,94,2,13,385,NULL,'2023-01-27 18:48:03','2023-01-27 18:48:37'),(2432,98,94,2,14,391,NULL,'2023-01-27 18:48:03','2023-01-27 18:48:41'),(2433,98,94,2,15,397,NULL,'2023-01-27 18:48:03','2023-01-27 18:48:44'),(2434,98,94,2,16,403,NULL,'2023-01-27 18:48:03','2023-01-27 18:48:46'),(2435,98,94,2,17,409,NULL,'2023-01-27 18:48:03','2023-01-27 18:48:48'),(2436,98,94,2,18,415,NULL,'2023-01-27 18:48:03','2023-01-27 18:48:50'),(2437,98,94,2,19,421,NULL,'2023-01-27 18:48:03','2023-01-27 18:48:51'),(2438,98,94,2,20,427,NULL,'2023-01-27 18:48:03','2023-01-27 18:48:53'),(2439,98,94,3,21,433,NULL,'2023-01-27 18:48:03','2023-01-27 18:48:55'),(2440,98,94,3,22,439,NULL,'2023-01-27 18:48:03','2023-01-27 18:48:57'),(2441,98,94,3,23,445,NULL,'2023-01-27 18:48:03','2023-01-27 18:48:59'),(2442,98,94,4,24,451,NULL,'2023-01-27 18:48:03','2023-01-27 18:49:19'),(2443,98,94,4,25,457,NULL,'2023-01-27 18:48:03','2023-01-27 18:49:22'),(2444,98,94,4,26,463,NULL,'2023-01-27 18:48:03','2023-01-27 18:49:24'),(2445,99,95,1,1,NULL,NULL,'2023-01-27 18:56:39','2023-01-27 18:56:39'),(2446,99,95,1,2,NULL,NULL,'2023-01-27 18:56:39','2023-01-27 18:56:39'),(2447,99,95,1,3,NULL,NULL,'2023-01-27 18:56:39','2023-01-27 18:56:39'),(2448,99,95,1,4,NULL,NULL,'2023-01-27 18:56:39','2023-01-27 18:56:39'),(2449,99,95,1,5,NULL,NULL,'2023-01-27 18:56:39','2023-01-27 18:56:39'),(2450,99,95,2,6,NULL,NULL,'2023-01-27 18:56:39','2023-01-27 18:56:39'),(2451,99,95,2,7,NULL,NULL,'2023-01-27 18:56:39','2023-01-27 18:56:39'),(2452,99,95,2,8,NULL,NULL,'2023-01-27 18:56:39','2023-01-27 18:56:39'),(2453,99,95,2,9,NULL,NULL,'2023-01-27 18:56:39','2023-01-27 18:56:39'),(2454,99,95,2,10,NULL,NULL,'2023-01-27 18:56:39','2023-01-27 18:56:39'),(2455,99,95,2,11,NULL,NULL,'2023-01-27 18:56:39','2023-01-27 18:56:39'),(2456,99,95,2,12,NULL,NULL,'2023-01-27 18:56:39','2023-01-27 18:56:39'),(2457,99,95,2,13,NULL,NULL,'2023-01-27 18:56:39','2023-01-27 18:56:39'),(2458,99,95,2,14,NULL,NULL,'2023-01-27 18:56:39','2023-01-27 18:56:39'),(2459,99,95,2,15,NULL,NULL,'2023-01-27 18:56:39','2023-01-27 18:56:39'),(2460,99,95,2,16,NULL,NULL,'2023-01-27 18:56:39','2023-01-27 18:56:39'),(2461,99,95,2,17,NULL,NULL,'2023-01-27 18:56:39','2023-01-27 18:56:39'),(2462,99,95,2,18,NULL,NULL,'2023-01-27 18:56:39','2023-01-27 18:56:39'),(2463,99,95,2,19,NULL,NULL,'2023-01-27 18:56:39','2023-01-27 18:56:39'),(2464,99,95,2,20,NULL,NULL,'2023-01-27 18:56:39','2023-01-27 18:56:39'),(2465,99,95,3,21,NULL,NULL,'2023-01-27 18:56:39','2023-01-27 18:56:39'),(2466,99,95,3,22,NULL,NULL,'2023-01-27 18:56:39','2023-01-27 18:56:39'),(2467,99,95,3,23,NULL,NULL,'2023-01-27 18:56:39','2023-01-27 18:56:39'),(2468,99,95,4,24,NULL,NULL,'2023-01-27 18:56:39','2023-01-27 18:56:39'),(2469,99,95,4,25,NULL,NULL,'2023-01-27 18:56:39','2023-01-27 18:56:39'),(2470,99,95,4,26,NULL,NULL,'2023-01-27 18:56:39','2023-01-27 18:56:39'),(2471,100,96,1,1,313,NULL,'2023-01-27 19:01:45','2023-01-27 19:01:50'),(2472,100,96,1,2,319,NULL,'2023-01-27 19:01:45','2023-01-27 19:02:04'),(2473,100,96,1,3,325,NULL,'2023-01-27 19:01:45','2023-01-27 19:02:06'),(2474,100,96,1,4,331,NULL,'2023-01-27 19:01:45','2023-01-27 19:02:09'),(2475,100,96,1,5,337,NULL,'2023-01-27 19:01:45','2023-01-27 19:02:11'),(2476,100,96,2,6,343,NULL,'2023-01-27 19:01:45','2023-01-27 19:02:13'),(2477,100,96,2,7,349,NULL,'2023-01-27 19:01:45','2023-01-27 19:02:15'),(2478,100,96,2,8,355,NULL,'2023-01-27 19:01:45','2023-01-27 19:02:17'),(2479,100,96,2,9,361,NULL,'2023-01-27 19:01:45','2023-01-27 19:02:20'),(2480,100,96,2,10,367,NULL,'2023-01-27 19:01:45','2023-01-27 19:02:33'),(2481,100,96,2,11,373,NULL,'2023-01-27 19:01:45','2023-01-27 19:02:36'),(2482,100,96,2,12,379,NULL,'2023-01-27 19:01:45','2023-01-27 19:02:38'),(2483,100,96,2,13,385,NULL,'2023-01-27 19:01:45','2023-01-27 19:02:40'),(2484,100,96,2,14,391,NULL,'2023-01-27 19:01:45','2023-01-27 19:02:43'),(2485,100,96,2,15,397,NULL,'2023-01-27 19:01:45','2023-01-27 19:02:45'),(2486,100,96,2,16,403,NULL,'2023-01-27 19:01:45','2023-01-27 19:02:47'),(2487,100,96,2,17,409,NULL,'2023-01-27 19:01:45','2023-01-27 19:02:50'),(2488,100,96,2,18,415,NULL,'2023-01-27 19:01:45','2023-01-27 19:02:57'),(2489,100,96,2,19,421,NULL,'2023-01-27 19:01:45','2023-01-27 19:03:00'),(2490,100,96,2,20,427,NULL,'2023-01-27 19:01:45','2023-01-27 19:03:03'),(2491,100,96,3,21,433,NULL,'2023-01-27 19:01:45','2023-01-27 19:03:05'),(2492,100,96,3,22,439,NULL,'2023-01-27 19:01:45','2023-01-27 19:03:07'),(2493,100,96,3,23,445,NULL,'2023-01-27 19:01:45','2023-01-27 19:03:11'),(2494,100,96,4,24,451,NULL,'2023-01-27 19:01:45','2023-01-27 19:03:23'),(2495,100,96,4,25,457,NULL,'2023-01-27 19:01:45','2023-01-27 19:03:25'),(2496,100,96,4,26,463,NULL,'2023-01-27 19:01:45','2023-01-27 19:03:29'),(2497,101,97,1,1,313,NULL,'2023-01-27 19:58:57','2023-01-27 19:59:07'),(2498,101,97,1,2,319,NULL,'2023-01-27 19:58:57','2023-01-27 19:59:09'),(2499,101,97,1,3,325,NULL,'2023-01-27 19:58:57','2023-01-27 19:59:11'),(2500,101,97,1,4,331,NULL,'2023-01-27 19:58:57','2023-01-27 19:59:13'),(2501,101,97,1,5,337,NULL,'2023-01-27 19:58:57','2023-01-27 19:59:20'),(2502,101,97,2,6,343,NULL,'2023-01-27 19:58:57','2023-01-27 19:59:23'),(2503,101,97,2,7,349,NULL,'2023-01-27 19:58:57','2023-01-27 19:59:25'),(2504,101,97,2,8,355,NULL,'2023-01-27 19:58:57','2023-01-27 19:59:28'),(2505,101,97,2,9,361,NULL,'2023-01-27 19:58:57','2023-01-27 19:59:30'),(2506,101,97,2,10,367,NULL,'2023-01-27 19:58:57','2023-01-27 19:59:32'),(2507,101,97,2,11,373,NULL,'2023-01-27 19:58:57','2023-01-27 19:59:34'),(2508,101,97,2,12,379,NULL,'2023-01-27 19:58:57','2023-01-27 19:59:36'),(2509,101,97,2,13,385,NULL,'2023-01-27 19:58:57','2023-01-27 19:59:38'),(2510,101,97,2,14,391,NULL,'2023-01-27 19:58:57','2023-01-27 19:59:40'),(2511,101,97,2,15,397,NULL,'2023-01-27 19:58:57','2023-01-27 19:59:43'),(2512,101,97,2,16,403,NULL,'2023-01-27 19:58:57','2023-01-27 19:59:45'),(2513,101,97,2,17,409,NULL,'2023-01-27 19:58:57','2023-01-27 19:59:48'),(2514,101,97,2,18,415,NULL,'2023-01-27 19:58:57','2023-01-27 19:59:50'),(2515,101,97,2,19,421,NULL,'2023-01-27 19:58:57','2023-01-27 19:59:52'),(2516,101,97,2,20,427,NULL,'2023-01-27 19:58:57','2023-01-27 19:59:53'),(2517,101,97,3,21,433,NULL,'2023-01-27 19:58:57','2023-01-27 19:59:55'),(2518,101,97,3,22,439,NULL,'2023-01-27 19:58:57','2023-01-27 19:59:57'),(2519,101,97,3,23,445,NULL,'2023-01-27 19:58:57','2023-01-27 20:00:01'),(2520,101,97,4,24,451,NULL,'2023-01-27 19:58:57','2023-01-27 20:00:03'),(2521,101,97,4,25,457,NULL,'2023-01-27 19:58:57','2023-01-27 20:00:06'),(2522,101,97,4,26,463,NULL,'2023-01-27 19:58:57','2023-01-27 20:00:08'),(2523,102,98,1,1,NULL,NULL,'2023-01-29 02:44:23','2023-01-29 02:44:23'),(2524,102,98,1,2,NULL,NULL,'2023-01-29 02:44:23','2023-01-29 02:44:23'),(2525,102,98,1,3,NULL,NULL,'2023-01-29 02:44:23','2023-01-29 02:44:23'),(2526,102,98,1,4,NULL,NULL,'2023-01-29 02:44:23','2023-01-29 02:44:23'),(2527,102,98,1,5,NULL,NULL,'2023-01-29 02:44:23','2023-01-29 02:44:23'),(2528,102,98,2,6,NULL,NULL,'2023-01-29 02:44:23','2023-01-29 02:44:23'),(2529,102,98,2,7,NULL,NULL,'2023-01-29 02:44:23','2023-01-29 02:44:23'),(2530,102,98,2,8,NULL,NULL,'2023-01-29 02:44:23','2023-01-29 02:44:23'),(2531,102,98,2,9,NULL,NULL,'2023-01-29 02:44:23','2023-01-29 02:44:23'),(2532,102,98,2,10,NULL,NULL,'2023-01-29 02:44:23','2023-01-29 02:44:23'),(2533,102,98,2,11,NULL,NULL,'2023-01-29 02:44:23','2023-01-29 02:44:23'),(2534,102,98,2,12,NULL,NULL,'2023-01-29 02:44:23','2023-01-29 02:44:23'),(2535,102,98,2,13,NULL,NULL,'2023-01-29 02:44:23','2023-01-29 02:44:23'),(2536,102,98,2,14,NULL,NULL,'2023-01-29 02:44:23','2023-01-29 02:44:23'),(2537,102,98,2,15,NULL,NULL,'2023-01-29 02:44:23','2023-01-29 02:44:23'),(2538,102,98,2,16,NULL,NULL,'2023-01-29 02:44:23','2023-01-29 02:44:23'),(2539,102,98,2,17,NULL,NULL,'2023-01-29 02:44:23','2023-01-29 02:44:23'),(2540,102,98,2,18,NULL,NULL,'2023-01-29 02:44:23','2023-01-29 02:44:23'),(2541,102,98,2,19,NULL,NULL,'2023-01-29 02:44:23','2023-01-29 02:44:23'),(2542,102,98,2,20,NULL,NULL,'2023-01-29 02:44:23','2023-01-29 02:44:23'),(2543,102,98,3,21,NULL,NULL,'2023-01-29 02:44:23','2023-01-29 02:44:23'),(2544,102,98,3,22,NULL,NULL,'2023-01-29 02:44:23','2023-01-29 02:44:23'),(2545,102,98,3,23,NULL,NULL,'2023-01-29 02:44:23','2023-01-29 02:44:23'),(2546,102,98,4,24,NULL,NULL,'2023-01-29 02:44:23','2023-01-29 02:44:23'),(2547,102,98,4,25,NULL,NULL,'2023-01-29 02:44:23','2023-01-29 02:44:23'),(2548,102,98,4,26,NULL,NULL,'2023-01-29 02:44:23','2023-01-29 02:44:23'),(2549,103,99,1,1,314,NULL,'2023-02-01 13:28:56','2023-03-20 13:22:12'),(2550,103,99,1,2,320,NULL,'2023-02-01 13:28:56','2023-03-20 13:22:14'),(2551,103,99,1,3,326,NULL,'2023-02-01 13:28:56','2023-03-20 13:22:17'),(2552,103,99,1,4,NULL,NULL,'2023-02-01 13:28:56','2023-03-20 13:22:20'),(2553,103,99,1,5,338,NULL,'2023-02-01 13:28:56','2023-03-20 13:22:21'),(2554,103,99,2,6,NULL,NULL,'2023-02-01 13:28:56','2023-02-01 13:28:56'),(2555,103,99,2,7,NULL,NULL,'2023-02-01 13:28:56','2023-02-01 13:28:56'),(2556,103,99,2,8,NULL,NULL,'2023-02-01 13:28:56','2023-02-01 13:28:56'),(2557,103,99,2,9,NULL,NULL,'2023-02-01 13:28:56','2023-02-01 13:28:56'),(2558,103,99,2,10,NULL,NULL,'2023-02-01 13:28:56','2023-02-01 13:28:56'),(2559,103,99,2,11,NULL,NULL,'2023-02-01 13:28:56','2023-02-01 13:28:56'),(2560,103,99,2,12,NULL,NULL,'2023-02-01 13:28:56','2023-02-01 13:28:56'),(2561,103,99,2,13,NULL,NULL,'2023-02-01 13:28:56','2023-02-01 13:28:56'),(2562,103,99,2,14,NULL,NULL,'2023-02-01 13:28:56','2023-02-01 13:28:56'),(2563,103,99,2,15,NULL,NULL,'2023-02-01 13:28:56','2023-02-01 13:28:56'),(2564,103,99,2,16,NULL,NULL,'2023-02-01 13:28:56','2023-02-01 13:28:56'),(2565,103,99,2,17,NULL,NULL,'2023-02-01 13:28:56','2023-02-01 13:28:56'),(2566,103,99,2,18,NULL,NULL,'2023-02-01 13:28:56','2023-02-01 13:28:56'),(2567,103,99,2,19,NULL,NULL,'2023-02-01 13:28:56','2023-02-01 13:28:56'),(2568,103,99,2,20,NULL,NULL,'2023-02-01 13:28:56','2023-02-01 13:28:56'),(2569,103,99,3,21,NULL,NULL,'2023-02-01 13:28:56','2023-02-01 13:28:56'),(2570,103,99,3,22,NULL,NULL,'2023-02-01 13:28:56','2023-02-01 13:28:56'),(2571,103,99,3,23,NULL,NULL,'2023-02-01 13:28:56','2023-02-01 13:28:56'),(2572,103,99,4,24,NULL,NULL,'2023-02-01 13:28:56','2023-02-01 13:28:56'),(2573,103,99,4,25,NULL,NULL,'2023-02-01 13:28:56','2023-02-01 13:28:56'),(2574,103,99,4,26,NULL,NULL,'2023-02-01 13:28:56','2023-02-01 13:28:56'),(2575,72,100,1,1,313,NULL,'2023-02-08 18:16:49','2023-03-10 06:23:59'),(2576,72,100,1,2,319,NULL,'2023-02-08 18:16:49','2023-03-19 18:27:53'),(2577,72,100,1,3,327,NULL,'2023-02-08 18:16:49','2023-03-19 18:28:00'),(2578,72,100,1,4,334,NULL,'2023-02-08 18:16:49','2023-03-19 18:28:03'),(2579,72,100,1,5,341,NULL,'2023-02-08 18:16:49','2023-03-19 18:28:05'),(2580,72,100,2,6,343,NULL,'2023-02-08 18:16:49','2023-03-19 18:28:08'),(2581,72,100,2,7,350,NULL,'2023-02-08 18:16:49','2023-03-19 18:28:10'),(2582,72,100,2,8,357,NULL,'2023-02-08 18:16:49','2023-03-19 18:28:13'),(2583,72,100,2,9,362,NULL,'2023-02-08 18:16:50','2023-03-19 18:28:15'),(2584,72,100,2,10,368,NULL,'2023-02-08 18:16:50','2023-03-19 18:28:21'),(2585,72,100,2,11,375,NULL,'2023-02-08 18:16:50','2023-03-19 18:28:24'),(2586,72,100,2,12,381,NULL,'2023-02-08 18:16:50','2023-03-19 18:28:27'),(2587,72,100,2,13,387,NULL,'2023-02-08 18:16:50','2023-03-19 18:28:29'),(2588,72,100,2,14,393,NULL,'2023-02-08 18:16:50','2023-03-19 18:28:31'),(2589,72,100,2,15,399,NULL,'2023-02-08 18:16:50','2023-03-19 18:28:33'),(2590,72,100,2,16,405,NULL,'2023-02-08 18:16:50','2023-03-19 18:28:35'),(2591,72,100,2,17,411,NULL,'2023-02-08 18:16:50','2023-03-19 18:28:37'),(2592,72,100,2,18,417,NULL,'2023-02-08 18:16:50','2023-03-19 18:28:38'),(2593,72,100,2,19,423,NULL,'2023-02-08 18:16:50','2023-03-19 18:28:40'),(2594,72,100,2,20,429,NULL,'2023-02-08 18:16:50','2023-03-19 18:28:42'),(2595,72,100,3,21,434,NULL,'2023-02-08 18:16:50','2023-03-19 18:28:44'),(2596,72,100,3,22,440,NULL,'2023-02-08 18:16:50','2023-03-19 18:28:46'),(2597,72,100,3,23,446,NULL,'2023-02-08 18:16:50','2023-03-19 18:28:48'),(2598,72,100,4,24,452,NULL,'2023-02-08 18:16:50','2023-03-19 18:28:50'),(2599,72,100,4,25,459,NULL,'2023-02-08 18:16:50','2023-03-19 18:28:52'),(2600,72,100,4,26,466,NULL,'2023-02-08 18:16:50','2023-03-19 18:28:55'),(2601,104,101,1,1,313,NULL,'2023-02-08 18:36:22','2023-02-08 18:41:43'),(2602,104,101,1,2,321,NULL,'2023-02-08 18:36:22','2023-02-08 18:41:46'),(2603,104,101,1,3,328,NULL,'2023-02-08 18:36:22','2023-02-08 18:41:49'),(2604,104,101,1,4,332,NULL,'2023-02-08 18:36:22','2023-02-08 18:41:52'),(2605,104,101,1,5,341,NULL,'2023-02-08 18:36:22','2023-02-08 18:41:55'),(2606,104,101,2,6,343,NULL,'2023-02-08 18:36:22','2023-02-08 18:41:58'),(2607,104,101,2,7,350,NULL,'2023-02-08 18:36:22','2023-02-08 18:42:00'),(2608,104,101,2,8,357,NULL,'2023-02-08 18:36:22','2023-02-08 18:42:03'),(2609,104,101,2,9,363,NULL,'2023-02-08 18:36:22','2023-02-08 18:42:06'),(2610,104,101,2,10,368,NULL,'2023-02-08 18:36:22','2023-02-08 18:42:09'),(2611,104,101,2,11,375,NULL,'2023-02-08 18:36:22','2023-02-08 18:42:14'),(2612,104,101,2,12,382,NULL,'2023-02-08 18:36:22','2023-02-08 18:42:16'),(2613,104,101,2,13,388,NULL,'2023-02-08 18:36:22','2023-02-08 18:42:18'),(2614,104,101,2,14,393,NULL,'2023-02-08 18:36:22','2023-02-08 18:42:21'),(2615,104,101,2,15,398,NULL,'2023-02-08 18:36:22','2023-02-08 18:42:24'),(2616,104,101,2,16,403,NULL,'2023-02-08 18:36:22','2023-02-08 18:42:27'),(2617,104,101,2,17,409,NULL,'2023-02-08 18:36:22','2023-02-08 18:42:30'),(2618,104,101,2,18,415,NULL,'2023-02-08 18:36:22','2023-02-08 18:42:32'),(2619,104,101,2,19,421,NULL,'2023-02-08 18:36:22','2023-02-08 18:42:34'),(2620,104,101,2,20,428,NULL,'2023-02-08 18:36:22','2023-02-08 18:42:38'),(2621,104,101,3,21,435,NULL,'2023-02-08 18:36:22','2023-02-08 18:42:41'),(2622,104,101,3,22,442,NULL,'2023-02-08 18:36:22','2023-02-08 18:42:43'),(2623,104,101,3,23,449,NULL,'2023-02-08 18:36:22','2023-02-08 18:42:46'),(2624,104,101,4,24,451,NULL,'2023-02-08 18:36:22','2023-02-08 18:42:49'),(2625,104,101,4,25,458,NULL,'2023-02-08 18:36:22','2023-02-08 18:42:52'),(2626,104,101,4,26,464,NULL,'2023-02-08 18:36:22','2023-02-08 18:42:54'),(2627,105,102,1,1,313,NULL,'2023-02-08 18:47:45','2023-02-08 18:47:53'),(2628,105,102,1,2,319,NULL,'2023-02-08 18:47:45','2023-02-08 18:47:56'),(2629,105,102,1,3,325,NULL,'2023-02-08 18:47:45','2023-02-08 18:48:51'),(2630,105,102,1,4,331,NULL,'2023-02-08 18:47:45','2023-02-08 18:48:53'),(2631,105,102,1,5,337,NULL,'2023-02-08 18:47:45','2023-02-08 18:48:55'),(2632,105,102,2,6,343,NULL,'2023-02-08 18:47:45','2023-02-08 18:48:57'),(2633,105,102,2,7,349,NULL,'2023-02-08 18:47:45','2023-02-08 18:48:59'),(2634,105,102,2,8,NULL,NULL,'2023-02-08 18:47:45','2023-02-08 18:47:45'),(2635,105,102,2,9,NULL,NULL,'2023-02-08 18:47:45','2023-02-08 18:47:45'),(2636,105,102,2,10,NULL,NULL,'2023-02-08 18:47:45','2023-02-08 18:47:45'),(2637,105,102,2,11,NULL,NULL,'2023-02-08 18:47:45','2023-02-08 18:47:45'),(2638,105,102,2,12,NULL,NULL,'2023-02-08 18:47:45','2023-02-08 18:47:45'),(2639,105,102,2,13,NULL,NULL,'2023-02-08 18:47:45','2023-02-08 18:47:45'),(2640,105,102,2,14,NULL,NULL,'2023-02-08 18:47:45','2023-02-08 18:47:45'),(2641,105,102,2,15,NULL,NULL,'2023-02-08 18:47:45','2023-02-08 18:47:45'),(2642,105,102,2,16,NULL,NULL,'2023-02-08 18:47:45','2023-02-08 18:47:45'),(2643,105,102,2,17,NULL,NULL,'2023-02-08 18:47:45','2023-02-08 18:47:45'),(2644,105,102,2,18,NULL,NULL,'2023-02-08 18:47:45','2023-02-08 18:47:45'),(2645,105,102,2,19,NULL,NULL,'2023-02-08 18:47:45','2023-02-08 18:47:45'),(2646,105,102,2,20,NULL,NULL,'2023-02-08 18:47:45','2023-02-08 18:47:45'),(2647,105,102,3,21,NULL,NULL,'2023-02-08 18:47:45','2023-02-08 18:47:45'),(2648,105,102,3,22,NULL,NULL,'2023-02-08 18:47:45','2023-02-08 18:47:45'),(2649,105,102,3,23,NULL,NULL,'2023-02-08 18:47:45','2023-02-08 18:47:45'),(2650,105,102,4,24,NULL,NULL,'2023-02-08 18:47:45','2023-02-08 18:47:45'),(2651,105,102,4,25,NULL,NULL,'2023-02-08 18:47:45','2023-02-08 18:47:45'),(2652,105,102,4,26,NULL,NULL,'2023-02-08 18:47:45','2023-02-08 18:47:45'),(2653,106,103,1,1,313,NULL,'2023-02-08 18:53:10','2023-02-08 18:53:17'),(2654,106,103,1,2,320,NULL,'2023-02-08 18:53:10','2023-02-08 18:53:20'),(2655,106,103,1,3,325,NULL,'2023-02-08 18:53:10','2023-02-08 18:53:23'),(2656,106,103,1,4,331,NULL,'2023-02-08 18:53:10','2023-02-08 18:53:25'),(2657,106,103,1,5,337,NULL,'2023-02-08 18:53:10','2023-02-08 18:53:27'),(2658,106,103,2,6,343,NULL,'2023-02-08 18:53:10','2023-02-08 18:53:29'),(2659,106,103,2,7,350,NULL,'2023-02-08 18:53:10','2023-02-08 18:53:32'),(2660,106,103,2,8,355,NULL,'2023-02-08 18:53:10','2023-02-08 18:53:35'),(2661,106,103,2,9,361,NULL,'2023-02-08 18:53:10','2023-02-08 18:53:37'),(2662,106,103,2,10,367,NULL,'2023-02-08 18:53:10','2023-02-08 18:53:39'),(2663,106,103,2,11,373,NULL,'2023-02-08 18:53:10','2023-02-08 18:53:40'),(2664,106,103,2,12,379,NULL,'2023-02-08 18:53:10','2023-02-08 18:53:42'),(2665,106,103,2,13,385,NULL,'2023-02-08 18:53:10','2023-02-08 18:53:44'),(2666,106,103,2,14,391,NULL,'2023-02-08 18:53:10','2023-02-08 18:53:46'),(2667,106,103,2,15,397,NULL,'2023-02-08 18:53:10','2023-02-08 18:53:48'),(2668,106,103,2,16,403,NULL,'2023-02-08 18:53:10','2023-02-08 18:53:50'),(2669,106,103,2,17,409,NULL,'2023-02-08 18:53:10','2023-02-08 18:53:52'),(2670,106,103,2,18,415,NULL,'2023-02-08 18:53:10','2023-02-08 18:53:53'),(2671,106,103,2,19,421,NULL,'2023-02-08 18:53:10','2023-02-08 18:53:55'),(2672,106,103,2,20,427,NULL,'2023-02-08 18:53:10','2023-02-08 18:53:57'),(2673,106,103,3,21,433,NULL,'2023-02-08 18:53:10','2023-02-08 18:53:59'),(2674,106,103,3,22,439,NULL,'2023-02-08 18:53:10','2023-02-08 18:54:01'),(2675,106,103,3,23,445,NULL,'2023-02-08 18:53:10','2023-02-08 18:54:04'),(2676,106,103,4,24,451,NULL,'2023-02-08 18:53:10','2023-02-08 18:54:05'),(2677,106,103,4,25,457,NULL,'2023-02-08 18:53:10','2023-02-08 18:54:07'),(2678,106,103,4,26,463,NULL,'2023-02-08 18:53:10','2023-02-08 18:54:10'),(2679,107,104,1,1,313,NULL,'2023-02-08 18:57:06','2023-02-08 18:57:16'),(2680,107,104,1,2,319,NULL,'2023-02-08 18:57:06','2023-02-08 18:57:18'),(2681,107,104,1,3,325,NULL,'2023-02-08 18:57:06','2023-02-08 18:57:20'),(2682,107,104,1,4,331,NULL,'2023-02-08 18:57:06','2023-02-08 18:57:22'),(2683,107,104,1,5,338,NULL,'2023-02-08 18:57:06','2023-02-08 18:57:25'),(2684,107,104,2,6,344,NULL,'2023-02-08 18:57:06','2023-02-08 18:57:27'),(2685,107,104,2,7,350,NULL,'2023-02-08 18:57:06','2023-02-08 18:57:30'),(2686,107,104,2,8,357,NULL,'2023-02-08 18:57:06','2023-02-08 18:57:33'),(2687,107,104,2,9,362,NULL,'2023-02-08 18:57:06','2023-02-08 18:57:36'),(2688,107,104,2,10,369,NULL,'2023-02-08 18:57:06','2023-02-08 18:57:38'),(2689,107,104,2,11,374,NULL,'2023-02-08 18:57:06','2023-02-08 18:57:40'),(2690,107,104,2,12,381,NULL,'2023-02-08 18:57:06','2023-02-08 18:57:43'),(2691,107,104,2,13,388,NULL,'2023-02-08 18:57:06','2023-02-08 18:57:45'),(2692,107,104,2,14,395,NULL,'2023-02-08 18:57:06','2023-02-08 18:57:50'),(2693,107,104,2,15,398,NULL,'2023-02-08 18:57:06','2023-02-08 18:57:53'),(2694,107,104,2,16,404,NULL,'2023-02-08 18:57:06','2023-02-08 18:57:55'),(2695,107,104,2,17,410,NULL,'2023-02-08 18:57:06','2023-02-08 18:57:57'),(2696,107,104,2,18,416,NULL,'2023-02-08 18:57:06','2023-02-08 18:58:00'),(2697,107,104,2,19,422,NULL,'2023-02-08 18:57:06','2023-02-08 18:58:02'),(2698,107,104,2,20,428,NULL,'2023-02-08 18:57:06','2023-02-08 18:58:06'),(2699,107,104,3,21,433,NULL,'2023-02-08 18:57:06','2023-02-08 18:58:08'),(2700,107,104,3,22,440,NULL,'2023-02-08 18:57:06','2023-02-08 18:58:10'),(2701,107,104,3,23,446,NULL,'2023-02-08 18:57:06','2023-02-08 18:58:12'),(2702,107,104,4,24,452,NULL,'2023-02-08 18:57:06','2023-02-08 18:58:14'),(2703,107,104,4,25,458,NULL,'2023-02-08 18:57:06','2023-02-08 18:58:18'),(2704,107,104,4,26,464,NULL,'2023-02-08 18:57:06','2023-02-08 18:58:20'),(2705,108,105,1,1,313,NULL,'2023-02-08 19:00:25','2023-02-08 19:00:30'),(2706,108,105,1,2,321,NULL,'2023-02-08 19:00:25','2023-02-08 19:00:33'),(2707,108,105,1,3,327,NULL,'2023-02-08 19:00:25','2023-02-08 19:00:35'),(2708,108,105,1,4,331,NULL,'2023-02-08 19:00:25','2023-02-08 19:00:38'),(2709,108,105,1,5,338,NULL,'2023-02-08 19:00:25','2023-02-08 19:00:40'),(2710,108,105,2,6,345,NULL,'2023-02-08 19:00:25','2023-02-08 19:00:43'),(2711,108,105,2,7,351,NULL,'2023-02-08 19:00:25','2023-02-08 19:00:45'),(2712,108,105,2,8,357,NULL,'2023-02-08 19:00:25','2023-02-08 19:00:48'),(2713,108,105,2,9,361,NULL,'2023-02-08 19:00:25','2023-02-08 19:00:51'),(2714,108,105,2,10,368,NULL,'2023-02-08 19:00:25','2023-02-08 19:00:54'),(2715,108,105,2,11,373,NULL,'2023-02-08 19:00:25','2023-02-08 19:00:58'),(2716,108,105,2,12,379,NULL,'2023-02-08 19:00:25','2023-02-08 19:01:01'),(2717,108,105,2,13,385,NULL,'2023-02-08 19:00:25','2023-02-08 19:01:03'),(2718,108,105,2,14,391,NULL,'2023-02-08 19:00:25','2023-02-08 19:01:05'),(2719,108,105,2,15,398,NULL,'2023-02-08 19:00:25','2023-02-08 19:01:08'),(2720,108,105,2,16,403,NULL,'2023-02-08 19:00:25','2023-02-08 19:01:10'),(2721,108,105,2,17,410,NULL,'2023-02-08 19:00:25','2023-02-08 19:01:13'),(2722,108,105,2,18,415,NULL,'2023-02-08 19:00:25','2023-02-08 19:01:16'),(2723,108,105,2,19,422,NULL,'2023-02-08 19:00:25','2023-02-08 19:01:20'),(2724,108,105,2,20,427,NULL,'2023-02-08 19:00:25','2023-02-08 19:01:22'),(2725,108,105,3,21,433,NULL,'2023-02-08 19:00:25','2023-02-08 19:01:25'),(2726,108,105,3,22,439,NULL,'2023-02-08 19:00:25','2023-02-08 19:01:27'),(2727,108,105,3,23,445,NULL,'2023-02-08 19:00:25','2023-02-08 19:01:31'),(2728,108,105,4,24,451,NULL,'2023-02-08 19:00:25','2023-02-08 19:01:34'),(2729,108,105,4,25,458,NULL,'2023-02-08 19:00:25','2023-02-08 19:01:36'),(2730,108,105,4,26,465,NULL,'2023-02-08 19:00:25','2023-02-08 19:01:39'),(2731,109,106,1,1,313,NULL,'2023-02-08 23:13:37','2023-02-08 23:15:07'),(2732,109,106,1,2,320,NULL,'2023-02-08 23:13:37','2023-02-08 23:15:10'),(2733,109,106,1,3,325,NULL,'2023-02-08 23:13:37','2023-02-08 23:15:19'),(2734,109,106,1,4,334,NULL,'2023-02-08 23:13:37','2023-02-08 23:15:23'),(2735,109,106,1,5,338,NULL,'2023-02-08 23:13:37','2023-02-08 23:15:27'),(2736,109,106,2,6,343,NULL,'2023-02-08 23:13:37','2023-02-08 23:15:30'),(2737,109,106,2,7,350,NULL,'2023-02-08 23:13:37','2023-02-08 23:15:33'),(2738,109,106,2,8,357,NULL,'2023-02-08 23:13:37','2023-02-08 23:15:36'),(2739,109,106,2,9,361,NULL,'2023-02-08 23:13:37','2023-02-08 23:15:39'),(2740,109,106,2,10,369,NULL,'2023-02-08 23:13:37','2023-02-08 23:15:43'),(2741,109,106,2,11,374,NULL,'2023-02-08 23:13:37','2023-02-08 23:15:46'),(2742,109,106,2,12,381,NULL,'2023-02-08 23:13:37','2023-02-08 23:15:50'),(2743,109,106,2,13,387,NULL,'2023-02-08 23:13:37','2023-02-08 23:16:03'),(2744,109,106,2,14,393,NULL,'2023-02-08 23:13:37','2023-02-08 23:16:05'),(2745,109,106,2,15,397,NULL,'2023-02-08 23:13:37','2023-02-08 23:16:08'),(2746,109,106,2,16,405,NULL,'2023-02-08 23:13:37','2023-02-08 23:16:11'),(2747,109,106,2,17,410,NULL,'2023-02-08 23:13:37','2023-02-08 23:16:14'),(2748,109,106,2,18,417,NULL,'2023-02-08 23:13:37','2023-02-08 23:16:17'),(2749,109,106,2,19,422,NULL,'2023-02-08 23:13:37','2023-02-08 23:16:21'),(2750,109,106,2,20,429,NULL,'2023-02-08 23:13:37','2023-02-08 23:16:24'),(2751,109,106,3,21,434,NULL,'2023-02-08 23:13:37','2023-02-08 23:16:26'),(2752,109,106,3,22,439,NULL,'2023-02-08 23:13:37','2023-02-08 23:16:30'),(2753,109,106,3,23,446,NULL,'2023-02-08 23:13:37','2023-02-08 23:16:32'),(2754,109,106,4,24,451,NULL,'2023-02-08 23:13:37','2023-02-08 23:16:35'),(2755,109,106,4,25,458,NULL,'2023-02-08 23:13:37','2023-02-08 23:16:38'),(2756,109,106,4,26,463,NULL,'2023-02-08 23:13:37','2023-02-08 23:16:41'),(2757,110,107,1,1,313,NULL,'2023-02-08 23:21:12','2023-02-08 23:21:17'),(2758,110,107,1,2,319,NULL,'2023-02-08 23:21:12','2023-02-08 23:21:20'),(2759,110,107,1,3,325,NULL,'2023-02-08 23:21:12','2023-02-08 23:21:21'),(2760,110,107,1,4,331,NULL,'2023-02-08 23:21:12','2023-02-08 23:21:23'),(2761,110,107,1,5,337,NULL,'2023-02-08 23:21:12','2023-02-08 23:21:25'),(2762,110,107,2,6,343,NULL,'2023-02-08 23:21:12','2023-02-08 23:21:27'),(2763,110,107,2,7,349,NULL,'2023-02-08 23:21:12','2023-02-08 23:21:28'),(2764,110,107,2,8,355,NULL,'2023-02-08 23:21:12','2023-02-08 23:21:30'),(2765,110,107,2,9,361,NULL,'2023-02-08 23:21:12','2023-02-08 23:21:33'),(2766,110,107,2,10,367,NULL,'2023-02-08 23:21:12','2023-02-08 23:21:34'),(2767,110,107,2,11,373,NULL,'2023-02-08 23:21:12','2023-02-08 23:21:36'),(2768,110,107,2,12,379,NULL,'2023-02-08 23:21:12','2023-02-08 23:21:38'),(2769,110,107,2,13,385,NULL,'2023-02-08 23:21:12','2023-02-08 23:21:40'),(2770,110,107,2,14,391,NULL,'2023-02-08 23:21:12','2023-02-08 23:21:42'),(2771,110,107,2,15,397,NULL,'2023-02-08 23:21:12','2023-02-08 23:21:44'),(2772,110,107,2,16,403,NULL,'2023-02-08 23:21:12','2023-02-08 23:21:45'),(2773,110,107,2,17,409,NULL,'2023-02-08 23:21:12','2023-02-08 23:21:48'),(2774,110,107,2,18,415,NULL,'2023-02-08 23:21:12','2023-02-08 23:21:50'),(2775,110,107,2,19,421,NULL,'2023-02-08 23:21:12','2023-02-08 23:21:51'),(2776,110,107,2,20,427,NULL,'2023-02-08 23:21:12','2023-02-08 23:21:53'),(2777,110,107,3,21,433,NULL,'2023-02-08 23:21:12','2023-02-08 23:21:55'),(2778,110,107,3,22,439,NULL,'2023-02-08 23:21:12','2023-02-08 23:21:57'),(2779,110,107,3,23,445,NULL,'2023-02-08 23:21:12','2023-02-08 23:21:59'),(2780,110,107,4,24,451,NULL,'2023-02-08 23:21:12','2023-02-08 23:22:02'),(2781,110,107,4,25,457,NULL,'2023-02-08 23:21:12','2023-02-08 23:22:04'),(2782,110,107,4,26,463,NULL,'2023-02-08 23:21:12','2023-02-08 23:22:06'),(2783,4,108,1,1,NULL,NULL,'2023-02-09 00:03:16','2023-02-09 00:03:16'),(2784,4,108,1,2,NULL,NULL,'2023-02-09 00:03:16','2023-02-09 00:03:16'),(2785,4,108,1,3,NULL,NULL,'2023-02-09 00:03:16','2023-02-09 00:03:16'),(2786,4,108,1,4,NULL,NULL,'2023-02-09 00:03:16','2023-02-09 00:03:16'),(2787,4,108,1,5,NULL,NULL,'2023-02-09 00:03:16','2023-02-09 00:03:16'),(2788,4,108,2,6,NULL,NULL,'2023-02-09 00:03:16','2023-02-09 00:03:16'),(2789,4,108,2,7,NULL,NULL,'2023-02-09 00:03:16','2023-02-09 00:03:16'),(2790,4,108,2,8,NULL,NULL,'2023-02-09 00:03:16','2023-02-09 00:03:16'),(2791,4,108,2,9,NULL,NULL,'2023-02-09 00:03:16','2023-02-09 00:03:16'),(2792,4,108,2,10,NULL,NULL,'2023-02-09 00:03:16','2023-02-09 00:03:16'),(2793,4,108,2,11,NULL,NULL,'2023-02-09 00:03:16','2023-02-09 00:03:16'),(2794,4,108,2,12,NULL,NULL,'2023-02-09 00:03:16','2023-02-09 00:03:16'),(2795,4,108,2,13,NULL,NULL,'2023-02-09 00:03:16','2023-02-09 00:03:16'),(2796,4,108,2,14,NULL,NULL,'2023-02-09 00:03:16','2023-02-09 00:03:16'),(2797,4,108,2,15,NULL,NULL,'2023-02-09 00:03:16','2023-02-09 00:03:16'),(2798,4,108,2,16,NULL,NULL,'2023-02-09 00:03:16','2023-02-09 00:03:16'),(2799,4,108,2,17,NULL,NULL,'2023-02-09 00:03:16','2023-02-09 00:03:16'),(2800,4,108,2,18,NULL,NULL,'2023-02-09 00:03:16','2023-02-09 00:03:16'),(2801,4,108,2,19,NULL,NULL,'2023-02-09 00:03:16','2023-02-09 00:03:16'),(2802,4,108,2,20,NULL,NULL,'2023-02-09 00:03:16','2023-02-09 00:03:16'),(2803,4,108,3,21,NULL,NULL,'2023-02-09 00:03:16','2023-02-09 00:03:16'),(2804,4,108,3,22,NULL,NULL,'2023-02-09 00:03:16','2023-02-09 00:03:16'),(2805,4,108,3,23,NULL,NULL,'2023-02-09 00:03:16','2023-02-09 00:03:16'),(2806,4,108,4,24,NULL,NULL,'2023-02-09 00:03:16','2023-02-09 00:03:16'),(2807,4,108,4,25,NULL,NULL,'2023-02-09 00:03:16','2023-02-09 00:03:16'),(2808,4,108,4,26,NULL,NULL,'2023-02-09 00:03:16','2023-02-09 00:03:16'),(2809,72,109,1,1,313,NULL,'2023-02-09 00:15:56','2023-03-10 06:23:59'),(2810,72,109,1,2,319,NULL,'2023-02-09 00:15:56','2023-03-19 18:27:53'),(2811,72,109,1,3,327,NULL,'2023-02-09 00:15:56','2023-03-19 18:28:00'),(2812,72,109,1,4,334,NULL,'2023-02-09 00:15:56','2023-03-19 18:28:03'),(2813,72,109,1,5,341,NULL,'2023-02-09 00:15:56','2023-03-19 18:28:05'),(2814,72,109,2,6,343,NULL,'2023-02-09 00:15:56','2023-03-19 18:28:08'),(2815,72,109,2,7,350,NULL,'2023-02-09 00:15:56','2023-03-19 18:28:10'),(2816,72,109,2,8,357,NULL,'2023-02-09 00:15:56','2023-03-19 18:28:13'),(2817,72,109,2,9,362,NULL,'2023-02-09 00:15:56','2023-03-19 18:28:15'),(2818,72,109,2,10,368,NULL,'2023-02-09 00:15:56','2023-03-19 18:28:21'),(2819,72,109,2,11,375,NULL,'2023-02-09 00:15:56','2023-03-19 18:28:24'),(2820,72,109,2,12,381,NULL,'2023-02-09 00:15:56','2023-03-19 18:28:27'),(2821,72,109,2,13,387,NULL,'2023-02-09 00:15:56','2023-03-19 18:28:29'),(2822,72,109,2,14,393,NULL,'2023-02-09 00:15:56','2023-03-19 18:28:31'),(2823,72,109,2,15,399,NULL,'2023-02-09 00:15:56','2023-03-19 18:28:33'),(2824,72,109,2,16,405,NULL,'2023-02-09 00:15:56','2023-03-19 18:28:35'),(2825,72,109,2,17,411,NULL,'2023-02-09 00:15:56','2023-03-19 18:28:37'),(2826,72,109,2,18,417,NULL,'2023-02-09 00:15:56','2023-03-19 18:28:38'),(2827,72,109,2,19,423,NULL,'2023-02-09 00:15:56','2023-03-19 18:28:40'),(2828,72,109,2,20,429,NULL,'2023-02-09 00:15:56','2023-03-19 18:28:42'),(2829,72,109,3,21,434,NULL,'2023-02-09 00:15:56','2023-03-19 18:28:44'),(2830,72,109,3,22,440,NULL,'2023-02-09 00:15:56','2023-03-19 18:28:46'),(2831,72,109,3,23,446,NULL,'2023-02-09 00:15:56','2023-03-19 18:28:48'),(2832,72,109,4,24,452,NULL,'2023-02-09 00:15:56','2023-03-19 18:28:50'),(2833,72,109,4,25,459,NULL,'2023-02-09 00:15:56','2023-03-19 18:28:52'),(2834,72,109,4,26,466,NULL,'2023-02-09 00:15:56','2023-03-19 18:28:55'),(2835,72,110,1,1,313,NULL,'2023-02-09 00:20:54','2023-03-10 06:23:59'),(2836,72,110,1,2,319,NULL,'2023-02-09 00:20:54','2023-03-19 18:27:53'),(2837,72,110,1,3,327,NULL,'2023-02-09 00:20:54','2023-03-19 18:28:00'),(2838,72,110,1,4,334,NULL,'2023-02-09 00:20:54','2023-03-19 18:28:03'),(2839,72,110,1,5,341,NULL,'2023-02-09 00:20:54','2023-03-19 18:28:05'),(2840,72,110,2,6,343,NULL,'2023-02-09 00:20:54','2023-03-19 18:28:08'),(2841,72,110,2,7,350,NULL,'2023-02-09 00:20:54','2023-03-19 18:28:10'),(2842,72,110,2,8,357,NULL,'2023-02-09 00:20:54','2023-03-19 18:28:13'),(2843,72,110,2,9,362,NULL,'2023-02-09 00:20:54','2023-03-19 18:28:15'),(2844,72,110,2,10,368,NULL,'2023-02-09 00:20:54','2023-03-19 18:28:21'),(2845,72,110,2,11,375,NULL,'2023-02-09 00:20:54','2023-03-19 18:28:24'),(2846,72,110,2,12,381,NULL,'2023-02-09 00:20:54','2023-03-19 18:28:27'),(2847,72,110,2,13,387,NULL,'2023-02-09 00:20:54','2023-03-19 18:28:29'),(2848,72,110,2,14,393,NULL,'2023-02-09 00:20:54','2023-03-19 18:28:31'),(2849,72,110,2,15,399,NULL,'2023-02-09 00:20:54','2023-03-19 18:28:33'),(2850,72,110,2,16,405,NULL,'2023-02-09 00:20:54','2023-03-19 18:28:35'),(2851,72,110,2,17,411,NULL,'2023-02-09 00:20:54','2023-03-19 18:28:37'),(2852,72,110,2,18,417,NULL,'2023-02-09 00:20:54','2023-03-19 18:28:38'),(2853,72,110,2,19,423,NULL,'2023-02-09 00:20:54','2023-03-19 18:28:40'),(2854,72,110,2,20,429,NULL,'2023-02-09 00:20:54','2023-03-19 18:28:42'),(2855,72,110,3,21,434,NULL,'2023-02-09 00:20:54','2023-03-19 18:28:44'),(2856,72,110,3,22,440,NULL,'2023-02-09 00:20:54','2023-03-19 18:28:46'),(2857,72,110,3,23,446,NULL,'2023-02-09 00:20:54','2023-03-19 18:28:48'),(2858,72,110,4,24,452,NULL,'2023-02-09 00:20:54','2023-03-19 18:28:50'),(2859,72,110,4,25,459,NULL,'2023-02-09 00:20:54','2023-03-19 18:28:52'),(2860,72,110,4,26,466,NULL,'2023-02-09 00:20:54','2023-03-19 18:28:55'),(2861,94,111,1,1,313,NULL,'2023-02-09 00:30:43','2023-02-09 00:30:51'),(2862,94,111,1,2,319,NULL,'2023-02-09 00:30:43','2023-02-09 00:30:54'),(2863,94,111,1,3,325,NULL,'2023-02-09 00:30:43','2023-02-09 00:31:01'),(2864,94,111,1,4,331,NULL,'2023-02-09 00:30:43','2023-02-09 00:31:05'),(2865,94,111,1,5,337,NULL,'2023-02-09 00:30:43','2023-02-09 00:31:09'),(2866,94,111,2,6,343,NULL,'2023-02-09 00:30:43','2023-02-09 00:31:13'),(2867,94,111,2,7,349,NULL,'2023-02-09 00:30:43','2023-02-09 00:31:17'),(2868,94,111,2,8,355,NULL,'2023-02-09 00:30:43','2023-02-09 00:31:21'),(2869,94,111,2,9,361,NULL,'2023-02-09 00:30:43','2023-02-09 00:31:26'),(2870,94,111,2,10,367,NULL,'2023-02-09 00:30:43','2023-02-09 00:31:31'),(2871,94,111,2,11,373,NULL,'2023-02-09 00:30:43','2023-02-09 00:31:35'),(2872,94,111,2,12,380,NULL,'2023-02-09 00:30:43','2023-02-09 00:31:40'),(2873,94,111,2,13,386,NULL,'2023-02-09 00:30:43','2023-02-09 00:31:42'),(2874,94,111,2,14,394,NULL,'2023-02-09 00:30:43','2023-02-09 00:31:47'),(2875,94,111,2,15,397,NULL,'2023-02-09 00:30:43','2023-02-09 00:31:51'),(2876,94,111,2,16,403,NULL,'2023-02-09 00:30:43','2023-02-09 00:31:55'),(2877,94,111,2,17,409,NULL,'2023-02-09 00:30:43','2023-02-09 00:31:59'),(2878,94,111,2,18,415,NULL,'2023-02-09 00:30:43','2023-02-09 00:32:09'),(2879,94,111,2,19,421,NULL,'2023-02-09 00:30:43','2023-02-09 00:32:11'),(2880,94,111,2,20,427,NULL,'2023-02-09 00:30:43','2023-02-09 00:32:15'),(2881,94,111,3,21,433,NULL,'2023-02-09 00:30:43','2023-02-09 00:32:19'),(2882,94,111,3,22,439,NULL,'2023-02-09 00:30:43','2023-02-09 00:32:21'),(2883,94,111,3,23,445,NULL,'2023-02-09 00:30:43','2023-02-09 00:32:25'),(2884,94,111,4,24,451,NULL,'2023-02-09 00:30:43','2023-02-09 00:32:28'),(2885,94,111,4,25,457,NULL,'2023-02-09 00:30:43','2023-02-09 00:32:32'),(2886,94,111,4,26,463,NULL,'2023-02-09 00:30:43','2023-02-09 00:32:36'),(2887,111,112,1,1,313,NULL,'2023-02-09 03:07:40','2023-02-09 03:07:47'),(2888,111,112,1,2,319,NULL,'2023-02-09 03:07:40','2023-02-09 03:07:48'),(2889,111,112,1,3,326,NULL,'2023-02-09 03:07:40','2023-02-09 03:07:50'),(2890,111,112,1,4,332,NULL,'2023-02-09 03:07:40','2023-02-09 03:07:54'),(2891,111,112,1,5,337,NULL,'2023-02-09 03:07:40','2023-02-09 03:07:57'),(2892,111,112,2,6,343,NULL,'2023-02-09 03:07:40','2023-02-09 03:08:00'),(2893,111,112,2,7,350,NULL,'2023-02-09 03:07:40','2023-02-09 03:08:02'),(2894,111,112,2,8,357,NULL,'2023-02-09 03:07:40','2023-02-09 03:08:05'),(2895,111,112,2,9,361,NULL,'2023-02-09 03:07:40','2023-02-09 03:08:07'),(2896,111,112,2,10,367,NULL,'2023-02-09 03:07:40','2023-02-09 03:08:11'),(2897,111,112,2,11,373,NULL,'2023-02-09 03:07:40','2023-02-09 03:08:13'),(2898,111,112,2,12,381,NULL,'2023-02-09 03:07:40','2023-02-09 03:08:15'),(2899,111,112,2,13,385,NULL,'2023-02-09 03:07:40','2023-02-09 03:08:17'),(2900,111,112,2,14,392,NULL,'2023-02-09 03:07:40','2023-02-09 03:08:20'),(2901,111,112,2,15,397,NULL,'2023-02-09 03:07:40','2023-02-09 03:08:22'),(2902,111,112,2,16,404,NULL,'2023-02-09 03:07:40','2023-02-09 03:08:25'),(2903,111,112,2,17,409,NULL,'2023-02-09 03:07:40','2023-02-09 03:08:27'),(2904,111,112,2,18,416,NULL,'2023-02-09 03:07:40','2023-02-09 03:08:29'),(2905,111,112,2,19,421,NULL,'2023-02-09 03:07:40','2023-02-09 03:08:31'),(2906,111,112,2,20,428,NULL,'2023-02-09 03:07:40','2023-02-09 03:08:33'),(2907,111,112,3,21,434,NULL,'2023-02-09 03:07:40','2023-02-09 03:08:35'),(2908,111,112,3,22,440,NULL,'2023-02-09 03:07:40','2023-02-09 03:08:37'),(2909,111,112,3,23,446,NULL,'2023-02-09 03:07:40','2023-02-09 03:08:39'),(2910,111,112,4,24,452,NULL,'2023-02-09 03:07:40','2023-02-09 03:08:40'),(2911,111,112,4,25,457,NULL,'2023-02-09 03:07:40','2023-02-09 03:08:43'),(2912,111,112,4,26,464,NULL,'2023-02-09 03:07:40','2023-02-09 03:08:45'),(2913,112,113,1,1,313,NULL,'2023-02-09 04:15:34','2023-02-09 04:15:46'),(2914,112,113,1,2,321,NULL,'2023-02-09 04:15:34','2023-02-09 04:15:51'),(2915,112,113,1,3,326,NULL,'2023-02-09 04:15:34','2023-02-09 04:15:54'),(2916,112,113,1,4,333,NULL,'2023-02-09 04:15:34','2023-02-09 04:16:09'),(2917,112,113,1,5,339,NULL,'2023-02-09 04:15:34','2023-02-09 04:16:45'),(2918,112,113,2,6,343,NULL,'2023-02-09 04:15:34','2023-02-09 04:16:48'),(2919,112,113,2,7,351,NULL,'2023-02-09 04:15:34','2023-02-09 04:16:52'),(2920,112,113,2,8,359,NULL,'2023-02-09 04:15:34','2023-02-09 04:16:57'),(2921,112,113,2,9,366,NULL,'2023-02-09 04:15:34','2023-02-09 04:17:02'),(2922,112,113,2,10,369,NULL,'2023-02-09 04:15:34','2023-02-09 04:17:06'),(2923,112,113,2,11,376,NULL,'2023-02-09 04:15:34','2023-02-09 04:17:11'),(2924,112,113,2,12,382,NULL,'2023-02-09 04:15:34','2023-02-09 04:17:13'),(2925,112,113,2,13,385,NULL,'2023-02-09 04:15:34','2023-02-09 04:17:19'),(2926,112,113,2,14,392,NULL,'2023-02-09 04:15:34','2023-02-09 04:17:23'),(2927,112,113,2,15,397,NULL,'2023-02-09 04:15:34','2023-02-09 04:17:26'),(2928,112,113,2,16,408,NULL,'2023-02-09 04:15:34','2023-02-09 04:17:31'),(2929,112,113,2,17,412,NULL,'2023-02-09 04:15:34','2023-02-09 04:17:35'),(2930,112,113,2,18,418,NULL,'2023-02-09 04:15:34','2023-02-09 04:17:38'),(2931,112,113,2,19,425,NULL,'2023-02-09 04:15:34','2023-02-09 04:17:43'),(2932,112,113,2,20,432,NULL,'2023-02-09 04:15:34','2023-02-09 04:17:48'),(2933,112,113,3,21,433,NULL,'2023-02-09 04:15:34','2023-02-09 04:18:06'),(2934,112,113,3,22,440,NULL,'2023-02-09 04:15:34','2023-02-09 04:18:10'),(2935,112,113,3,23,448,NULL,'2023-02-09 04:15:34','2023-02-09 04:18:12'),(2936,112,113,4,24,451,NULL,'2023-02-09 04:15:34','2023-02-09 04:18:15'),(2937,112,113,4,25,458,NULL,'2023-02-09 04:15:34','2023-02-09 04:18:17'),(2938,112,113,4,26,465,NULL,'2023-02-09 04:15:34','2023-02-09 04:18:20'),(2939,113,114,1,1,313,NULL,'2023-02-09 18:50:32','2023-02-09 18:50:38'),(2940,113,114,1,2,320,NULL,'2023-02-09 18:50:32','2023-02-09 18:50:41'),(2941,113,114,1,3,325,NULL,'2023-02-09 18:50:32','2023-02-09 18:50:45'),(2942,113,114,1,4,334,NULL,'2023-02-09 18:50:32','2023-02-09 18:50:48'),(2943,113,114,1,5,338,NULL,'2023-02-09 18:50:32','2023-02-09 18:50:51'),(2944,113,114,2,6,345,NULL,'2023-02-09 18:50:32','2023-02-09 18:50:54'),(2945,113,114,2,7,349,NULL,'2023-02-09 18:50:32','2023-02-09 18:50:57'),(2946,113,114,2,8,356,NULL,'2023-02-09 18:50:32','2023-02-09 18:50:59'),(2947,113,114,2,9,363,NULL,'2023-02-09 18:50:32','2023-02-09 18:51:04'),(2948,113,114,2,10,370,NULL,'2023-02-09 18:50:32','2023-02-09 18:51:07'),(2949,113,114,2,11,376,NULL,'2023-02-09 18:50:32','2023-02-09 18:51:10'),(2950,113,114,2,12,380,NULL,'2023-02-09 18:50:32','2023-02-09 18:51:14'),(2951,113,114,2,13,386,NULL,'2023-02-09 18:50:32','2023-02-09 18:51:16'),(2952,113,114,2,14,392,NULL,'2023-02-09 18:50:32','2023-02-09 18:51:18'),(2953,113,114,2,15,398,NULL,'2023-02-09 18:50:32','2023-02-09 18:51:20'),(2954,113,114,2,16,405,NULL,'2023-02-09 18:50:32','2023-02-09 18:51:29'),(2955,113,114,2,17,411,NULL,'2023-02-09 18:50:32','2023-02-09 18:51:32'),(2956,113,114,2,18,416,NULL,'2023-02-09 18:50:32','2023-02-09 18:51:34'),(2957,113,114,2,19,421,NULL,'2023-02-09 18:50:32','2023-02-09 18:51:37'),(2958,113,114,2,20,429,NULL,'2023-02-09 18:50:32','2023-02-09 18:51:39'),(2959,113,114,3,21,435,NULL,'2023-02-09 18:50:32','2023-02-09 18:51:41'),(2960,113,114,3,22,440,NULL,'2023-02-09 18:50:32','2023-02-09 18:51:44'),(2961,113,114,3,23,446,NULL,'2023-02-09 18:50:32','2023-02-09 18:51:47'),(2962,113,114,4,24,452,NULL,'2023-02-09 18:50:32','2023-02-09 18:51:49'),(2963,113,114,4,25,457,NULL,'2023-02-09 18:50:32','2023-02-09 18:51:52'),(2964,113,114,4,26,464,NULL,'2023-02-09 18:50:32','2023-02-09 18:51:55'),(2965,114,115,1,1,313,NULL,'2023-02-10 09:32:12','2023-02-10 09:32:17'),(2966,114,115,1,2,320,NULL,'2023-02-10 09:32:12','2023-02-10 09:32:20'),(2967,114,115,1,3,326,NULL,'2023-02-10 09:32:12','2023-02-10 09:32:25'),(2968,114,115,1,4,332,NULL,'2023-02-10 09:32:12','2023-02-10 09:32:40'),(2969,114,115,1,5,338,NULL,'2023-02-10 09:32:12','2023-02-10 09:32:42'),(2970,114,115,2,6,344,NULL,'2023-02-10 09:32:12','2023-02-10 09:32:50'),(2971,114,115,2,7,349,NULL,'2023-02-10 09:32:12','2023-02-10 09:32:57'),(2972,114,115,2,8,356,NULL,'2023-02-10 09:32:12','2023-02-10 09:33:00'),(2973,114,115,2,9,361,NULL,'2023-02-10 09:32:12','2023-02-10 09:33:03'),(2974,114,115,2,10,367,NULL,'2023-02-10 09:32:12','2023-02-10 09:33:04'),(2975,114,115,2,11,374,NULL,'2023-02-10 09:32:12','2023-02-10 09:33:07'),(2976,114,115,2,12,380,NULL,'2023-02-10 09:32:12','2023-02-10 09:33:13'),(2977,114,115,2,13,385,NULL,'2023-02-10 09:32:12','2023-02-10 09:33:19'),(2978,114,115,2,14,392,NULL,'2023-02-10 09:32:12','2023-02-10 09:33:30'),(2979,114,115,2,15,398,NULL,'2023-02-10 09:32:12','2023-02-10 09:33:33'),(2980,114,115,2,16,404,NULL,'2023-02-10 09:32:12','2023-02-10 09:33:35'),(2981,114,115,2,17,410,NULL,'2023-02-10 09:32:12','2023-02-10 09:33:38'),(2982,114,115,2,18,415,NULL,'2023-02-10 09:32:12','2023-02-10 09:33:42'),(2983,114,115,2,19,422,NULL,'2023-02-10 09:32:12','2023-02-10 09:33:44'),(2984,114,115,2,20,428,NULL,'2023-02-10 09:32:12','2023-02-10 09:33:47'),(2985,114,115,3,21,433,NULL,'2023-02-10 09:32:12','2023-02-10 09:33:50'),(2986,114,115,3,22,440,NULL,'2023-02-10 09:32:12','2023-02-10 09:33:53'),(2987,114,115,3,23,445,NULL,'2023-02-10 09:32:12','2023-02-10 09:33:56'),(2988,114,115,4,24,451,NULL,'2023-02-10 09:32:12','2023-02-10 09:33:58'),(2989,114,115,4,25,458,NULL,'2023-02-10 09:32:12','2023-02-10 09:34:01'),(2990,114,115,4,26,465,NULL,'2023-02-10 09:32:12','2023-02-10 09:34:03'),(2991,114,116,1,1,NULL,NULL,'2023-02-10 09:46:16','2023-02-10 09:46:16'),(2992,114,116,1,2,NULL,NULL,'2023-02-10 09:46:16','2023-02-10 09:46:16'),(2993,114,116,1,3,NULL,NULL,'2023-02-10 09:46:16','2023-02-10 09:46:16'),(2994,114,116,1,4,NULL,NULL,'2023-02-10 09:46:16','2023-02-10 09:46:16'),(2995,114,116,1,5,NULL,NULL,'2023-02-10 09:46:16','2023-02-10 09:46:16'),(2996,114,116,2,6,NULL,NULL,'2023-02-10 09:46:16','2023-02-10 09:46:16'),(2997,114,116,2,7,NULL,NULL,'2023-02-10 09:46:16','2023-02-10 09:46:16'),(2998,114,116,2,8,NULL,NULL,'2023-02-10 09:46:16','2023-02-10 09:46:16'),(2999,114,116,2,9,NULL,NULL,'2023-02-10 09:46:16','2023-02-10 09:46:16'),(3000,114,116,2,10,NULL,NULL,'2023-02-10 09:46:16','2023-02-10 09:46:16'),(3001,114,116,2,11,NULL,NULL,'2023-02-10 09:46:16','2023-02-10 09:46:16'),(3002,114,116,2,12,NULL,NULL,'2023-02-10 09:46:16','2023-02-10 09:46:16'),(3003,114,116,2,13,NULL,NULL,'2023-02-10 09:46:16','2023-02-10 09:46:16'),(3004,114,116,2,14,NULL,NULL,'2023-02-10 09:46:16','2023-02-10 09:46:16'),(3005,114,116,2,15,NULL,NULL,'2023-02-10 09:46:16','2023-02-10 09:46:16'),(3006,114,116,2,16,NULL,NULL,'2023-02-10 09:46:16','2023-02-10 09:46:16'),(3007,114,116,2,17,NULL,NULL,'2023-02-10 09:46:16','2023-02-10 09:46:16'),(3008,114,116,2,18,NULL,NULL,'2023-02-10 09:46:16','2023-02-10 09:46:16'),(3009,114,116,2,19,NULL,NULL,'2023-02-10 09:46:16','2023-02-10 09:46:16'),(3010,114,116,2,20,NULL,NULL,'2023-02-10 09:46:16','2023-02-10 09:46:16'),(3011,114,116,3,21,NULL,NULL,'2023-02-10 09:46:16','2023-02-10 09:46:16'),(3012,114,116,3,22,NULL,NULL,'2023-02-10 09:46:16','2023-02-10 09:46:16'),(3013,114,116,3,23,NULL,NULL,'2023-02-10 09:46:16','2023-02-10 09:46:16'),(3014,114,116,4,24,NULL,NULL,'2023-02-10 09:46:16','2023-02-10 09:46:16'),(3015,114,116,4,25,NULL,NULL,'2023-02-10 09:46:16','2023-02-10 09:46:16'),(3016,114,116,4,26,NULL,NULL,'2023-02-10 09:46:16','2023-02-10 09:46:16'),(3017,115,117,1,1,313,NULL,'2023-02-15 18:35:03','2023-02-15 18:35:09'),(3018,115,117,1,2,320,NULL,'2023-02-15 18:35:03','2023-02-15 18:35:12'),(3019,115,117,1,3,326,NULL,'2023-02-15 18:35:03','2023-02-15 18:35:14'),(3020,115,117,1,4,331,NULL,'2023-02-15 18:35:03','2023-02-15 18:35:17'),(3021,115,117,1,5,339,NULL,'2023-02-15 18:35:03','2023-02-15 18:35:21'),(3022,115,117,2,6,343,NULL,'2023-02-15 18:35:03','2023-02-15 18:35:23'),(3023,115,117,2,7,350,NULL,'2023-02-15 18:35:03','2023-02-15 18:35:26'),(3024,115,117,2,8,355,NULL,'2023-02-15 18:35:03','2023-02-15 18:35:29'),(3025,115,117,2,9,362,NULL,'2023-02-15 18:35:03','2023-02-15 18:35:32'),(3026,115,117,2,10,367,NULL,'2023-02-15 18:35:03','2023-02-15 18:35:34'),(3027,115,117,2,11,374,NULL,'2023-02-15 18:35:03','2023-02-15 18:35:37'),(3028,115,117,2,12,379,NULL,'2023-02-15 18:35:03','2023-02-15 18:35:40'),(3029,115,117,2,13,386,NULL,'2023-02-15 18:35:03','2023-02-15 18:35:42'),(3030,115,117,2,14,391,NULL,'2023-02-15 18:35:03','2023-02-15 18:35:45'),(3031,115,117,2,15,398,NULL,'2023-02-15 18:35:03','2023-02-15 18:35:47'),(3032,115,117,2,16,403,NULL,'2023-02-15 18:35:03','2023-02-15 18:35:50'),(3033,115,117,2,17,410,NULL,'2023-02-15 18:35:03','2023-02-15 18:35:52'),(3034,115,117,2,18,415,NULL,'2023-02-15 18:35:03','2023-02-15 18:35:55'),(3035,115,117,2,19,422,NULL,'2023-02-15 18:35:03','2023-02-15 18:35:57'),(3036,115,117,2,20,427,NULL,'2023-02-15 18:35:03','2023-02-15 18:36:00'),(3037,115,117,3,21,434,NULL,'2023-02-15 18:35:03','2023-02-15 18:36:02'),(3038,115,117,3,22,439,NULL,'2023-02-15 18:35:03','2023-02-15 18:36:05'),(3039,115,117,3,23,446,NULL,'2023-02-15 18:35:03','2023-02-15 18:36:09'),(3040,115,117,4,24,451,NULL,'2023-02-15 18:35:03','2023-02-15 18:36:12'),(3041,115,117,4,25,458,NULL,'2023-02-15 18:35:03','2023-02-15 18:36:15'),(3042,115,117,4,26,463,NULL,'2023-02-15 18:35:03','2023-02-15 18:36:19'),(3043,72,118,1,1,313,NULL,'2023-03-10 01:03:02','2023-03-10 06:23:59'),(3044,72,118,1,2,319,NULL,'2023-03-10 01:03:02','2023-03-19 18:27:53'),(3045,72,118,1,3,327,NULL,'2023-03-10 01:03:02','2023-03-19 18:28:00'),(3046,72,118,1,4,334,NULL,'2023-03-10 01:03:02','2023-03-19 18:28:03'),(3047,72,118,1,5,341,NULL,'2023-03-10 01:03:02','2023-03-19 18:28:05'),(3048,72,118,2,6,343,NULL,'2023-03-10 01:03:02','2023-03-19 18:28:08'),(3049,72,118,2,7,350,NULL,'2023-03-10 01:03:02','2023-03-19 18:28:10'),(3050,72,118,2,8,357,NULL,'2023-03-10 01:03:02','2023-03-19 18:28:13'),(3051,72,118,2,9,362,NULL,'2023-03-10 01:03:02','2023-03-19 18:28:15'),(3052,72,118,2,10,368,NULL,'2023-03-10 01:03:02','2023-03-19 18:28:21'),(3053,72,118,2,11,375,NULL,'2023-03-10 01:03:02','2023-03-19 18:28:24'),(3054,72,118,2,12,381,NULL,'2023-03-10 01:03:02','2023-03-19 18:28:27'),(3055,72,118,2,13,387,NULL,'2023-03-10 01:03:02','2023-03-19 18:28:29'),(3056,72,118,2,14,393,NULL,'2023-03-10 01:03:02','2023-03-19 18:28:31'),(3057,72,118,2,15,399,NULL,'2023-03-10 01:03:02','2023-03-19 18:28:33'),(3058,72,118,2,16,405,NULL,'2023-03-10 01:03:02','2023-03-19 18:28:35'),(3059,72,118,2,17,411,NULL,'2023-03-10 01:03:02','2023-03-19 18:28:37'),(3060,72,118,2,18,417,NULL,'2023-03-10 01:03:02','2023-03-19 18:28:38'),(3061,72,118,2,19,423,NULL,'2023-03-10 01:03:02','2023-03-19 18:28:40'),(3062,72,118,2,20,429,NULL,'2023-03-10 01:03:02','2023-03-19 18:28:42'),(3063,72,118,3,21,434,NULL,'2023-03-10 01:03:02','2023-03-19 18:28:44'),(3064,72,118,3,22,440,NULL,'2023-03-10 01:03:02','2023-03-19 18:28:46'),(3065,72,118,3,23,446,NULL,'2023-03-10 01:03:02','2023-03-19 18:28:48'),(3066,72,118,4,24,452,NULL,'2023-03-10 01:03:02','2023-03-19 18:28:50'),(3067,72,118,4,25,459,NULL,'2023-03-10 01:03:02','2023-03-19 18:28:52'),(3068,72,118,4,26,466,NULL,'2023-03-10 01:03:02','2023-03-19 18:28:55'),(3069,72,119,1,1,313,NULL,'2023-03-10 06:22:56','2023-03-10 06:23:59'),(3070,72,119,1,2,319,NULL,'2023-03-10 06:22:56','2023-03-19 18:27:53'),(3071,72,119,1,3,327,NULL,'2023-03-10 06:22:56','2023-03-19 18:28:00'),(3072,72,119,1,4,334,NULL,'2023-03-10 06:22:56','2023-03-19 18:28:03'),(3073,72,119,1,5,341,NULL,'2023-03-10 06:22:56','2023-03-19 18:28:05'),(3074,72,119,2,6,343,NULL,'2023-03-10 06:22:56','2023-03-19 18:28:08'),(3075,72,119,2,7,350,NULL,'2023-03-10 06:22:56','2023-03-19 18:28:10'),(3076,72,119,2,8,357,NULL,'2023-03-10 06:22:56','2023-03-19 18:28:13'),(3077,72,119,2,9,362,NULL,'2023-03-10 06:22:56','2023-03-19 18:28:15'),(3078,72,119,2,10,368,NULL,'2023-03-10 06:22:56','2023-03-19 18:28:21'),(3079,72,119,2,11,375,NULL,'2023-03-10 06:22:56','2023-03-19 18:28:24'),(3080,72,119,2,12,381,NULL,'2023-03-10 06:22:56','2023-03-19 18:28:27'),(3081,72,119,2,13,387,NULL,'2023-03-10 06:22:56','2023-03-19 18:28:29'),(3082,72,119,2,14,393,NULL,'2023-03-10 06:22:56','2023-03-19 18:28:31'),(3083,72,119,2,15,399,NULL,'2023-03-10 06:22:56','2023-03-19 18:28:33'),(3084,72,119,2,16,405,NULL,'2023-03-10 06:22:56','2023-03-19 18:28:35'),(3085,72,119,2,17,411,NULL,'2023-03-10 06:22:56','2023-03-19 18:28:37'),(3086,72,119,2,18,417,NULL,'2023-03-10 06:22:56','2023-03-19 18:28:38'),(3087,72,119,2,19,423,NULL,'2023-03-10 06:22:56','2023-03-19 18:28:40'),(3088,72,119,2,20,429,NULL,'2023-03-10 06:22:56','2023-03-19 18:28:42'),(3089,72,119,3,21,434,NULL,'2023-03-10 06:22:56','2023-03-19 18:28:44'),(3090,72,119,3,22,440,NULL,'2023-03-10 06:22:56','2023-03-19 18:28:46'),(3091,72,119,3,23,446,NULL,'2023-03-10 06:22:56','2023-03-19 18:28:48'),(3092,72,119,4,24,452,NULL,'2023-03-10 06:22:56','2023-03-19 18:28:50'),(3093,72,119,4,25,459,NULL,'2023-03-10 06:22:56','2023-03-19 18:28:52'),(3094,72,119,4,26,466,NULL,'2023-03-10 06:22:56','2023-03-19 18:28:55'),(3095,116,120,1,1,314,NULL,'2023-03-10 21:32:32','2023-03-10 21:32:41'),(3096,116,120,1,2,319,NULL,'2023-03-10 21:32:32','2023-03-10 21:32:44'),(3097,116,120,1,3,326,NULL,'2023-03-10 21:32:32','2023-03-10 21:32:57'),(3098,116,120,1,4,331,NULL,'2023-03-10 21:32:32','2023-03-10 21:33:00'),(3099,116,120,1,5,340,NULL,'2023-03-10 21:32:32','2023-03-10 21:33:02'),(3100,116,120,2,6,343,NULL,'2023-03-10 21:32:32','2023-03-10 21:33:07'),(3101,116,120,2,7,350,NULL,'2023-03-10 21:32:32','2023-03-10 21:33:09'),(3102,116,120,2,8,357,NULL,'2023-03-10 21:32:32','2023-03-10 21:33:13'),(3103,116,120,2,9,366,NULL,'2023-03-10 21:32:32','2023-03-10 21:33:18'),(3104,116,120,2,10,368,NULL,'2023-03-10 21:32:32','2023-03-10 21:33:20'),(3105,116,120,2,11,376,NULL,'2023-03-10 21:32:32','2023-03-10 21:33:23'),(3106,116,120,2,12,380,NULL,'2023-03-10 21:32:32','2023-03-10 21:33:28'),(3107,116,120,2,13,385,NULL,'2023-03-10 21:32:32','2023-03-10 21:33:32'),(3108,116,120,2,14,393,NULL,'2023-03-10 21:32:32','2023-03-10 21:33:36'),(3109,116,120,2,15,401,NULL,'2023-03-10 21:32:32','2023-03-10 21:33:43'),(3110,116,120,2,16,408,NULL,'2023-03-10 21:32:32','2023-03-10 21:33:46'),(3111,116,120,2,17,412,NULL,'2023-03-10 21:32:32','2023-03-10 21:33:53'),(3112,116,120,2,18,417,NULL,'2023-03-10 21:32:32','2023-03-10 21:34:01'),(3113,116,120,2,19,426,NULL,'2023-03-10 21:32:32','2023-03-10 21:34:06'),(3114,116,120,2,20,432,NULL,'2023-03-10 21:32:32','2023-03-10 21:34:11'),(3115,116,120,3,21,435,NULL,'2023-03-10 21:32:32','2023-03-10 21:34:16'),(3116,116,120,3,22,440,NULL,'2023-03-10 21:32:32','2023-03-10 21:34:18'),(3117,116,120,3,23,449,NULL,'2023-03-10 21:32:32','2023-03-10 21:34:22'),(3118,116,120,4,24,452,NULL,'2023-03-10 21:32:32','2023-03-10 21:34:27'),(3119,116,120,4,25,458,NULL,'2023-03-10 21:32:32','2023-03-10 21:34:29'),(3120,116,120,4,26,468,NULL,'2023-03-10 21:32:32','2023-03-10 21:34:34'),(3147,69,121,1,1,313,NULL,'2023-04-12 18:32:42','2023-04-12 23:13:48'),(3148,69,121,1,2,319,NULL,'2023-04-12 18:32:42','2023-04-12 23:13:51'),(3149,69,121,1,3,325,NULL,'2023-04-12 18:32:42','2023-04-12 23:13:54'),(3150,69,121,1,4,332,NULL,'2023-04-12 18:32:42','2023-04-12 23:13:58'),(3151,69,121,1,5,338,NULL,'2023-04-12 18:32:42','2023-04-12 23:14:00'),(3152,69,121,2,6,344,NULL,'2023-04-12 18:32:42','2023-04-12 23:14:07'),(3153,69,121,2,7,349,NULL,'2023-04-12 18:32:42','2023-04-12 23:14:19'),(3154,69,121,2,8,356,NULL,'2023-04-12 18:32:42','2023-04-12 23:14:25'),(3155,69,121,2,9,361,NULL,'2023-04-12 18:32:42','2023-04-12 23:15:03'),(3156,69,121,2,10,369,NULL,'2023-04-12 18:32:42','2023-04-12 23:15:15'),(3157,69,121,2,11,373,NULL,'2023-04-12 18:32:42','2023-04-12 23:15:33'),(3158,69,121,2,12,379,NULL,'2023-04-12 18:32:42','2023-04-12 23:15:41'),(3159,69,121,2,13,385,NULL,'2023-04-12 18:32:42','2023-04-12 23:15:51'),(3160,69,121,2,14,392,NULL,'2023-04-12 18:32:42','2023-04-12 23:15:58'),(3161,69,121,2,15,398,NULL,'2023-04-12 18:32:42','2023-04-12 23:16:02'),(3162,69,121,2,16,404,NULL,'2023-04-12 18:32:42','2023-04-12 23:16:13'),(3163,69,121,2,17,411,NULL,'2023-04-12 18:32:42','2023-04-12 23:16:18'),(3164,69,121,2,18,416,NULL,'2023-04-12 18:32:42','2023-04-12 23:16:21'),(3165,69,121,2,19,422,NULL,'2023-04-12 18:32:42','2023-04-12 23:16:40'),(3166,69,121,2,20,428,NULL,'2023-04-12 18:32:42','2023-04-12 23:16:49'),(3167,69,121,3,21,433,NULL,'2023-04-12 18:32:42','2023-04-12 23:17:05'),(3168,69,121,3,22,440,NULL,'2023-04-12 18:32:42','2023-04-12 23:17:11'),(3169,69,121,3,23,446,NULL,'2023-04-12 18:32:42','2023-04-12 23:17:24'),(3170,69,121,4,24,451,NULL,'2023-04-12 18:32:42','2023-04-12 23:17:41'),(3171,69,121,4,25,457,NULL,'2023-04-12 18:32:42','2023-04-12 23:17:53'),(3172,69,121,4,26,463,NULL,'2023-04-12 18:32:42','2023-04-12 23:18:02'),(3173,69,122,1,1,313,NULL,'2023-04-12 23:13:39','2023-04-12 23:13:48'),(3174,69,122,1,2,319,NULL,'2023-04-12 23:13:39','2023-04-12 23:13:51'),(3175,69,122,1,3,325,NULL,'2023-04-12 23:13:39','2023-04-12 23:13:54'),(3176,69,122,1,4,332,NULL,'2023-04-12 23:13:39','2023-04-12 23:13:58'),(3177,69,122,1,5,338,NULL,'2023-04-12 23:13:39','2023-04-12 23:14:00'),(3178,69,122,2,6,344,NULL,'2023-04-12 23:13:39','2023-04-12 23:14:07'),(3179,69,122,2,7,349,NULL,'2023-04-12 23:13:39','2023-04-12 23:14:19'),(3180,69,122,2,8,356,NULL,'2023-04-12 23:13:39','2023-04-12 23:14:25'),(3181,69,122,2,9,361,NULL,'2023-04-12 23:13:39','2023-04-12 23:15:03'),(3182,69,122,2,10,369,NULL,'2023-04-12 23:13:39','2023-04-12 23:15:15'),(3183,69,122,2,11,373,NULL,'2023-04-12 23:13:39','2023-04-12 23:15:33'),(3184,69,122,2,12,379,NULL,'2023-04-12 23:13:39','2023-04-12 23:15:41'),(3185,69,122,2,13,385,NULL,'2023-04-12 23:13:39','2023-04-12 23:15:51'),(3186,69,122,2,14,392,NULL,'2023-04-12 23:13:39','2023-04-12 23:15:58'),(3187,69,122,2,15,398,NULL,'2023-04-12 23:13:39','2023-04-12 23:16:02'),(3188,69,122,2,16,404,NULL,'2023-04-12 23:13:39','2023-04-12 23:16:13'),(3189,69,122,2,17,411,NULL,'2023-04-12 23:13:39','2023-04-12 23:16:18'),(3190,69,122,2,18,416,NULL,'2023-04-12 23:13:39','2023-04-12 23:16:21'),(3191,69,122,2,19,422,NULL,'2023-04-12 23:13:39','2023-04-12 23:16:40'),(3192,69,122,2,20,428,NULL,'2023-04-12 23:13:39','2023-04-12 23:16:49'),(3193,69,122,3,21,433,NULL,'2023-04-12 23:13:39','2023-04-12 23:17:05'),(3194,69,122,3,22,440,NULL,'2023-04-12 23:13:39','2023-04-12 23:17:11'),(3195,69,122,3,23,446,NULL,'2023-04-12 23:13:39','2023-04-12 23:17:24'),(3196,69,122,4,24,451,NULL,'2023-04-12 23:13:39','2023-04-12 23:17:41'),(3197,69,122,4,25,457,NULL,'2023-04-12 23:13:39','2023-04-12 23:17:53'),(3198,69,122,4,26,463,NULL,'2023-04-12 23:13:39','2023-04-12 23:18:02'),(3199,69,123,1,1,313,NULL,'2023-04-22 00:28:39','2023-04-26 18:31:24'),(3200,69,123,1,2,320,NULL,'2023-04-22 00:28:39','2023-04-26 18:34:44'),(3201,69,123,1,3,325,NULL,'2023-04-22 00:28:39','2023-04-26 18:34:47'),(3202,69,123,1,4,331,NULL,'2023-04-22 00:28:39','2023-04-26 18:34:49'),(3203,69,123,1,5,339,NULL,'2023-04-22 00:28:39','2023-04-26 18:34:51'),(3204,69,123,2,6,343,NULL,'2023-04-22 00:28:39','2023-04-26 18:36:08'),(3205,69,123,2,7,349,NULL,'2023-04-22 00:28:39','2023-04-26 18:36:11'),(3206,69,123,2,8,355,NULL,'2023-04-22 00:28:39','2023-04-26 18:36:15'),(3207,69,123,2,9,362,NULL,'2023-04-22 00:28:39','2023-04-26 18:36:22'),(3208,69,123,2,10,371,NULL,'2023-04-22 00:28:39','2023-04-26 18:36:24'),(3209,69,123,2,11,374,NULL,'2023-04-22 00:28:39','2023-04-26 18:36:27'),(3210,69,123,2,12,381,NULL,'2023-04-22 00:28:39','2023-04-26 18:36:30'),(3211,69,123,2,13,388,NULL,'2023-04-22 00:28:39','2023-04-26 18:36:33'),(3212,69,123,2,14,393,NULL,'2023-04-22 00:28:39','2023-04-26 18:36:37'),(3213,69,123,2,15,399,NULL,'2023-04-22 00:28:39','2023-04-26 18:36:40'),(3214,69,123,2,16,407,NULL,'2023-04-22 00:28:39','2023-04-26 18:36:43'),(3215,69,123,2,17,413,NULL,'2023-04-22 00:28:39','2023-04-26 18:36:46'),(3216,69,123,2,18,415,NULL,'2023-04-22 00:28:39','2023-04-26 18:36:48'),(3217,69,123,2,19,425,NULL,'2023-04-22 00:28:39','2023-04-26 18:36:51'),(3218,69,123,2,20,428,NULL,'2023-04-22 00:28:39','2023-04-26 18:36:53'),(3219,69,123,3,21,433,NULL,'2023-04-22 00:28:39','2023-04-26 18:36:55'),(3220,69,123,3,22,439,NULL,'2023-04-22 00:28:39','2023-04-26 18:36:57'),(3221,69,123,3,23,445,NULL,'2023-04-22 00:28:39','2023-04-26 18:36:59'),(3222,69,123,4,24,451,NULL,'2023-04-22 00:28:39','2023-04-26 18:37:02'),(3223,69,123,4,25,457,NULL,'2023-04-22 00:28:39','2023-04-26 18:37:04'),(3224,69,123,4,26,463,NULL,'2023-04-22 00:28:39','2023-04-26 18:37:06'),(3225,69,125,1,1,313,NULL,'2023-04-25 22:04:02','2023-04-25 22:04:22'),(3226,69,125,1,2,320,NULL,'2023-04-25 22:04:02','2023-04-25 22:04:35'),(3227,69,125,1,3,326,NULL,'2023-04-25 22:04:02','2023-04-25 22:04:37'),(3228,69,125,1,4,332,NULL,'2023-04-25 22:04:02','2023-04-25 22:04:48'),(3229,69,125,1,5,338,NULL,'2023-04-25 22:04:02','2023-04-25 22:04:52'),(3230,69,125,2,6,343,NULL,'2023-04-25 22:04:02','2023-04-25 22:04:56'),(3231,69,125,2,7,349,NULL,'2023-04-25 22:04:02','2023-04-25 22:04:58'),(3232,69,125,2,8,355,NULL,'2023-04-25 22:04:02','2023-04-25 22:05:00'),(3233,69,125,2,9,361,NULL,'2023-04-25 22:04:02','2023-04-25 22:05:02'),(3234,69,125,2,10,367,NULL,'2023-04-25 22:04:02','2023-04-25 22:05:04'),(3235,69,125,2,11,373,NULL,'2023-04-25 22:04:02','2023-04-25 22:05:06'),(3236,69,125,2,12,379,NULL,'2023-04-25 22:04:02','2023-04-25 22:05:07'),(3237,69,125,2,13,385,NULL,'2023-04-25 22:04:02','2023-04-25 22:05:14'),(3238,69,125,2,14,391,NULL,'2023-04-25 22:04:02','2023-04-25 22:05:16'),(3239,69,125,2,15,397,NULL,'2023-04-25 22:04:02','2023-04-25 22:05:18'),(3240,69,125,2,16,403,NULL,'2023-04-25 22:04:02','2023-04-25 22:05:22'),(3241,69,125,2,17,409,NULL,'2023-04-25 22:04:02','2023-04-25 22:05:24'),(3242,69,125,2,18,415,NULL,'2023-04-25 22:04:02','2023-04-25 22:05:26'),(3243,69,125,2,19,421,NULL,'2023-04-25 22:04:02','2023-04-25 22:05:28'),(3244,69,125,2,20,427,NULL,'2023-04-25 22:04:02','2023-04-25 22:05:31'),(3245,69,125,3,21,433,NULL,'2023-04-25 22:04:02','2023-04-25 22:05:33'),(3246,69,125,3,22,439,NULL,'2023-04-25 22:04:02','2023-04-25 22:05:38'),(3247,69,125,3,23,445,NULL,'2023-04-25 22:04:02','2023-04-25 22:05:41'),(3248,69,125,4,24,451,NULL,'2023-04-25 22:04:02','2023-04-25 22:05:44'),(3249,69,125,4,25,457,NULL,'2023-04-25 22:04:02','2023-04-25 22:05:46'),(3250,69,125,4,26,463,NULL,'2023-04-25 22:04:02','2023-04-25 22:05:49'),(3251,69,126,1,1,NULL,NULL,'2023-04-26 18:48:38','2023-04-26 18:48:38'),(3252,69,126,1,2,NULL,NULL,'2023-04-26 18:48:38','2023-04-26 18:48:38'),(3253,69,126,1,3,NULL,NULL,'2023-04-26 18:48:38','2023-04-26 18:48:38'),(3254,69,126,1,4,NULL,NULL,'2023-04-26 18:48:38','2023-04-26 18:48:38'),(3255,69,126,1,5,NULL,NULL,'2023-04-26 18:48:38','2023-04-26 18:48:38'),(3256,69,126,2,6,NULL,NULL,'2023-04-26 18:48:38','2023-04-26 18:48:38'),(3257,69,126,2,7,NULL,NULL,'2023-04-26 18:48:38','2023-04-26 18:48:38'),(3258,69,126,2,8,NULL,NULL,'2023-04-26 18:48:38','2023-04-26 18:48:38'),(3259,69,126,2,9,NULL,NULL,'2023-04-26 18:48:38','2023-04-26 18:48:38'),(3260,69,126,2,10,NULL,NULL,'2023-04-26 18:48:38','2023-04-26 18:48:38'),(3261,69,126,2,11,NULL,NULL,'2023-04-26 18:48:38','2023-04-26 18:48:38'),(3262,69,126,2,12,NULL,NULL,'2023-04-26 18:48:38','2023-04-26 18:48:38'),(3263,69,126,2,13,NULL,NULL,'2023-04-26 18:48:38','2023-04-26 18:48:38'),(3264,69,126,2,14,NULL,NULL,'2023-04-26 18:48:38','2023-04-26 18:48:38'),(3265,69,126,2,15,NULL,NULL,'2023-04-26 18:48:38','2023-04-26 18:48:38'),(3266,69,126,2,16,NULL,NULL,'2023-04-26 18:48:38','2023-04-26 18:48:38'),(3267,69,126,2,17,NULL,NULL,'2023-04-26 18:48:38','2023-04-26 18:48:38'),(3268,69,126,2,18,NULL,NULL,'2023-04-26 18:48:38','2023-04-26 18:48:38'),(3269,69,126,2,19,NULL,NULL,'2023-04-26 18:48:38','2023-04-26 18:48:38'),(3270,69,126,2,20,NULL,NULL,'2023-04-26 18:48:38','2023-04-26 18:48:38'),(3271,69,126,3,21,NULL,NULL,'2023-04-26 18:48:38','2023-04-26 18:48:38'),(3272,69,126,3,22,NULL,NULL,'2023-04-26 18:48:38','2023-04-26 18:48:38'),(3273,69,126,3,23,NULL,NULL,'2023-04-26 18:48:38','2023-04-26 18:48:38'),(3274,69,126,4,24,NULL,NULL,'2023-04-26 18:48:38','2023-04-26 18:48:38'),(3275,69,126,4,25,NULL,NULL,'2023-04-26 18:48:38','2023-04-26 18:48:38'),(3276,69,126,4,26,NULL,NULL,'2023-04-26 18:48:38','2023-04-26 18:48:38'),(3277,69,127,1,1,NULL,NULL,'2023-04-26 18:49:35','2023-04-26 18:49:35'),(3278,69,127,1,2,NULL,NULL,'2023-04-26 18:49:35','2023-04-26 18:49:35'),(3279,69,127,1,3,NULL,NULL,'2023-04-26 18:49:35','2023-04-26 18:49:35'),(3280,69,127,1,4,NULL,NULL,'2023-04-26 18:49:35','2023-04-26 18:49:35'),(3281,69,127,1,5,NULL,NULL,'2023-04-26 18:49:35','2023-04-26 18:49:35'),(3282,69,127,2,6,NULL,NULL,'2023-04-26 18:49:35','2023-04-26 18:49:35'),(3283,69,127,2,7,NULL,NULL,'2023-04-26 18:49:35','2023-04-26 18:49:35'),(3284,69,127,2,8,NULL,NULL,'2023-04-26 18:49:35','2023-04-26 18:49:35'),(3285,69,127,2,9,NULL,NULL,'2023-04-26 18:49:35','2023-04-26 18:49:35'),(3286,69,127,2,10,NULL,NULL,'2023-04-26 18:49:35','2023-04-26 18:49:35'),(3287,69,127,2,11,NULL,NULL,'2023-04-26 18:49:35','2023-04-26 18:49:35'),(3288,69,127,2,12,NULL,NULL,'2023-04-26 18:49:35','2023-04-26 18:49:35'),(3289,69,127,2,13,NULL,NULL,'2023-04-26 18:49:35','2023-04-26 18:49:35'),(3290,69,127,2,14,NULL,NULL,'2023-04-26 18:49:35','2023-04-26 18:49:35'),(3291,69,127,2,15,NULL,NULL,'2023-04-26 18:49:35','2023-04-26 18:49:35'),(3292,69,127,2,16,NULL,NULL,'2023-04-26 18:49:35','2023-04-26 18:49:35'),(3293,69,127,2,17,NULL,NULL,'2023-04-26 18:49:35','2023-04-26 18:49:35'),(3294,69,127,2,18,NULL,NULL,'2023-04-26 18:49:35','2023-04-26 18:49:35'),(3295,69,127,2,19,NULL,NULL,'2023-04-26 18:49:35','2023-04-26 18:49:35'),(3296,69,127,2,20,NULL,NULL,'2023-04-26 18:49:35','2023-04-26 18:49:35'),(3297,69,127,3,21,NULL,NULL,'2023-04-26 18:49:35','2023-04-26 18:49:35'),(3298,69,127,3,22,NULL,NULL,'2023-04-26 18:49:35','2023-04-26 18:49:35'),(3299,69,127,3,23,NULL,NULL,'2023-04-26 18:49:35','2023-04-26 18:49:35'),(3300,69,127,4,24,NULL,NULL,'2023-04-26 18:49:35','2023-04-26 18:49:35'),(3301,69,127,4,25,NULL,NULL,'2023-04-26 18:49:35','2023-04-26 18:49:35'),(3302,69,127,4,26,NULL,NULL,'2023-04-26 18:49:35','2023-04-26 18:49:35'),(3303,69,128,1,1,NULL,NULL,'2023-04-26 19:00:36','2023-04-26 19:00:36'),(3304,69,128,1,2,NULL,NULL,'2023-04-26 19:00:36','2023-04-26 19:00:36'),(3305,69,128,1,3,NULL,NULL,'2023-04-26 19:00:36','2023-04-26 19:00:36'),(3306,69,128,1,4,NULL,NULL,'2023-04-26 19:00:36','2023-04-26 19:00:36'),(3307,69,128,1,5,NULL,NULL,'2023-04-26 19:00:36','2023-04-26 19:00:36'),(3308,69,128,2,6,NULL,NULL,'2023-04-26 19:00:36','2023-04-26 19:00:36'),(3309,69,128,2,7,NULL,NULL,'2023-04-26 19:00:36','2023-04-26 19:00:36'),(3310,69,128,2,8,NULL,NULL,'2023-04-26 19:00:36','2023-04-26 19:00:36'),(3311,69,128,2,9,NULL,NULL,'2023-04-26 19:00:36','2023-04-26 19:00:36'),(3312,69,128,2,10,NULL,NULL,'2023-04-26 19:00:36','2023-04-26 19:00:36'),(3313,69,128,2,11,NULL,NULL,'2023-04-26 19:00:36','2023-04-26 19:00:36'),(3314,69,128,2,12,NULL,NULL,'2023-04-26 19:00:36','2023-04-26 19:00:36'),(3315,69,128,2,13,NULL,NULL,'2023-04-26 19:00:36','2023-04-26 19:00:36'),(3316,69,128,2,14,NULL,NULL,'2023-04-26 19:00:36','2023-04-26 19:00:36'),(3317,69,128,2,15,NULL,NULL,'2023-04-26 19:00:36','2023-04-26 19:00:36'),(3318,69,128,2,16,NULL,NULL,'2023-04-26 19:00:36','2023-04-26 19:00:36'),(3319,69,128,2,17,NULL,NULL,'2023-04-26 19:00:36','2023-04-26 19:00:36'),(3320,69,128,2,18,NULL,NULL,'2023-04-26 19:00:36','2023-04-26 19:00:36'),(3321,69,128,2,19,NULL,NULL,'2023-04-26 19:00:36','2023-04-26 19:00:36'),(3322,69,128,2,20,NULL,NULL,'2023-04-26 19:00:36','2023-04-26 19:00:36'),(3323,69,128,3,21,NULL,NULL,'2023-04-26 19:00:36','2023-04-26 19:00:36'),(3324,69,128,3,22,NULL,NULL,'2023-04-26 19:00:36','2023-04-26 19:00:36'),(3325,69,128,3,23,NULL,NULL,'2023-04-26 19:00:36','2023-04-26 19:00:36'),(3326,69,128,4,24,NULL,NULL,'2023-04-26 19:00:36','2023-04-26 19:00:36'),(3327,69,128,4,25,NULL,NULL,'2023-04-26 19:00:36','2023-04-26 19:00:36'),(3328,69,128,4,26,NULL,NULL,'2023-04-26 19:00:36','2023-04-26 19:00:36'),(3329,69,129,1,1,NULL,NULL,'2023-04-27 03:48:18','2023-04-27 03:48:18'),(3330,69,129,1,2,NULL,NULL,'2023-04-27 03:48:18','2023-04-27 03:48:18'),(3331,69,129,1,3,NULL,NULL,'2023-04-27 03:48:18','2023-04-27 03:48:18'),(3332,69,129,1,4,NULL,NULL,'2023-04-27 03:48:18','2023-04-27 03:48:18'),(3333,69,129,1,5,NULL,NULL,'2023-04-27 03:48:18','2023-04-27 03:48:18'),(3334,69,129,2,6,NULL,NULL,'2023-04-27 03:48:18','2023-04-27 03:48:18'),(3335,69,129,2,7,NULL,NULL,'2023-04-27 03:48:18','2023-04-27 03:48:18'),(3336,69,129,2,8,NULL,NULL,'2023-04-27 03:48:18','2023-04-27 03:48:18'),(3337,69,129,2,9,NULL,NULL,'2023-04-27 03:48:18','2023-04-27 03:48:18'),(3338,69,129,2,10,NULL,NULL,'2023-04-27 03:48:18','2023-04-27 03:48:18'),(3339,69,129,2,11,NULL,NULL,'2023-04-27 03:48:18','2023-04-27 03:48:18'),(3340,69,129,2,12,NULL,NULL,'2023-04-27 03:48:18','2023-04-27 03:48:18'),(3341,69,129,2,13,NULL,NULL,'2023-04-27 03:48:18','2023-04-27 03:48:18'),(3342,69,129,2,14,NULL,NULL,'2023-04-27 03:48:18','2023-04-27 03:48:18'),(3343,69,129,2,15,NULL,NULL,'2023-04-27 03:48:18','2023-04-27 03:48:18'),(3344,69,129,2,16,NULL,NULL,'2023-04-27 03:48:18','2023-04-27 03:48:18'),(3345,69,129,2,17,NULL,NULL,'2023-04-27 03:48:18','2023-04-27 03:48:18'),(3346,69,129,2,18,NULL,NULL,'2023-04-27 03:48:18','2023-04-27 03:48:18'),(3347,69,129,2,19,NULL,NULL,'2023-04-27 03:48:18','2023-04-27 03:48:18'),(3348,69,129,2,20,NULL,NULL,'2023-04-27 03:48:18','2023-04-27 03:48:18'),(3349,69,129,3,21,NULL,NULL,'2023-04-27 03:48:18','2023-04-27 03:48:18'),(3350,69,129,3,22,NULL,NULL,'2023-04-27 03:48:18','2023-04-27 03:48:18'),(3351,69,129,3,23,NULL,NULL,'2023-04-27 03:48:18','2023-04-27 03:48:18'),(3352,69,129,4,24,NULL,NULL,'2023-04-27 03:48:18','2023-04-27 03:48:18'),(3353,69,129,4,25,NULL,NULL,'2023-04-27 03:48:18','2023-04-27 03:48:18'),(3354,69,129,4,26,NULL,NULL,'2023-04-27 03:48:18','2023-04-27 03:48:18'),(3355,69,130,1,1,313,NULL,'2023-04-27 03:51:30','2023-04-27 23:12:50'),(3356,69,130,1,2,319,NULL,'2023-04-27 03:51:30','2023-04-27 23:12:53'),(3357,69,130,1,3,325,NULL,'2023-04-27 03:51:30','2023-04-27 23:12:55'),(3358,69,130,1,4,331,NULL,'2023-04-27 03:51:30','2023-04-27 23:12:57'),(3359,69,130,1,5,337,NULL,'2023-04-27 03:51:30','2023-04-27 23:13:00'),(3360,69,130,2,6,343,NULL,'2023-04-27 03:51:30','2023-04-27 23:13:02'),(3361,69,130,2,7,349,NULL,'2023-04-27 03:51:30','2023-04-27 23:13:04'),(3362,69,130,2,8,355,NULL,'2023-04-27 03:51:30','2023-04-27 23:13:06'),(3363,69,130,2,9,361,NULL,'2023-04-27 03:51:30','2023-04-27 23:13:08'),(3364,69,130,2,10,367,NULL,'2023-04-27 03:51:30','2023-04-27 23:13:12'),(3365,69,130,2,11,373,NULL,'2023-04-27 03:51:30','2023-04-27 23:13:22'),(3366,69,130,2,12,379,NULL,'2023-04-27 03:51:30','2023-04-27 23:13:25'),(3367,69,130,2,13,385,NULL,'2023-04-27 03:51:30','2023-04-27 23:13:27'),(3368,69,130,2,14,392,NULL,'2023-04-27 03:51:30','2023-04-27 23:13:32'),(3369,69,130,2,15,398,NULL,'2023-04-27 03:51:30','2023-04-27 23:13:34'),(3370,69,130,2,16,406,NULL,'2023-04-27 03:51:30','2023-04-27 23:13:38'),(3371,69,130,2,17,409,NULL,'2023-04-27 03:51:30','2023-04-27 23:13:47'),(3372,69,130,2,18,415,NULL,'2023-04-27 03:51:30','2023-04-27 23:13:44'),(3373,69,130,2,19,421,NULL,'2023-04-27 03:51:30','2023-04-27 23:13:49'),(3374,69,130,2,20,427,NULL,'2023-04-27 03:51:30','2023-04-27 23:13:52'),(3375,69,130,3,21,433,NULL,'2023-04-27 03:51:30','2023-04-27 23:13:54'),(3376,69,130,3,22,439,NULL,'2023-04-27 03:51:30','2023-04-27 23:13:56'),(3377,69,130,3,23,445,NULL,'2023-04-27 03:51:30','2023-04-27 23:13:59'),(3378,69,130,4,24,451,NULL,'2023-04-27 03:51:30','2023-04-27 23:14:02'),(3379,69,130,4,25,457,NULL,'2023-04-27 03:51:30','2023-04-27 23:14:04'),(3380,69,130,4,26,463,NULL,'2023-04-27 03:51:30','2023-04-27 23:14:07'),(3381,118,131,1,1,NULL,NULL,'2023-05-02 01:16:21','2023-05-02 01:16:21'),(3382,118,131,1,2,NULL,NULL,'2023-05-02 01:16:21','2023-05-02 01:16:21'),(3383,118,131,1,3,NULL,NULL,'2023-05-02 01:16:21','2023-05-02 01:16:21'),(3384,118,131,1,4,NULL,NULL,'2023-05-02 01:16:21','2023-05-02 01:16:21'),(3385,118,131,1,5,NULL,NULL,'2023-05-02 01:16:21','2023-05-02 01:16:21'),(3386,118,131,2,6,NULL,NULL,'2023-05-02 01:16:21','2023-05-02 01:16:21'),(3387,118,131,2,7,NULL,NULL,'2023-05-02 01:16:21','2023-05-02 01:16:21'),(3388,118,131,2,8,NULL,NULL,'2023-05-02 01:16:21','2023-05-02 01:16:21'),(3389,118,131,2,9,NULL,NULL,'2023-05-02 01:16:21','2023-05-02 01:16:21'),(3390,118,131,2,10,NULL,NULL,'2023-05-02 01:16:21','2023-05-02 01:16:21'),(3391,118,131,2,11,NULL,NULL,'2023-05-02 01:16:21','2023-05-02 01:16:21'),(3392,118,131,2,12,NULL,NULL,'2023-05-02 01:16:21','2023-05-02 01:16:21'),(3393,118,131,2,13,NULL,NULL,'2023-05-02 01:16:21','2023-05-02 01:16:21'),(3394,118,131,2,14,NULL,NULL,'2023-05-02 01:16:21','2023-05-02 01:16:21'),(3395,118,131,2,15,NULL,NULL,'2023-05-02 01:16:21','2023-05-02 01:16:21'),(3396,118,131,2,16,NULL,NULL,'2023-05-02 01:16:21','2023-05-02 01:16:21'),(3397,118,131,2,17,NULL,NULL,'2023-05-02 01:16:21','2023-05-02 01:16:21'),(3398,118,131,2,18,NULL,NULL,'2023-05-02 01:16:21','2023-05-02 01:16:21'),(3399,118,131,2,19,NULL,NULL,'2023-05-02 01:16:21','2023-05-02 01:16:21'),(3400,118,131,2,20,NULL,NULL,'2023-05-02 01:16:21','2023-05-02 01:16:21'),(3401,118,131,3,21,NULL,NULL,'2023-05-02 01:16:21','2023-05-02 01:16:21'),(3402,118,131,3,22,NULL,NULL,'2023-05-02 01:16:21','2023-05-02 01:16:21'),(3403,118,131,3,23,NULL,NULL,'2023-05-02 01:16:21','2023-05-02 01:16:21'),(3404,118,131,4,24,NULL,NULL,'2023-05-02 01:16:21','2023-05-02 01:16:21'),(3405,118,131,4,25,NULL,NULL,'2023-05-02 01:16:21','2023-05-02 01:16:21'),(3406,118,131,4,26,NULL,NULL,'2023-05-02 01:16:21','2023-05-02 01:16:21'),(3407,119,132,1,1,313,NULL,'2023-07-13 19:34:21','2023-07-13 19:34:30'),(3408,119,132,1,2,319,NULL,'2023-07-13 19:34:21','2023-07-13 19:35:09'),(3409,119,132,1,3,325,NULL,'2023-07-13 19:34:21','2023-07-13 19:35:08'),(3410,119,132,1,4,331,NULL,'2023-07-13 19:34:21','2023-07-13 19:35:12'),(3411,119,132,1,5,337,NULL,'2023-07-13 19:34:21','2023-07-13 19:35:14'),(3412,119,132,2,6,343,NULL,'2023-07-13 19:34:21','2023-07-13 19:35:16'),(3413,119,132,2,7,349,NULL,'2023-07-13 19:34:21','2023-07-13 19:35:17'),(3414,119,132,2,8,355,NULL,'2023-07-13 19:34:21','2023-07-13 19:35:19'),(3415,119,132,2,9,361,NULL,'2023-07-13 19:34:21','2023-07-13 19:35:20'),(3416,119,132,2,10,367,NULL,'2023-07-13 19:34:21','2023-07-13 19:35:22'),(3417,119,132,2,11,373,NULL,'2023-07-13 19:34:21','2023-07-13 19:35:23'),(3418,119,132,2,12,379,NULL,'2023-07-13 19:34:21','2023-07-13 19:35:25'),(3419,119,132,2,13,385,NULL,'2023-07-13 19:34:21','2023-07-13 19:35:27'),(3420,119,132,2,14,391,NULL,'2023-07-13 19:34:21','2023-07-13 19:35:32'),(3421,119,132,2,15,397,NULL,'2023-07-13 19:34:21','2023-07-13 19:35:34'),(3422,119,132,2,16,403,NULL,'2023-07-13 19:34:21','2023-07-13 19:35:35'),(3423,119,132,2,17,409,NULL,'2023-07-13 19:34:21','2023-07-13 19:35:37'),(3424,119,132,2,18,415,NULL,'2023-07-13 19:34:21','2023-07-13 19:35:39'),(3425,119,132,2,19,421,NULL,'2023-07-13 19:34:21','2023-07-13 19:35:40'),(3426,119,132,2,20,427,NULL,'2023-07-13 19:34:21','2023-07-13 19:35:42'),(3427,119,132,3,21,433,NULL,'2023-07-13 19:34:21','2023-07-13 19:35:43'),(3428,119,132,3,22,439,NULL,'2023-07-13 19:34:21','2023-07-13 19:35:45'),(3429,119,132,3,23,445,NULL,'2023-07-13 19:34:21','2023-07-13 19:35:47'),(3430,119,132,4,24,451,NULL,'2023-07-13 19:34:21','2023-07-13 19:35:49'),(3431,119,132,4,25,457,NULL,'2023-07-13 19:34:21','2023-07-13 19:35:51'),(3432,119,132,4,26,463,NULL,'2023-07-13 19:34:21','2023-07-13 19:35:52'),(3433,120,133,1,1,313,NULL,'2023-10-17 05:13:09','2023-10-17 05:13:24'),(3434,120,133,1,2,319,NULL,'2023-10-17 05:13:09','2023-10-17 05:13:28'),(3435,120,133,1,3,326,NULL,'2023-10-17 05:13:09','2023-10-17 05:13:30'),(3436,120,133,1,4,333,NULL,'2023-10-17 05:13:09','2023-10-17 05:13:34'),(3437,120,133,1,5,340,NULL,'2023-10-17 05:13:09','2023-10-17 05:13:38'),(3438,120,133,2,6,343,NULL,'2023-10-17 05:13:09','2023-10-17 05:13:46'),(3439,120,133,2,7,350,NULL,'2023-10-17 05:13:09','2023-10-17 05:13:49'),(3440,120,133,2,8,357,NULL,'2023-10-17 05:13:09','2023-10-17 05:13:53'),(3441,120,133,2,9,362,NULL,'2023-10-17 05:13:09','2023-10-17 05:13:56'),(3442,120,133,2,10,368,NULL,'2023-10-17 05:13:09','2023-10-17 05:14:00'),(3443,120,133,2,11,375,NULL,'2023-10-17 05:13:09','2023-10-17 05:14:04'),(3444,120,133,2,12,381,NULL,'2023-10-17 05:13:09','2023-10-17 05:14:08'),(3445,120,133,2,13,387,NULL,'2023-10-17 05:13:09','2023-10-17 05:14:12'),(3446,120,133,2,14,393,NULL,'2023-10-17 05:13:09','2023-10-17 05:14:15'),(3447,120,133,2,15,398,NULL,'2023-10-17 05:13:09','2023-10-17 05:14:22'),(3448,120,133,2,16,404,NULL,'2023-10-17 05:13:09','2023-10-17 05:14:25'),(3449,120,133,2,17,410,NULL,'2023-10-17 05:13:09','2023-10-17 05:14:28'),(3450,120,133,2,18,416,NULL,'2023-10-17 05:13:09','2023-10-17 05:14:31'),(3451,120,133,2,19,422,NULL,'2023-10-17 05:13:09','2023-10-17 05:14:33'),(3452,120,133,2,20,428,NULL,'2023-10-17 05:13:09','2023-10-17 05:14:40'),(3453,120,133,3,21,433,NULL,'2023-10-17 05:13:09','2023-10-17 05:14:44'),(3454,120,133,3,22,439,NULL,'2023-10-17 05:13:09','2023-10-17 05:14:50'),(3455,120,133,3,23,445,NULL,'2023-10-17 05:13:09','2023-10-17 05:14:52'),(3456,120,133,4,24,451,NULL,'2023-10-17 05:13:09','2023-10-17 05:14:55'),(3457,120,133,4,25,457,NULL,'2023-10-17 05:13:09','2023-10-17 05:14:57'),(3458,120,133,4,26,463,NULL,'2023-10-17 05:13:09','2023-10-17 05:15:00');

--
-- Table structure for table `member_evaluation_header`
--

CREATE TABLE `member_evaluation_header` (
  `id` bigint(20) unsigned NOT NULL AUTO_INCREMENT,
  `member_id` int(11) NOT NULL,
  `evaluation_id` int(11) NOT NULL,
  `evaluation_type` varchar(100) NOT NULL DEFAULT 'Self',
  `leader_name` varchar(250) DEFAULT NULL,
  `role_id` int(11) DEFAULT NULL,
  `date_time_started` datetime DEFAULT NULL,
  `date_time_ended` datetime DEFAULT NULL,
  `status_id` int(11) NOT NULL DEFAULT 0,
  `created_at` timestamp NULL DEFAULT NULL,
  `updated_at` timestamp NULL DEFAULT NULL,
  PRIMARY KEY (`id`)
) ENGINE=InnoDB AUTO_INCREMENT=134 DEFAULT CHARSET=utf8mb4 COLLATE=utf8mb4_unicode_ci;

--
-- Dumping data for table `member_evaluation_header`
--

INSERT INTO `member_evaluation_header` VALUES (1,4,1,'Self',NULL,NULL,'2022-08-04 21:02:59',NULL,2,'2022-08-04 15:32:59','2023-02-08 13:13:17'),(2,5,2,'Self',NULL,NULL,'2022-08-05 03:06:08',NULL,2,'2022-08-04 21:36:08','2022-08-04 21:37:40'),(3,7,3,'Self',NULL,NULL,'2022-08-05 15:54:59',NULL,1,'2022-08-05 10:24:59','2022-08-05 10:24:59'),(4,8,4,'Self',NULL,NULL,'2022-08-06 00:20:38',NULL,1,'2022-08-05 18:50:38','2022-08-05 18:50:38'),(5,9,5,'Self',NULL,NULL,'2022-08-07 16:52:58',NULL,2,'2022-08-07 11:22:58','2022-08-07 11:24:50'),(6,10,6,'Self',NULL,NULL,'2022-08-07 17:23:04',NULL,2,'2022-08-07 11:53:04','2022-08-07 11:54:39'),(7,11,7,'Self',NULL,NULL,'2022-08-08 00:41:23',NULL,2,'2022-08-07 19:11:23','2022-08-07 19:12:57'),(8,12,8,'Self',NULL,NULL,'2022-08-08 04:33:48',NULL,2,'2022-08-07 23:03:48','2022-08-07 23:05:23'),(9,13,9,'Self',NULL,NULL,'2022-08-08 05:36:35',NULL,1,'2022-08-08 00:06:35','2022-08-08 00:06:35'),(10,14,10,'Self',NULL,NULL,'2022-08-09 00:25:31',NULL,2,'2022-08-08 18:55:31','2022-08-08 18:57:02'),(11,16,11,'Self',NULL,NULL,'2022-08-09 23:44:20',NULL,2,'2022-08-09 18:14:20','2022-08-09 18:15:33'),(12,18,12,'Self',NULL,NULL,'2022-08-10 01:33:14',NULL,2,'2022-08-09 20:03:14','2022-08-09 20:04:47'),(13,18,13,'Self',NULL,NULL,'2022-08-10 01:35:35',NULL,1,'2022-08-09 20:05:35','2022-08-09 20:05:35'),(14,19,14,'Self',NULL,NULL,'2022-08-10 01:45:35',NULL,2,'2022-08-09 20:15:35','2022-08-09 20:17:03'),(15,20,15,'Self',NULL,NULL,'2022-08-11 00:48:46',NULL,2,'2022-08-10 19:18:46','2022-08-10 19:20:06'),(16,21,16,'Self',NULL,NULL,'2022-08-11 03:08:09',NULL,2,'2022-08-10 21:38:09','2022-08-10 21:39:38'),(17,22,17,'Self',NULL,NULL,'2022-08-11 04:34:25',NULL,2,'2022-08-10 23:04:25','2022-08-10 23:06:12'),(18,23,18,'Self',NULL,NULL,'2022-08-11 07:16:47',NULL,2,'2022-08-11 01:46:47','2022-08-11 01:47:54'),(19,24,19,'Self',NULL,NULL,'2022-08-11 12:59:16',NULL,1,'2022-08-11 07:29:16','2022-08-11 07:29:16'),(20,25,20,'Self',NULL,NULL,'2022-08-12 00:44:53',NULL,2,'2022-08-11 19:14:53','2022-08-11 19:16:19'),(21,26,21,'Self',NULL,NULL,'2022-08-12 03:19:27',NULL,2,'2022-08-11 21:49:27','2022-08-11 22:10:24'),(22,27,22,'Self',NULL,NULL,'2022-08-12 03:44:00',NULL,1,'2022-08-11 22:14:00','2022-08-11 22:14:00'),(23,28,23,'Self',NULL,NULL,'2022-08-13 02:49:49',NULL,2,'2022-08-12 21:19:49','2022-08-12 21:21:14'),(24,29,24,'Self',NULL,NULL,'2022-08-13 03:24:01',NULL,2,'2022-08-12 21:54:01','2022-08-12 21:55:30'),(25,31,25,'Self',NULL,NULL,'2022-08-15 01:55:46',NULL,2,'2022-08-14 20:25:46','2022-08-14 20:26:59'),(26,32,26,'Self',NULL,NULL,'2022-08-17 16:21:01',NULL,2,'2022-08-17 10:51:01','2022-08-17 10:52:13'),(27,33,27,'Self',NULL,NULL,'2022-08-18 11:18:27',NULL,2,'2022-08-18 05:48:27','2022-08-18 05:49:53'),(28,34,28,'Self',NULL,NULL,'2022-08-22 01:26:08',NULL,2,'2022-08-21 19:56:08','2022-08-21 19:57:19'),(29,35,29,'Self',NULL,NULL,'2022-08-22 05:37:48',NULL,2,'2022-08-22 00:07:48','2022-08-22 00:08:55'),(30,36,30,'Self',NULL,NULL,'2022-08-26 01:46:40',NULL,2,'2022-08-25 20:16:40','2022-08-25 20:17:40'),(31,37,31,'Self',NULL,NULL,'2022-08-28 05:36:45',NULL,2,'2022-08-28 00:06:45','2022-08-28 00:08:11'),(32,38,32,'Self',NULL,NULL,'2022-08-28 05:52:19',NULL,2,'2022-08-28 00:22:19','2022-08-28 00:23:30'),(33,39,33,'Self',NULL,NULL,'2022-08-28 06:06:33',NULL,2,'2022-08-28 00:36:33','2022-08-28 00:37:56'),(34,40,34,'Self',NULL,NULL,'2022-08-28 06:37:09',NULL,2,'2022-08-28 01:07:09','2022-08-28 01:09:44'),(35,41,35,'Self',NULL,NULL,'2022-08-29 01:50:05',NULL,2,'2022-08-28 20:20:05','2022-08-28 20:21:12'),(36,42,36,'Self',NULL,NULL,'2022-09-01 01:14:09',NULL,1,'2022-08-31 19:44:09','2022-08-31 19:44:09'),(37,44,37,'Self',NULL,NULL,'2022-09-04 02:28:17',NULL,2,'2022-09-03 20:58:17','2022-09-03 20:59:43'),(38,45,38,'Self',NULL,NULL,'2022-09-18 16:36:09',NULL,2,'2022-09-18 11:06:09','2022-09-18 11:07:20'),(39,46,39,'Self',NULL,NULL,'2022-09-18 17:11:17',NULL,2,'2022-09-18 11:41:17','2022-09-18 11:43:55'),(40,46,40,'Self',NULL,NULL,'2022-09-18 17:28:11',NULL,1,'2022-09-18 11:58:11','2022-09-18 11:58:11'),(41,47,41,'Self',NULL,NULL,'2022-09-19 02:50:36',NULL,2,'2022-09-18 21:20:36','2022-09-18 21:21:30'),(42,47,42,'Self',NULL,NULL,'2022-09-19 02:52:09',NULL,2,'2022-09-18 21:22:09','2022-09-18 21:43:09'),(43,48,43,'Self',NULL,NULL,'2022-09-24 13:45:17',NULL,2,'2022-09-24 08:15:17','2022-09-24 08:16:25'),(44,48,44,'Self',NULL,NULL,'2022-09-24 13:46:48',NULL,1,'2022-09-24 08:16:48','2022-09-24 08:16:48'),(45,49,45,'Self',NULL,NULL,'2022-09-25 05:10:58',NULL,2,'2022-09-24 23:40:58','2022-09-24 23:44:24'),(46,49,46,'Self',NULL,NULL,'2022-09-25 05:15:26',NULL,1,'2022-09-24 23:45:26','2022-09-24 23:45:26'),(47,50,47,'Self',NULL,NULL,'2022-11-01 10:07:09',NULL,2,'2022-11-01 04:37:09','2022-11-01 04:38:05'),(48,51,48,'Self',NULL,NULL,'2022-11-09 05:47:30',NULL,2,'2022-11-09 00:17:30','2022-11-09 00:19:53'),(49,52,49,'Self',NULL,NULL,'2022-11-09 05:55:06',NULL,1,'2022-11-09 00:25:06','2022-11-09 00:25:06'),(50,53,50,'Self',NULL,NULL,'2022-11-10 14:12:53',NULL,2,'2022-11-10 08:42:53','2022-11-10 08:44:02'),(51,54,51,'Self',NULL,NULL,'2022-11-10 23:39:36',NULL,2,'2022-11-10 18:09:36','2022-11-10 18:10:38'),(52,55,52,'Self',NULL,NULL,'2022-11-11 00:18:35',NULL,2,'2022-11-10 18:48:35','2022-11-10 18:50:00'),(53,56,53,'Self',NULL,NULL,'2022-11-11 04:18:30',NULL,2,'2022-11-10 22:48:30','2022-11-10 22:50:57'),(54,58,54,'Self',NULL,NULL,'2022-11-11 06:36:35',NULL,2,'2022-11-11 01:06:35','2022-11-11 01:07:33'),(55,59,55,'Self',NULL,NULL,'2022-11-11 06:54:24',NULL,2,'2022-11-11 01:24:24','2022-11-11 01:25:34'),(56,60,56,'Self',NULL,NULL,'2022-11-11 16:27:24',NULL,1,'2022-11-11 10:57:24','2022-11-11 10:57:24'),(57,61,57,'Self',NULL,NULL,'2022-11-14 08:12:05',NULL,2,'2022-11-14 02:42:05','2022-11-14 02:47:52'),(58,62,58,'Self',NULL,NULL,'2022-11-14 08:27:10',NULL,2,'2022-11-14 02:57:10','2022-11-14 02:58:28'),(59,63,59,'Self',NULL,NULL,'2022-11-16 15:04:46',NULL,2,'2022-11-16 09:34:46','2022-11-16 09:36:10'),(60,64,60,'Self',NULL,NULL,'2022-11-18 00:46:25',NULL,2,'2022-11-17 19:16:25','2022-11-17 19:22:00'),(61,65,61,'Self',NULL,NULL,'2022-11-18 03:09:02',NULL,1,'2022-11-17 21:39:02','2022-11-17 21:39:02'),(62,66,62,'Self',NULL,NULL,'2022-11-18 07:02:50',NULL,2,'2022-11-18 01:32:50','2022-11-18 01:33:56'),(63,67,63,'Self',NULL,NULL,'2022-11-19 08:03:52',NULL,2,'2022-11-19 02:33:52','2022-11-19 02:52:46'),(64,68,64,'Self',NULL,NULL,'2022-11-20 01:31:41',NULL,1,'2022-11-19 20:01:41','2022-11-19 20:01:41'),(65,69,65,'Self',NULL,NULL,'2022-11-21 00:00:04',NULL,2,'2022-11-20 18:30:04','2022-11-20 18:31:22'),(66,70,66,'Self',NULL,NULL,'2022-11-21 11:46:58',NULL,2,'2022-11-21 06:16:58','2022-11-21 06:18:40'),(67,71,67,'Self',NULL,NULL,'2022-11-22 00:35:16',NULL,2,'2022-11-21 19:05:16','2022-11-21 19:06:11'),(68,71,68,'Self',NULL,NULL,'2022-11-22 00:36:51',NULL,1,'2022-11-21 19:06:51','2022-11-21 19:06:51'),(69,72,69,'Self',NULL,NULL,'2022-11-23 12:45:22',NULL,2,'2022-11-23 07:15:22','2022-11-23 07:17:39'),(70,73,70,'Self',NULL,NULL,'2022-11-24 00:55:37',NULL,2,'2022-11-23 19:25:37','2022-11-23 19:26:54'),(71,74,71,'Self',NULL,NULL,'2022-11-26 06:38:10',NULL,2,'2022-11-26 01:08:10','2022-11-26 01:09:04'),(72,75,72,'Self',NULL,NULL,'2022-11-26 07:19:01',NULL,2,'2022-11-26 01:49:01','2022-11-26 01:50:32'),(73,75,73,'Self',NULL,NULL,'2022-11-26 07:26:12',NULL,1,'2022-11-26 01:56:12','2022-11-26 01:56:12'),(74,76,74,'Self',NULL,NULL,'2022-11-28 04:25:41',NULL,2,'2022-11-27 22:55:41','2022-11-27 22:58:14'),(75,77,75,'Self',NULL,NULL,'2022-11-29 13:21:22',NULL,1,'2022-11-29 07:51:22','2022-11-29 07:51:22'),(76,78,76,'Self',NULL,NULL,'2022-11-30 00:03:41',NULL,2,'2022-11-29 18:33:41','2022-11-29 18:35:33'),(77,79,77,'Self',NULL,NULL,'2022-12-01 00:35:33',NULL,2,'2022-11-30 19:05:33','2022-11-30 19:07:33'),(78,80,78,'Self',NULL,NULL,'2022-12-03 12:13:25',NULL,2,'2022-12-03 06:43:25','2022-12-03 06:45:28'),(79,81,79,'Self',NULL,NULL,'2022-12-05 12:07:12',NULL,1,'2022-12-05 06:37:12','2022-12-05 06:37:12'),(80,82,80,'Self',NULL,NULL,'2022-12-05 12:09:18',NULL,2,'2022-12-05 06:39:18','2022-12-05 06:43:31'),(81,83,81,'Self',NULL,NULL,'2022-12-13 06:12:21',NULL,1,'2022-12-13 00:42:21','2022-12-13 00:42:21'),(82,84,82,'Self',NULL,NULL,'2022-12-13 06:14:07',NULL,1,'2022-12-13 00:44:07','2022-12-13 00:44:07'),(83,86,83,'Self',NULL,NULL,'2022-12-13 10:56:00',NULL,1,'2022-12-13 05:26:00','2022-12-13 05:26:00'),(84,72,84,'Self',NULL,NULL,'2022-12-14 06:51:25',NULL,2,'2022-12-14 01:21:25','2023-02-08 04:08:30'),(85,87,85,'Self',NULL,NULL,'2022-12-15 00:48:19',NULL,2,'2022-12-14 19:18:19','2022-12-14 19:21:03'),(86,88,86,'Self',NULL,NULL,'2022-12-16 00:40:23',NULL,2,'2022-12-15 19:10:23','2022-12-15 19:11:49'),(87,89,87,'Self',NULL,NULL,'2022-12-16 00:51:40',NULL,2,'2022-12-15 19:21:40','2022-12-15 19:22:29'),(88,90,88,'Self',NULL,NULL,'2022-12-19 14:08:50',NULL,1,'2022-12-19 08:38:50','2022-12-19 08:38:50'),(89,93,89,'Self',NULL,NULL,'2023-01-03 00:15:36',NULL,2,'2023-01-02 18:45:36','2023-01-02 18:46:58'),(90,94,90,'Self',NULL,NULL,'2023-01-26 15:25:19',NULL,2,'2023-01-26 09:55:19','2023-01-26 09:56:43'),(91,95,91,'Self',NULL,NULL,'2023-01-27 06:10:16',NULL,1,'2023-01-27 00:40:16','2023-01-27 00:40:16'),(92,96,92,'Self',NULL,NULL,'2023-01-27 12:38:04',NULL,1,'2023-01-27 07:08:04','2023-01-27 07:08:04'),(93,97,93,'Self',NULL,NULL,'2023-01-27 17:42:46',NULL,1,'2023-01-27 12:12:46','2023-01-27 12:12:46'),(94,98,94,'Self',NULL,NULL,'2023-01-28 00:18:03',NULL,2,'2023-01-27 18:48:03','2023-01-27 18:49:24'),(95,99,95,'Self',NULL,NULL,'2023-01-28 00:26:39',NULL,1,'2023-01-27 18:56:39','2023-01-27 18:56:39'),(96,100,96,'Self',NULL,NULL,'2023-01-28 00:31:45',NULL,2,'2023-01-27 19:01:45','2023-01-27 19:03:29'),(97,101,97,'Self',NULL,NULL,'2023-01-28 01:28:57',NULL,2,'2023-01-27 19:58:57','2023-01-27 20:00:08'),(98,102,98,'Self',NULL,NULL,'2023-01-29 08:14:23',NULL,1,'2023-01-29 02:44:23','2023-01-29 02:44:23'),(99,103,99,'Self',NULL,NULL,'2023-02-01 18:58:56',NULL,1,'2023-02-01 13:28:56','2023-02-01 13:28:56'),(100,72,100,'Self',NULL,NULL,'2023-02-08 23:46:49',NULL,2,'2023-02-08 18:16:49','2023-02-08 18:18:26'),(101,104,101,'Self',NULL,NULL,'2023-02-09 00:06:22',NULL,2,'2023-02-08 18:36:22','2023-02-08 18:42:54'),(102,105,102,'Self',NULL,NULL,'2023-02-09 00:17:45',NULL,1,'2023-02-08 18:47:45','2023-02-08 18:47:45'),(103,106,103,'Self',NULL,NULL,'2023-02-09 00:23:10',NULL,2,'2023-02-08 18:53:10','2023-02-08 18:54:10'),(104,107,104,'Self',NULL,NULL,'2023-02-09 00:27:06',NULL,2,'2023-02-08 18:57:06','2023-02-08 18:58:20'),(105,108,105,'Self',NULL,NULL,'2023-02-09 00:30:25',NULL,2,'2023-02-08 19:00:25','2023-02-08 19:01:39'),(106,109,106,'Self',NULL,NULL,'2023-02-09 04:43:37',NULL,2,'2023-02-08 23:13:37','2023-02-08 23:16:41'),(107,110,107,'Self',NULL,NULL,'2023-02-09 04:51:12',NULL,2,'2023-02-08 23:21:12','2023-02-08 23:22:06'),(108,4,108,'Self',NULL,NULL,'2023-02-09 05:33:16',NULL,1,'2023-02-09 00:03:16','2023-02-09 00:03:16'),(109,72,109,'Self',NULL,NULL,'2023-02-09 05:45:56',NULL,2,'2023-02-09 00:15:56','2023-02-09 00:18:38'),(110,72,110,'Self',NULL,NULL,'2023-02-09 05:50:54',NULL,2,'2023-02-09 00:20:54','2023-02-09 00:22:20'),(111,94,111,'Self',NULL,NULL,'2023-02-09 06:00:43',NULL,2,'2023-02-09 00:30:43','2023-02-09 00:32:36'),(112,111,112,'Self',NULL,NULL,'2023-02-09 08:37:40',NULL,2,'2023-02-09 03:07:40','2023-02-09 03:08:45'),(113,112,113,'Self',NULL,NULL,'2023-02-09 09:45:34',NULL,2,'2023-02-09 04:15:34','2023-02-09 04:18:20'),(114,113,114,'Self',NULL,NULL,'2023-02-10 00:20:32',NULL,2,'2023-02-09 18:50:32','2023-02-09 18:51:55'),(115,114,115,'Self',NULL,NULL,'2023-02-10 15:02:12',NULL,2,'2023-02-10 09:32:12','2023-02-10 09:34:03'),(116,114,116,'Self',NULL,NULL,'2023-02-10 15:16:16',NULL,1,'2023-02-10 09:46:16','2023-02-10 09:46:16'),(117,115,117,'Self',NULL,NULL,'2023-02-16 00:05:03',NULL,2,'2023-02-15 18:35:03','2023-02-15 18:36:19'),(118,72,118,'Self',NULL,NULL,'2023-03-10 06:33:02',NULL,2,'2023-03-10 01:03:02','2023-03-10 01:05:15'),(119,72,119,'Self',NULL,NULL,'2023-03-10 11:52:56',NULL,2,'2023-03-10 06:22:56','2023-03-19 18:28:55'),(120,116,120,'Self',NULL,NULL,'2023-03-11 03:02:32',NULL,2,'2023-03-10 21:32:32','2023-03-10 21:34:34'),(122,69,121,'Self',NULL,NULL,'2023-04-13 00:02:42',NULL,2,'2023-04-12 18:32:42','2023-04-12 18:41:24'),(123,69,122,'Self',NULL,NULL,'2023-04-13 04:43:39',NULL,2,'2023-04-12 23:13:39','2023-04-12 23:18:02'),(124,69,123,'Self',NULL,NULL,'2023-04-22 05:58:39',NULL,2,'2023-04-22 00:28:39','2023-04-26 18:37:06'),(125,69,125,'Leader','Sanil',NULL,'2023-04-26 03:34:02',NULL,2,'2023-04-25 22:04:02','2023-04-25 22:05:49'),(126,69,126,'Leader','Sanil Nair',NULL,'2023-04-27 00:18:38',NULL,1,'2023-04-26 18:48:38','2023-04-26 18:48:38'),(127,69,127,'Leader','Sanil1',NULL,'2023-04-27 00:19:35',NULL,1,'2023-04-26 18:49:35','2023-04-26 18:49:35'),(128,69,128,'Leader','Sanil2',NULL,'2023-04-27 00:30:36',NULL,1,'2023-04-26 19:00:36','2023-04-26 19:00:36'),(129,69,129,'Self',NULL,NULL,'2023-04-27 09:18:18',NULL,1,'2023-04-27 03:48:18','2023-04-27 03:48:18'),(130,69,130,'Leader','Sanil3',NULL,'2023-04-27 09:21:30',NULL,2,'2023-04-27 03:51:30','2023-04-27 23:14:07'),(131,118,131,'Self',NULL,NULL,'2023-05-02 06:46:21',NULL,1,'2023-05-02 01:16:21','2023-05-02 01:16:21'),(132,119,132,'Self',NULL,NULL,'2023-07-14 01:04:21',NULL,2,'2023-07-13 19:34:21','2023-07-13 19:35:52'),(133,120,133,'Self',NULL,NULL,'2023-10-17 10:43:09',NULL,2,'2023-10-17 05:13:09','2023-10-17 05:15:00');

--
-- Table structure for table `migrations`
--

CREATE TABLE `migrations` (
  `id` int(10) unsigned NOT NULL AUTO_INCREMENT,
  `migration` varchar(255) NOT NULL,
  `batch` int(11) NOT NULL,
  PRIMARY KEY (`id`)
) ENGINE=InnoDB AUTO_INCREMENT=11 DEFAULT CHARSET=utf8mb4 COLLATE=utf8mb4_unicode_ci;

--
-- Dumping data for table `migrations`
--

INSERT INTO `migrations` VALUES (1,'2014_10_12_000000_create_users_table',1),(2,'2014_10_12_100000_create_password_resets_table',1),(3,'2019_08_19_000000_create_failed_jobs_table',1),(4,'2019_12_14_000001_create_personal_access_tokens_table',1),(5,'2021_09_12_170322_create_role_table',1),(6,'2021_09_13_013734_create_focus_area_table',1),(7,'2021_09_13_015044_create_focus_area_accountabilities_table',1),(8,'2021_09_13_040057_create_fa_acc_maturity_level_table',1),(9,'2021_09_13_102424_create_member_evaluation_header_table',1),(10,'2021_09_13_102438_create_member_evaluation_child_table',1);

--
-- Table structure for table `objectives`
--

CREATE TABLE `objectives` (
  `id` int(10) unsigned NOT NULL AUTO_INCREMENT,
  `member_id` int(11) NOT NULL,
  `objectives` varchar(255) DEFAULT NULL,
  `goals` varchar(255) DEFAULT NULL,
  `created_at` timestamp NULL DEFAULT NULL,
  `updated_at` timestamp NULL DEFAULT NULL,
  PRIMARY KEY (`id`)
) ENGINE=InnoDB AUTO_INCREMENT=7 DEFAULT CHARSET=utf8mb4 COLLATE=utf8mb4_unicode_ci;

--
-- Dumping data for table `objectives`
--

INSERT INTO `objectives` VALUES (1,4,'<p><span style=\"color: rgb(230, 0, 0);\"><span class=\"ql-cursor\">﻿</span></span>HR Business Alignment <strong>OGSM</strong></p>','<p>HR Business Alignment <strong style=\"color: rgb(230, 0, 0);\">OGSM</strong></p>','2023-05-17 07:38:15','2023-05-18 12:17:20'),(4,69,'<p>Grow? Global Brand Equity in the Silver OEM Market</p>','<p>- Price premium over competition from x to y</p><p>- Product Design</p><p>- Customer Satisfaction</p><p>- Global sales revenue</p><p>- Average transaction value</p><p>- Customer lifetime value</p><p>- Rate of sustained growth</p>','2023-05-22 18:51:23','2023-05-22 18:51:23'),(5,4,'<p>HR Business Alignment <strong>OGSM1</strong></p>','<p>HR Business Alignment <strong>OGSM1</strong></p>','2023-05-22 20:36:52','2023-05-22 20:36:52'),(6,4,'<p>Objectives</p>','<p>Goals</p>','2023-05-22 20:48:02','2023-05-22 20:48:02');

--
-- Table structure for table `ogsm`
--

CREATE TABLE `ogsm` (
  `id` int(10) unsigned NOT NULL AUTO_INCREMENT,
  `member_id` int(11) NOT NULL,
  `title` varchar(255) DEFAULT NULL,
  `leader` varchar(255) DEFAULT NULL,
  `created_at` timestamp NULL DEFAULT NULL,
  `updated_at` timestamp NULL DEFAULT NULL,
  PRIMARY KEY (`id`)
) ENGINE=InnoDB AUTO_INCREMENT=4 DEFAULT CHARSET=utf8mb4 COLLATE=utf8mb4_unicode_ci;

--
-- Dumping data for table `ogsm`
--

INSERT INTO `ogsm` VALUES (1,4,'Lorem Ipsum is simply dummy text of the printing and typesetting industry. Lorem Ipsum has been the industry\'s standard dummy text ever since the 1500s, when an unknown printer took a galley','Finance Manager','2023-05-18 01:53:21','2023-05-18 01:57:17'),(2,69,'Globally Recognised Best-In-Class One-Stop OEM Jewelry Manufacturer\nFinancial Target/Aim: 2019 US$ 9M to 2025 - US$ 14M Revenue','Level 2','2023-05-18 02:09:29','2023-05-18 21:35:46'),(3,120,NULL,NULL,'2023-10-17 05:20:54','2023-10-17 05:20:54');

--
-- Table structure for table `payment_details`
--

CREATE TABLE `payment_details` (
  `id` int(10) unsigned NOT NULL AUTO_INCREMENT,
  `member_id` int(11) NOT NULL,
  `intent_id` varchar(255) NOT NULL,
  `request_id` varchar(255) NOT NULL,
  `amount` int(11) NOT NULL,
  `currency` varchar(255) NOT NULL,
  `merchant_order_id` varchar(255) NOT NULL,
  `descriptor` varchar(255) NOT NULL,
  `status` varchar(255) NOT NULL,
  `intent_details` longtext CHARACTER SET utf8mb4 COLLATE utf8mb4_bin NOT NULL CHECK (json_valid(`intent_details`)),
  `created_at` timestamp NULL DEFAULT NULL,
  `updated_at` timestamp NULL DEFAULT NULL,
  PRIMARY KEY (`id`)
) ENGINE=InnoDB AUTO_INCREMENT=28 DEFAULT CHARSET=utf8mb4 COLLATE=utf8mb4_unicode_ci;

--
-- Dumping data for table `payment_details`
--

INSERT INTO `payment_details` VALUES (1,94,'int_hkdm7fvnmghnk8q8n53','20230126202333263996',100,'USD','Merchant_Order_a7f9baf8-884a-4def-ba85-d1f9be83470a','Cathy Testing','SUCCEEDED','{\"id\":\"int_hkdm7fvnmghnk8q8n53\",\"request_id\":\"20230126202333263996\",\"amount\":100,\"currency\":\"USD\",\"merchant_order_id\":\"Merchant_Order_a7f9baf8-884a-4def-ba85-d1f9be83470a\",\"descriptor\":\"Cathy Testing\",\"status\":\"SUCCEEDED\",\"captured_amount\":100,\"latest_payment_attempt\":{\"id\":\"att_hkdm95vnlghnk99crhy_8q8n53\",\"amount\":100,\"currency\":\"USD\",\"payment_method\":{\"type\":\"card\",\"card\":{\"expiry_month\":\"03\",\"expiry_year\":\"2026\",\"name\":\"demo\",\"bin\":\"40355010\",\"last4\":\"0008\",\"brand\":\"visa\",\"issuer_country_code\":\"US\",\"card_type\":\"DEBIT\",\"fingerprint\":\"FTZd09K9OAPutJpassrvqPgpY\\/c=\",\"cvc_check\":\"pass\",\"billing\":{\"first_name\":\"\",\"last_name\":\"\"},\"issuer_name\":\"SOCIETE GENERALE\",\"is_commercial\":false,\"number_type\":\"PAN\"},\"id\":\"mtd_hkdm6zcwgghnk9cmtqn\",\"status\":\"CREATED\",\"created_at\":\"2023-01-26T20:24:06+0000\",\"updated_at\":\"2023-01-26T20:24:06+0000\"},\"payment_intent_id\":\"int_hkdm7fvnmghnk8q8n53\",\"status\":\"CAPTURE_REQUESTED\",\"provider_transaction_id\":\"997432707001_407356174887998\",\"provider_original_response_code\":\"00\",\"authorization_code\":\"632096\",\"captured_amount\":100,\"refunded_amount\":0,\"created_at\":\"2023-01-26T20:24:06+0000\",\"updated_at\":\"2023-01-26T20:24:11+0000\",\"settle_via\":\"airwallex\",\"device\":{\"device_id\":\"147f90db-8b24-436f-90ab-0c9e3a3bb2c6\",\"ip_address\":\"49.15.138.17\",\"host_name\":\"https:\\/\\/onehrstag.com\",\"cookies_accepted\":\"true\",\"http_browser_type\":\"firefox\",\"ip_network_address\":\"49.15.138.17\"},\"authentication_data\":{\"ds_data\":{\"retry_count_for_auth_decline\":0},\"fraud_data\":{\"action\":\"ACCEPT\",\"score\":\"31\"},\"avs_result\":\"U\",\"cvc_result\":\"Y\",\"cvc_code\":\"M\"}},\"created_at\":\"2023-01-26T20:23:34+0000\",\"updated_at\":\"2023-01-26T20:24:11+0000\",\"client_secret\":\"eyJhbGciOiJIUzI1NiJ9.eyJpYXQiOjE2NzQ3NjQ2NTEsImV4cCI6MTY3NDc2ODI1MSwidHlwZSI6ImNsaWVudC1zZWNyZXQiLCJwYWRjIjoiSEsiLCJhY2NvdW50X2lkIjoiZGI3MTZjZDEtZGVhYS00YWUxLTg0NjYtNmQ3NDBkZmVmY2ZmIiwiaW50ZW50X2lkIjoiaW50X2hrZG03ZnZubWdobms4cThuNTMiLCJidXNpbmVzc19uYW1lIjoiZGVtbyBDYXBhYmlsaXR5U29sdXRpb24ifQ.KuJWfxm4KdX5xXeq61eF5IYMPN_5zXEVC08NNyQrdjU\",\"base_amount\":100}','2023-01-26 14:54:12','2023-01-26 14:54:12'),(2,95,'int_hkdmvxtglgho0fk2jxw','20230127061054469567',100,'USD','Merchant_Order_a7f9baf8-884a-4def-ba85-d1f9be83470a','Cathy Testing','SUCCEEDED','{\"id\":\"int_hkdmvxtglgho0fk2jxw\",\"request_id\":\"20230127061054469567\",\"amount\":100,\"currency\":\"USD\",\"merchant_order_id\":\"Merchant_Order_a7f9baf8-884a-4def-ba85-d1f9be83470a\",\"descriptor\":\"Cathy Testing\",\"status\":\"SUCCEEDED\",\"captured_amount\":100,\"latest_payment_attempt\":{\"id\":\"att_hkdm95vnlgho0h1tjlo_fk2jxw\",\"amount\":100,\"currency\":\"USD\",\"payment_method\":{\"type\":\"card\",\"card\":{\"expiry_month\":\"09\",\"expiry_year\":\"2027\",\"name\":\"Testing\",\"bin\":\"40355010\",\"last4\":\"0008\",\"brand\":\"visa\",\"issuer_country_code\":\"US\",\"card_type\":\"DEBIT\",\"fingerprint\":\"FTZd09K9OAPutJpassrvqPgpY\\/c=\",\"cvc_check\":\"pass\",\"billing\":{\"first_name\":\"\",\"last_name\":\"\"},\"issuer_name\":\"SOCIETE GENERALE\",\"is_commercial\":false,\"number_type\":\"PAN\"},\"id\":\"mtd_hkdmldwgpgho0h52k4a\",\"status\":\"CREATED\",\"created_at\":\"2023-01-27T06:12:26+0000\",\"updated_at\":\"2023-01-27T06:12:26+0000\"},\"payment_intent_id\":\"int_hkdmvxtglgho0fk2jxw\",\"status\":\"CAPTURE_REQUESTED\",\"provider_transaction_id\":\"740666681164_295442256851244\",\"provider_original_response_code\":\"00\",\"authorization_code\":\"457914\",\"captured_amount\":100,\"refunded_amount\":0,\"created_at\":\"2023-01-27T06:12:26+0000\",\"updated_at\":\"2023-01-27T06:12:31+0000\",\"settle_via\":\"airwallex\",\"device\":{\"device_id\":\"3290dd10-9b57-48cc-9859-382c06604224\",\"ip_address\":\"5.62.43.237\",\"host_name\":\"https:\\/\\/onehrstag.com\",\"cookies_accepted\":\"true\",\"http_browser_type\":\"chrome\",\"ip_network_address\":\"5.62.43.237\"},\"authentication_data\":{\"ds_data\":{\"retry_count_for_auth_decline\":0},\"fraud_data\":{\"action\":\"ACCEPT\",\"score\":\"30\"},\"avs_result\":\"U\",\"cvc_result\":\"Y\",\"cvc_code\":\"M\"}},\"created_at\":\"2023-01-27T06:10:55+0000\",\"updated_at\":\"2023-01-27T06:12:31+0000\",\"client_secret\":\"eyJhbGciOiJIUzI1NiJ9.eyJpYXQiOjE2NzQ3OTk5NTEsImV4cCI6MTY3NDgwMzU1MSwidHlwZSI6ImNsaWVudC1zZWNyZXQiLCJwYWRjIjoiSEsiLCJhY2NvdW50X2lkIjoiZGI3MTZjZDEtZGVhYS00YWUxLTg0NjYtNmQ3NDBkZmVmY2ZmIiwiaW50ZW50X2lkIjoiaW50X2hrZG12eHRnbGdobzBmazJqeHciLCJidXNpbmVzc19uYW1lIjoiZGVtbyBDYXBhYmlsaXR5U29sdXRpb24ifQ.5_y7nCj9IdcZgUWCgjNOE7PcbBmExC1r-wWwsMuAOGA\",\"base_amount\":100}','2023-01-27 00:42:31','2023-01-27 00:42:31'),(3,72,'int_hkdm95vnlgho0p0nqp9','20230127062026747114',100,'USD','Merchant_Order_a7f9baf8-884a-4def-ba85-d1f9be83470a','Cathy Testing','SUCCEEDED','{\"id\":\"int_hkdm95vnlgho0p0nqp9\",\"request_id\":\"20230127062026747114\",\"amount\":100,\"currency\":\"USD\",\"merchant_order_id\":\"Merchant_Order_a7f9baf8-884a-4def-ba85-d1f9be83470a\",\"descriptor\":\"Cathy Testing\",\"status\":\"SUCCEEDED\",\"captured_amount\":100,\"latest_payment_attempt\":{\"id\":\"att_hkdmvxtglgho0ppwsta_p0nqp9\",\"amount\":100,\"currency\":\"USD\",\"payment_method\":{\"type\":\"card\",\"card\":{\"expiry_month\":\"09\",\"expiry_year\":\"2023\",\"name\":\"Testing\",\"bin\":\"40355010\",\"last4\":\"0008\",\"brand\":\"visa\",\"issuer_country_code\":\"US\",\"card_type\":\"DEBIT\",\"fingerprint\":\"FTZd09K9OAPutJpassrvqPgpY\\/c=\",\"cvc_check\":\"pass\",\"billing\":{\"first_name\":\"\",\"last_name\":\"\"},\"issuer_name\":\"SOCIETE GENERALE\",\"is_commercial\":false,\"number_type\":\"PAN\"},\"id\":\"mtd_hkdmldwgpgho0psnt3w\",\"status\":\"CREATED\",\"created_at\":\"2023-01-27T06:21:10+0000\",\"updated_at\":\"2023-01-27T06:21:10+0000\"},\"payment_intent_id\":\"int_hkdm95vnlgho0p0nqp9\",\"status\":\"CAPTURE_REQUESTED\",\"provider_transaction_id\":\"724108312088_236677246490077\",\"provider_original_response_code\":\"00\",\"authorization_code\":\"863181\",\"captured_amount\":100,\"refunded_amount\":0,\"created_at\":\"2023-01-27T06:21:10+0000\",\"updated_at\":\"2023-01-27T06:21:14+0000\",\"settle_via\":\"airwallex\",\"device\":{\"device_id\":\"eb51a224-7343-4aaa-976c-a6e6e540889c\",\"ip_address\":\"5.62.43.237\",\"host_name\":\"https:\\/\\/onehrstag.com\",\"cookies_accepted\":\"true\",\"http_browser_type\":\"chrome\",\"ip_network_address\":\"5.62.43.237\"},\"authentication_data\":{\"ds_data\":{\"retry_count_for_auth_decline\":0},\"fraud_data\":{\"action\":\"ACCEPT\",\"score\":\"30\"},\"avs_result\":\"U\",\"cvc_result\":\"Y\",\"cvc_code\":\"M\"}},\"created_at\":\"2023-01-27T06:20:27+0000\",\"updated_at\":\"2023-01-27T06:21:14+0000\",\"client_secret\":\"eyJhbGciOiJIUzI1NiJ9.eyJpYXQiOjE2NzQ4MDA0NzQsImV4cCI6MTY3NDgwNDA3NCwidHlwZSI6ImNsaWVudC1zZWNyZXQiLCJwYWRjIjoiSEsiLCJhY2NvdW50X2lkIjoiZGI3MTZjZDEtZGVhYS00YWUxLTg0NjYtNmQ3NDBkZmVmY2ZmIiwiaW50ZW50X2lkIjoiaW50X2hrZG05NXZubGdobzBwMG5xcDkiLCJidXNpbmVzc19uYW1lIjoiZGVtbyBDYXBhYmlsaXR5U29sdXRpb24ifQ.5yjMPgTDFLM4oX9qRh4ZZ3KySGQ01hRkV3NHAEVSwts\",\"base_amount\":100}','2023-01-27 00:51:15','2023-01-27 00:51:15'),(4,96,'int_hkdmvr9zxghob8v2u74','20230127124313678160',100,'USD','Merchant_Order_a7f9baf8-884a-4def-ba85-d1f9be83470a','Cathy Testing','SUCCEEDED','{\"id\":\"int_hkdmvr9zxghob8v2u74\",\"request_id\":\"20230127124313678160\",\"amount\":100,\"currency\":\"USD\",\"merchant_order_id\":\"Merchant_Order_a7f9baf8-884a-4def-ba85-d1f9be83470a\",\"descriptor\":\"Cathy Testing\",\"status\":\"SUCCEEDED\",\"captured_amount\":100,\"latest_payment_attempt\":{\"id\":\"att_hkdmcjzngghob9jw0im_8v2u74\",\"amount\":100,\"currency\":\"USD\",\"payment_method\":{\"type\":\"card\",\"card\":{\"expiry_month\":\"05\",\"expiry_year\":\"2024\",\"name\":\"Testing\",\"bin\":\"40355010\",\"last4\":\"0008\",\"brand\":\"visa\",\"issuer_country_code\":\"US\",\"card_type\":\"DEBIT\",\"fingerprint\":\"FTZd09K9OAPutJpassrvqPgpY\\/c=\",\"cvc_check\":\"pass\",\"billing\":{\"first_name\":\"\",\"last_name\":\"\"},\"issuer_name\":\"SOCIETE GENERALE\",\"is_commercial\":false,\"number_type\":\"PAN\"},\"id\":\"mtd_hkdm6zcwgghob9mqt7i\",\"status\":\"CREATED\",\"created_at\":\"2023-01-27T12:43:57+0000\",\"updated_at\":\"2023-01-27T12:43:57+0000\"},\"payment_intent_id\":\"int_hkdmvr9zxghob8v2u74\",\"status\":\"CAPTURE_REQUESTED\",\"provider_transaction_id\":\"960706251322_173489147580626\",\"provider_original_response_code\":\"00\",\"authorization_code\":\"169016\",\"captured_amount\":100,\"refunded_amount\":0,\"created_at\":\"2023-01-27T12:43:57+0000\",\"updated_at\":\"2023-01-27T12:44:02+0000\",\"settle_via\":\"airwallex\",\"device\":{\"device_id\":\"6accbefa-794d-4507-a6cb-dabe5f4159b8\",\"ip_address\":\"159.242.227.17\",\"host_name\":\"https:\\/\\/onehrstag.com\",\"cookies_accepted\":\"true\",\"http_browser_type\":\"chrome\",\"ip_network_address\":\"159.242.227.17\"},\"authentication_data\":{\"ds_data\":{\"retry_count_for_auth_decline\":0},\"fraud_data\":{\"action\":\"ACCEPT\",\"score\":\"30\"},\"avs_result\":\"U\",\"cvc_result\":\"Y\",\"cvc_code\":\"M\"}},\"created_at\":\"2023-01-27T12:43:15+0000\",\"updated_at\":\"2023-01-27T12:44:02+0000\",\"client_secret\":\"eyJhbGciOiJIUzI1NiJ9.eyJpYXQiOjE2NzQ4MjM0NDIsImV4cCI6MTY3NDgyNzA0MiwidHlwZSI6ImNsaWVudC1zZWNyZXQiLCJwYWRjIjoiSEsiLCJhY2NvdW50X2lkIjoiZGI3MTZjZDEtZGVhYS00YWUxLTg0NjYtNmQ3NDBkZmVmY2ZmIiwiaW50ZW50X2lkIjoiaW50X2hrZG12cjl6eGdob2I4djJ1NzQiLCJidXNpbmVzc19uYW1lIjoiZGVtbyBDYXBhYmlsaXR5U29sdXRpb24ifQ.VZZpkXRAp5lCAk88-BidbX8m96nivGLwYzHY82tYH78\",\"base_amount\":100}','2023-01-27 07:14:02','2023-01-27 07:14:02'),(5,97,'int_hkdm4r89dghojilegaz','20230127174316851590',100,'USD','Merchant_Order_a7f9baf8-884a-4def-ba85-d1f9be83470a','Cathy Testing','SUCCEEDED','{\"id\":\"int_hkdm4r89dghojilegaz\",\"request_id\":\"20230127174316851590\",\"amount\":100,\"currency\":\"USD\",\"merchant_order_id\":\"Merchant_Order_a7f9baf8-884a-4def-ba85-d1f9be83470a\",\"descriptor\":\"Cathy Testing\",\"status\":\"SUCCEEDED\",\"captured_amount\":100,\"latest_payment_attempt\":{\"id\":\"att_hkdmcjzngghojj3s1f5_ilegaz\",\"amount\":100,\"currency\":\"USD\",\"payment_method\":{\"type\":\"card\",\"card\":{\"expiry_month\":\"02\",\"expiry_year\":\"2033\",\"name\":\"demo\",\"bin\":\"40355010\",\"last4\":\"0008\",\"brand\":\"visa\",\"issuer_country_code\":\"US\",\"card_type\":\"DEBIT\",\"fingerprint\":\"FTZd09K9OAPutJpassrvqPgpY\\/c=\",\"cvc_check\":\"pass\",\"billing\":{\"first_name\":\"\",\"last_name\":\"\"},\"issuer_name\":\"SOCIETE GENERALE\",\"is_commercial\":false,\"number_type\":\"PAN\"},\"id\":\"mtd_hkdm6zcwgghojj69xii\",\"status\":\"CREATED\",\"created_at\":\"2023-01-27T17:43:49+0000\",\"updated_at\":\"2023-01-27T17:43:49+0000\"},\"payment_intent_id\":\"int_hkdm4r89dghojilegaz\",\"status\":\"CAPTURE_REQUESTED\",\"provider_transaction_id\":\"207768965837_360380566717963\",\"provider_original_response_code\":\"00\",\"authorization_code\":\"072221\",\"captured_amount\":100,\"refunded_amount\":0,\"created_at\":\"2023-01-27T17:43:49+0000\",\"updated_at\":\"2023-01-27T17:43:53+0000\",\"settle_via\":\"airwallex\",\"device\":{\"device_id\":\"70c46a9c-072e-4c45-b3e3-bf818d86dae8\",\"ip_address\":\"42.104.144.16\",\"host_name\":\"https:\\/\\/onehrstag.com\",\"cookies_accepted\":\"true\",\"http_browser_type\":\"firefox\",\"ip_network_address\":\"42.104.144.16\"},\"authentication_data\":{\"ds_data\":{\"retry_count_for_auth_decline\":0},\"fraud_data\":{\"action\":\"ACCEPT\",\"score\":\"30\"},\"avs_result\":\"U\",\"cvc_result\":\"Y\",\"cvc_code\":\"M\"}},\"created_at\":\"2023-01-27T17:43:18+0000\",\"updated_at\":\"2023-01-27T17:43:53+0000\",\"client_secret\":\"eyJhbGciOiJIUzI1NiJ9.eyJpYXQiOjE2NzQ4NDE0MzMsImV4cCI6MTY3NDg0NTAzMywidHlwZSI6ImNsaWVudC1zZWNyZXQiLCJwYWRjIjoiSEsiLCJhY2NvdW50X2lkIjoiZGI3MTZjZDEtZGVhYS00YWUxLTg0NjYtNmQ3NDBkZmVmY2ZmIiwiaW50ZW50X2lkIjoiaW50X2hrZG00cjg5ZGdob2ppbGVnYXoiLCJidXNpbmVzc19uYW1lIjoiZGVtbyBDYXBhYmlsaXR5U29sdXRpb24ifQ.8rGy4R2NRpEJT5cBkiD745ifL2CN_StUwXOV5GZ_sjg\",\"base_amount\":100}','2023-01-27 12:13:53','2023-01-27 12:13:53'),(6,98,'int_hkdmcjzngghoufupb89','20230128001935802664',100,'USD','Merchant_Order_a7f9baf8-884a-4def-ba85-d1f9be83470a','Cathy Testing','SUCCEEDED','{\"id\":\"int_hkdmcjzngghoufupb89\",\"request_id\":\"20230128001935802664\",\"amount\":100,\"currency\":\"USD\",\"merchant_order_id\":\"Merchant_Order_a7f9baf8-884a-4def-ba85-d1f9be83470a\",\"descriptor\":\"Cathy Testing\",\"status\":\"SUCCEEDED\",\"captured_amount\":100,\"latest_payment_attempt\":{\"id\":\"att_hkdm4r89dghouguk8yr_fupb89\",\"amount\":100,\"currency\":\"USD\",\"payment_method\":{\"type\":\"card\",\"card\":{\"expiry_month\":\"08\",\"expiry_year\":\"2028\",\"name\":\"Testing by Sanil 28Jan2023\",\"bin\":\"40355010\",\"last4\":\"0008\",\"brand\":\"visa\",\"issuer_country_code\":\"US\",\"card_type\":\"DEBIT\",\"fingerprint\":\"FTZd09K9OAPutJpassrvqPgpY\\/c=\",\"cvc_check\":\"pass\",\"billing\":{\"first_name\":\"\",\"last_name\":\"\"},\"issuer_name\":\"SOCIETE GENERALE\",\"is_commercial\":false,\"number_type\":\"PAN\"},\"id\":\"mtd_hkdm6zcwgghougxqs5n\",\"status\":\"CREATED\",\"created_at\":\"2023-01-28T00:20:37+0000\",\"updated_at\":\"2023-01-28T00:20:37+0000\"},\"payment_intent_id\":\"int_hkdmcjzngghoufupb89\",\"status\":\"CAPTURE_REQUESTED\",\"provider_transaction_id\":\"994951744756_221341496414764\",\"provider_original_response_code\":\"00\",\"authorization_code\":\"871959\",\"captured_amount\":100,\"refunded_amount\":0,\"created_at\":\"2023-01-28T00:20:37+0000\",\"updated_at\":\"2023-01-28T00:20:42+0000\",\"settle_via\":\"airwallex\",\"device\":{\"device_id\":\"40eee59b-d1dc-49e7-8323-4765c0973454\",\"ip_address\":\"5.62.43.228\",\"host_name\":\"https:\\/\\/onehrstag.com\",\"cookies_accepted\":\"true\",\"http_browser_type\":\"chrome\",\"ip_network_address\":\"5.62.43.228\"},\"authentication_data\":{\"ds_data\":{\"retry_count_for_auth_decline\":0},\"fraud_data\":{\"action\":\"ACCEPT\",\"score\":\"30\"},\"avs_result\":\"U\",\"cvc_result\":\"Y\",\"cvc_code\":\"M\"}},\"created_at\":\"2023-01-28T00:19:37+0000\",\"updated_at\":\"2023-01-28T00:20:42+0000\",\"client_secret\":\"eyJhbGciOiJIUzI1NiJ9.eyJpYXQiOjE2NzQ4NjUyNDIsImV4cCI6MTY3NDg2ODg0MiwidHlwZSI6ImNsaWVudC1zZWNyZXQiLCJwYWRjIjoiSEsiLCJhY2NvdW50X2lkIjoiZGI3MTZjZDEtZGVhYS00YWUxLTg0NjYtNmQ3NDBkZmVmY2ZmIiwiaW50ZW50X2lkIjoiaW50X2hrZG1janpuZ2dob3VmdXBiODkiLCJidXNpbmVzc19uYW1lIjoiZGVtbyBDYXBhYmlsaXR5U29sdXRpb24ifQ.4qeZAPzirGQg2gv783McKz52vm_90D8SPoaKimjrrP0\",\"base_amount\":100}','2023-01-27 18:50:42','2023-01-27 18:50:42'),(7,100,'int_hkdmcjzngghoutrmq5z','20230128003337386807',100,'USD','Merchant_Order_a7f9baf8-884a-4def-ba85-d1f9be83470a','Cathy Testing','SUCCEEDED','{\"id\":\"int_hkdmcjzngghoutrmq5z\",\"request_id\":\"20230128003337386807\",\"amount\":100,\"currency\":\"USD\",\"merchant_order_id\":\"Merchant_Order_a7f9baf8-884a-4def-ba85-d1f9be83470a\",\"descriptor\":\"Cathy Testing\",\"status\":\"SUCCEEDED\",\"captured_amount\":100,\"latest_payment_attempt\":{\"id\":\"att_hkdmvr9zxghouug2nlg_trmq5z\",\"amount\":100,\"currency\":\"USD\",\"payment_method\":{\"type\":\"card\",\"card\":{\"expiry_month\":\"08\",\"expiry_year\":\"2027\",\"name\":\"Test by Sanil\",\"bin\":\"40355010\",\"last4\":\"0008\",\"brand\":\"visa\",\"issuer_country_code\":\"US\",\"card_type\":\"DEBIT\",\"fingerprint\":\"FTZd09K9OAPutJpassrvqPgpY\\/c=\",\"cvc_check\":\"pass\",\"billing\":{\"first_name\":\"\",\"last_name\":\"\"},\"issuer_name\":\"SOCIETE GENERALE\",\"is_commercial\":false,\"number_type\":\"PAN\"},\"id\":\"mtd_hkdmldwgpghouuj6c0z\",\"status\":\"CREATED\",\"created_at\":\"2023-01-28T00:34:19+0000\",\"updated_at\":\"2023-01-28T00:34:19+0000\"},\"payment_intent_id\":\"int_hkdmcjzngghoutrmq5z\",\"status\":\"CAPTURE_REQUESTED\",\"provider_transaction_id\":\"795518666648_776373319408320\",\"provider_original_response_code\":\"00\",\"authorization_code\":\"810331\",\"captured_amount\":100,\"refunded_amount\":0,\"created_at\":\"2023-01-28T00:34:19+0000\",\"updated_at\":\"2023-01-28T00:34:24+0000\",\"settle_via\":\"airwallex\",\"device\":{\"device_id\":\"65ec70b2-6d61-4df7-b158-39f58e2878dc\",\"ip_address\":\"5.62.43.228\",\"host_name\":\"https:\\/\\/onehrstag.com\",\"cookies_accepted\":\"true\",\"http_browser_type\":\"chrome\",\"ip_network_address\":\"5.62.43.228\"},\"authentication_data\":{\"ds_data\":{\"retry_count_for_auth_decline\":0},\"fraud_data\":{\"action\":\"ACCEPT\",\"score\":\"30\"},\"avs_result\":\"U\",\"cvc_result\":\"Y\",\"cvc_code\":\"M\"}},\"created_at\":\"2023-01-28T00:33:38+0000\",\"updated_at\":\"2023-01-28T00:34:24+0000\",\"client_secret\":\"eyJhbGciOiJIUzI1NiJ9.eyJpYXQiOjE2NzQ4NjYwNjQsImV4cCI6MTY3NDg2OTY2NCwidHlwZSI6ImNsaWVudC1zZWNyZXQiLCJwYWRjIjoiSEsiLCJhY2NvdW50X2lkIjoiZGI3MTZjZDEtZGVhYS00YWUxLTg0NjYtNmQ3NDBkZmVmY2ZmIiwiaW50ZW50X2lkIjoiaW50X2hrZG1janpuZ2dob3V0cm1xNXoiLCJidXNpbmVzc19uYW1lIjoiZGVtbyBDYXBhYmlsaXR5U29sdXRpb24ifQ.Zvf2mDVteVVStksTUHj3iGx7WJ5NOsWKeiimDjoS9Dc\",\"base_amount\":100}','2023-01-27 19:04:24','2023-01-27 19:04:24'),(8,101,'int_hkdmcjzngghowdzd4ox','20230128013016485557',100,'USD','Merchant_Order_a7f9baf8-884a-4def-ba85-d1f9be83470a','Cathy Testing','SUCCEEDED','{\"id\":\"int_hkdmcjzngghowdzd4ox\",\"request_id\":\"20230128013016485557\",\"amount\":100,\"currency\":\"USD\",\"merchant_order_id\":\"Merchant_Order_a7f9baf8-884a-4def-ba85-d1f9be83470a\",\"descriptor\":\"Cathy Testing\",\"status\":\"SUCCEEDED\",\"captured_amount\":100,\"latest_payment_attempt\":{\"id\":\"att_hkdmvr9zxghoweui890_dzd4ox\",\"amount\":100,\"currency\":\"USD\",\"payment_method\":{\"type\":\"card\",\"card\":{\"expiry_month\":\"09\",\"expiry_year\":\"2027\",\"name\":\"Testing\",\"bin\":\"40355010\",\"last4\":\"0008\",\"brand\":\"visa\",\"issuer_country_code\":\"US\",\"card_type\":\"DEBIT\",\"fingerprint\":\"FTZd09K9OAPutJpassrvqPgpY\\/c=\",\"cvc_check\":\"pass\",\"billing\":{\"first_name\":\"\",\"last_name\":\"\"},\"issuer_name\":\"SOCIETE GENERALE\",\"is_commercial\":false,\"number_type\":\"PAN\"},\"id\":\"mtd_hkdmldwgpghowexzk4s\",\"status\":\"CREATED\",\"created_at\":\"2023-01-28T01:31:09+0000\",\"updated_at\":\"2023-01-28T01:31:09+0000\"},\"payment_intent_id\":\"int_hkdmcjzngghowdzd4ox\",\"status\":\"CAPTURE_REQUESTED\",\"provider_transaction_id\":\"312151136730_549480218405273\",\"provider_original_response_code\":\"00\",\"authorization_code\":\"789331\",\"captured_amount\":100,\"refunded_amount\":0,\"created_at\":\"2023-01-28T01:31:09+0000\",\"updated_at\":\"2023-01-28T01:31:15+0000\",\"settle_via\":\"airwallex\",\"device\":{\"device_id\":\"63211185-d1b8-493d-940a-2e2d6b7243b0\",\"ip_address\":\"5.62.43.228\",\"host_name\":\"https:\\/\\/onehrstag.com\",\"cookies_accepted\":\"true\",\"http_browser_type\":\"chrome\",\"ip_network_address\":\"5.62.43.228\"},\"authentication_data\":{\"ds_data\":{\"retry_count_for_auth_decline\":0},\"fraud_data\":{\"action\":\"ACCEPT\",\"score\":\"30\"},\"avs_result\":\"U\",\"cvc_result\":\"Y\",\"cvc_code\":\"M\"}},\"created_at\":\"2023-01-28T01:30:17+0000\",\"updated_at\":\"2023-01-28T01:31:15+0000\",\"client_secret\":\"eyJhbGciOiJIUzI1NiJ9.eyJpYXQiOjE2NzQ4Njk0NzUsImV4cCI6MTY3NDg3MzA3NSwidHlwZSI6ImNsaWVudC1zZWNyZXQiLCJwYWRjIjoiSEsiLCJhY2NvdW50X2lkIjoiZGI3MTZjZDEtZGVhYS00YWUxLTg0NjYtNmQ3NDBkZmVmY2ZmIiwiaW50ZW50X2lkIjoiaW50X2hrZG1janpuZ2dob3dkemQ0b3giLCJidXNpbmVzc19uYW1lIjoiZGVtbyBDYXBhYmlsaXR5U29sdXRpb24ifQ.JGRgWsCJ742lTOJiGn5cX7GAfJK0R8TUkxFGH68rxaU\",\"base_amount\":100}','2023-01-27 20:01:15','2023-01-27 20:01:15'),(9,102,'int_hkdmcjzngghqb8fzzht','20230129081457205660',100,'USD','Merchant_Order_a7f9baf8-884a-4def-ba85-d1f9be83470a','Cathy Testing','SUCCEEDED','{\"id\":\"int_hkdmcjzngghqb8fzzht\",\"request_id\":\"20230129081457205660\",\"amount\":100,\"currency\":\"USD\",\"merchant_order_id\":\"Merchant_Order_a7f9baf8-884a-4def-ba85-d1f9be83470a\",\"descriptor\":\"Cathy Testing\",\"status\":\"SUCCEEDED\",\"captured_amount\":100,\"latest_payment_attempt\":{\"id\":\"att_hkdmcjzngghqb92v2o6_8fzzht\",\"amount\":100,\"currency\":\"USD\",\"payment_method\":{\"type\":\"card\",\"card\":{\"expiry_month\":\"05\",\"expiry_year\":\"2024\",\"name\":\"Test 2\",\"bin\":\"40355010\",\"last4\":\"0008\",\"brand\":\"visa\",\"issuer_country_code\":\"US\",\"card_type\":\"DEBIT\",\"fingerprint\":\"FTZd09K9OAPutJpassrvqPgpY\\/c=\",\"cvc_check\":\"pass\",\"billing\":{\"first_name\":\"\",\"last_name\":\"\"},\"issuer_name\":\"SOCIETE GENERALE\",\"is_commercial\":false,\"number_type\":\"PAN\"},\"id\":\"mtd_hkdm6zcwgghqb95pizn\",\"status\":\"CREATED\",\"created_at\":\"2023-01-29T08:15:36+0000\",\"updated_at\":\"2023-01-29T08:15:36+0000\"},\"payment_intent_id\":\"int_hkdmcjzngghqb8fzzht\",\"status\":\"CAPTURE_REQUESTED\",\"provider_transaction_id\":\"029010091860_304291298233098\",\"provider_original_response_code\":\"00\",\"authorization_code\":\"371855\",\"captured_amount\":100,\"refunded_amount\":0,\"created_at\":\"2023-01-29T08:15:36+0000\",\"updated_at\":\"2023-01-29T08:15:41+0000\",\"settle_via\":\"airwallex\",\"device\":{\"device_id\":\"9c132238-9e0c-4b9d-9ce9-d8a810e6beea\",\"ip_address\":\"111.92.116.94\",\"host_name\":\"https:\\/\\/onehrstag.com\",\"cookies_accepted\":\"true\",\"http_browser_type\":\"chrome\",\"ip_network_address\":\"111.92.116.94\"},\"authentication_data\":{\"ds_data\":{\"retry_count_for_auth_decline\":0},\"fraud_data\":{\"action\":\"ACCEPT\",\"score\":\"30\"},\"avs_result\":\"U\",\"cvc_result\":\"Y\",\"cvc_code\":\"M\"}},\"created_at\":\"2023-01-29T08:14:58+0000\",\"updated_at\":\"2023-01-29T08:15:41+0000\",\"client_secret\":\"eyJhbGciOiJIUzI1NiJ9.eyJpYXQiOjE2NzQ5ODAxNDEsImV4cCI6MTY3NDk4Mzc0MSwidHlwZSI6ImNsaWVudC1zZWNyZXQiLCJwYWRjIjoiSEsiLCJhY2NvdW50X2lkIjoiZGI3MTZjZDEtZGVhYS00YWUxLTg0NjYtNmQ3NDBkZmVmY2ZmIiwiaW50ZW50X2lkIjoiaW50X2hrZG1janpuZ2docWI4Znp6aHQiLCJidXNpbmVzc19uYW1lIjoiZGVtbyBDYXBhYmlsaXR5U29sdXRpb24ifQ.qNxSaiKxOVmjfFWj59gsHdy-a2g6SeShTcQf92vtJBk\",\"base_amount\":100}','2023-01-29 02:45:41','2023-01-29 02:45:41'),(10,103,'int_hkdmk2rg8ghu435afdx','20230201185956427127',100,'USD','Merchant_Order_a7f9baf8-884a-4def-ba85-d1f9be83470a','Cathy Testing','SUCCEEDED','{\"id\":\"int_hkdmk2rg8ghu435afdx\",\"request_id\":\"20230201185956427127\",\"amount\":100,\"currency\":\"USD\",\"merchant_order_id\":\"Merchant_Order_a7f9baf8-884a-4def-ba85-d1f9be83470a\",\"descriptor\":\"Cathy Testing\",\"status\":\"SUCCEEDED\",\"captured_amount\":100,\"latest_payment_attempt\":{\"id\":\"att_hkdmk2rg8ghu43gs6go_35afdx\",\"amount\":100,\"currency\":\"USD\",\"payment_method\":{\"type\":\"card\",\"card\":{\"expiry_month\":\"02\",\"expiry_year\":\"2033\",\"name\":\"NAME\",\"bin\":\"40355010\",\"last4\":\"0008\",\"brand\":\"visa\",\"issuer_country_code\":\"US\",\"card_type\":\"DEBIT\",\"fingerprint\":\"FTZd09K9OAPutJpassrvqPgpY\\/c=\",\"cvc_check\":\"pass\",\"billing\":{\"first_name\":\"\",\"last_name\":\"\"},\"issuer_name\":\"SOCIETE GENERALE\",\"is_commercial\":false,\"number_type\":\"PAN\"},\"id\":\"mtd_hkdmlsh76ghu43iyyq4\",\"status\":\"CREATED\",\"created_at\":\"2023-02-01T19:00:16+0000\",\"updated_at\":\"2023-02-01T19:00:16+0000\"},\"payment_intent_id\":\"int_hkdmk2rg8ghu435afdx\",\"status\":\"CAPTURE_REQUESTED\",\"provider_transaction_id\":\"596718908781_043954848555536\",\"provider_original_response_code\":\"00\",\"authorization_code\":\"540413\",\"captured_amount\":100,\"refunded_amount\":0,\"created_at\":\"2023-02-01T19:00:16+0000\",\"updated_at\":\"2023-02-01T19:00:20+0000\",\"settle_via\":\"airwallex\",\"device\":{\"device_id\":\"846c0b21-d156-47d2-b34c-7281dcc82c42\",\"ip_address\":\"49.15.138.15\",\"host_name\":\"https:\\/\\/onehrstag.com\",\"cookies_accepted\":\"true\",\"http_browser_type\":\"firefox\",\"ip_network_address\":\"49.15.138.15\"},\"authentication_data\":{\"ds_data\":{\"retry_count_for_auth_decline\":0},\"fraud_data\":{\"action\":\"ACCEPT\",\"score\":\"26\"},\"avs_result\":\"U\",\"cvc_result\":\"Y\",\"cvc_code\":\"M\"}},\"created_at\":\"2023-02-01T18:59:57+0000\",\"updated_at\":\"2023-02-01T19:00:20+0000\",\"client_secret\":\"eyJhbGciOiJIUzI1NiJ9.eyJpYXQiOjE2NzUyNzgwMjAsImV4cCI6MTY3NTI4MTYyMCwidHlwZSI6ImNsaWVudC1zZWNyZXQiLCJwYWRjIjoiSEsiLCJhY2NvdW50X2lkIjoiZGI3MTZjZDEtZGVhYS00YWUxLTg0NjYtNmQ3NDBkZmVmY2ZmIiwiaW50ZW50X2lkIjoiaW50X2hrZG1rMnJnOGdodTQzNWFmZHgiLCJidXNpbmVzc19uYW1lIjoiZGVtbyBDYXBhYmlsaXR5U29sdXRpb24ifQ.xAZxVZvjusVWSr86hIkm3eFsCT4AgStl1mMG6tZrhVA\",\"base_amount\":100}','2023-02-01 13:30:20','2023-02-01 13:30:20'),(11,104,'int_hkdmnxc6dgi22dzojk5','20230209000651337295',100,'USD','Merchant_Order_a7f9baf8-884a-4def-ba85-d1f9be83470a','Cathy Testing','SUCCEEDED','{\"id\":\"int_hkdmnxc6dgi22dzojk5\",\"request_id\":\"20230209000651337295\",\"amount\":100,\"currency\":\"USD\",\"merchant_order_id\":\"Merchant_Order_a7f9baf8-884a-4def-ba85-d1f9be83470a\",\"descriptor\":\"Cathy Testing\",\"status\":\"SUCCEEDED\",\"captured_amount\":100,\"latest_payment_attempt\":{\"id\":\"att_hkdmlgwbggi22h8i6cl_dzojk5\",\"amount\":100,\"currency\":\"USD\",\"payment_method\":{\"type\":\"card\",\"card\":{\"expiry_month\":\"09\",\"expiry_year\":\"2026\",\"name\":\"SANIL KUMAR\",\"bin\":\"40355010\",\"last4\":\"0008\",\"brand\":\"visa\",\"issuer_country_code\":\"US\",\"card_type\":\"DEBIT\",\"fingerprint\":\"FTZd09K9OAPutJpassrvqPgpY\\/c=\",\"cvc_check\":\"pass\",\"billing\":{\"first_name\":\"\",\"last_name\":\"\"},\"issuer_name\":\"SOCIETE GENERALE\",\"is_commercial\":false,\"number_type\":\"PAN\"},\"id\":\"mtd_hkdmd527lgi22hbcc5o\",\"status\":\"CREATED\",\"created_at\":\"2023-02-09T00:10:09+0000\",\"updated_at\":\"2023-02-09T00:10:09+0000\"},\"payment_intent_id\":\"int_hkdmnxc6dgi22dzojk5\",\"status\":\"CAPTURE_REQUESTED\",\"provider_transaction_id\":\"623083896650_812105894418396\",\"provider_original_response_code\":\"00\",\"authorization_code\":\"681281\",\"captured_amount\":100,\"refunded_amount\":0,\"created_at\":\"2023-02-09T00:10:09+0000\",\"updated_at\":\"2023-02-09T00:10:13+0000\",\"settle_via\":\"airwallex\",\"device\":{\"device_id\":\"6009e425-c2bc-43df-a26a-9b4b12bf2a61\",\"ip_address\":\"156.146.35.172\",\"host_name\":\"https:\\/\\/onehrstag.com\",\"cookies_accepted\":\"true\",\"http_browser_type\":\"chrome\",\"ip_network_address\":\"156.146.35.172\"},\"authentication_data\":{\"ds_data\":{\"retry_count_for_auth_decline\":0},\"fraud_data\":{\"action\":\"ACCEPT\",\"score\":\"22\"},\"avs_result\":\"U\",\"cvc_result\":\"Y\",\"cvc_code\":\"M\"}},\"created_at\":\"2023-02-09T00:06:52+0000\",\"updated_at\":\"2023-02-09T00:10:13+0000\",\"client_secret\":\"eyJhbGciOiJIUzI1NiJ9.eyJpYXQiOjE2NzU5MDE0MTMsImV4cCI6MTY3NTkwNTAxMywidHlwZSI6ImNsaWVudC1zZWNyZXQiLCJwYWRjIjoiSEsiLCJhY2NvdW50X2lkIjoiZGI3MTZjZDEtZGVhYS00YWUxLTg0NjYtNmQ3NDBkZmVmY2ZmIiwiaW50ZW50X2lkIjoiaW50X2hrZG1ueGM2ZGdpMjJkem9qazUiLCJidXNpbmVzc19uYW1lIjoiZGVtbyBDYXBhYmlsaXR5U29sdXRpb24ifQ.Pf1h10rkYi2lXxwM6Xeaqr68_2vbrv3Vfjn_SbUUm2U\",\"base_amount\":100}','2023-02-08 18:40:14','2023-02-08 18:40:14'),(12,106,'int_hkdmlgwbggi22vbbt0n','20230209002419374213',100,'USD','Merchant_Order_a7f9baf8-884a-4def-ba85-d1f9be83470a','Cathy Testing','SUCCEEDED','{\"id\":\"int_hkdmlgwbggi22vbbt0n\",\"request_id\":\"20230209002419374213\",\"amount\":100,\"currency\":\"USD\",\"merchant_order_id\":\"Merchant_Order_a7f9baf8-884a-4def-ba85-d1f9be83470a\",\"descriptor\":\"Cathy Testing\",\"status\":\"SUCCEEDED\",\"captured_amount\":100,\"latest_payment_attempt\":{\"id\":\"att_hkdmqcpjwgi22vpoqz1_vbbt0n\",\"amount\":100,\"currency\":\"USD\",\"payment_method\":{\"type\":\"card\",\"card\":{\"expiry_month\":\"08\",\"expiry_year\":\"2027\",\"name\":\"SANIL\",\"bin\":\"40355010\",\"last4\":\"0008\",\"brand\":\"visa\",\"issuer_country_code\":\"US\",\"card_type\":\"DEBIT\",\"fingerprint\":\"FTZd09K9OAPutJpassrvqPgpY\\/c=\",\"cvc_check\":\"pass\",\"billing\":{\"first_name\":\"\",\"last_name\":\"\"},\"issuer_name\":\"SOCIETE GENERALE\",\"is_commercial\":false,\"number_type\":\"PAN\"},\"id\":\"mtd_hkdm25m9qgi22vs96tf\",\"status\":\"CREATED\",\"created_at\":\"2023-02-09T00:24:44+0000\",\"updated_at\":\"2023-02-09T00:24:44+0000\"},\"payment_intent_id\":\"int_hkdmlgwbggi22vbbt0n\",\"status\":\"CAPTURE_REQUESTED\",\"provider_transaction_id\":\"569103899340_311553633198882\",\"provider_original_response_code\":\"00\",\"authorization_code\":\"884743\",\"captured_amount\":100,\"refunded_amount\":0,\"created_at\":\"2023-02-09T00:24:44+0000\",\"updated_at\":\"2023-02-09T00:24:48+0000\",\"settle_via\":\"airwallex\",\"device\":{\"device_id\":\"a0f87922-f514-4a93-acf1-ff0578c2111d\",\"ip_address\":\"156.146.35.172\",\"host_name\":\"https:\\/\\/onehrstag.com\",\"cookies_accepted\":\"true\",\"http_browser_type\":\"chrome\",\"ip_network_address\":\"156.146.35.172\"},\"authentication_data\":{\"ds_data\":{\"retry_count_for_auth_decline\":0},\"fraud_data\":{\"action\":\"ACCEPT\",\"score\":\"22\"},\"avs_result\":\"U\",\"cvc_result\":\"Y\",\"cvc_code\":\"M\"}},\"created_at\":\"2023-02-09T00:24:20+0000\",\"updated_at\":\"2023-02-09T00:24:48+0000\",\"client_secret\":\"eyJhbGciOiJIUzI1NiJ9.eyJpYXQiOjE2NzU5MDIyODgsImV4cCI6MTY3NTkwNTg4OCwidHlwZSI6ImNsaWVudC1zZWNyZXQiLCJwYWRjIjoiSEsiLCJhY2NvdW50X2lkIjoiZGI3MTZjZDEtZGVhYS00YWUxLTg0NjYtNmQ3NDBkZmVmY2ZmIiwiaW50ZW50X2lkIjoiaW50X2hrZG1sZ3diZ2dpMjJ2YmJ0MG4iLCJidXNpbmVzc19uYW1lIjoiZGVtbyBDYXBhYmlsaXR5U29sdXRpb24ifQ.qpmhxuwGYAwnB8WJfPKkHVkeB2kfeYaCteg5_QH4yQk\",\"base_amount\":100}','2023-02-08 18:54:49','2023-02-08 18:54:49'),(13,107,'int_hkdmqcpjwgi22zw9ylf','20230209002856609187',100,'USD','Merchant_Order_a7f9baf8-884a-4def-ba85-d1f9be83470a','Cathy Testing','SUCCEEDED','{\"id\":\"int_hkdmqcpjwgi22zw9ylf\",\"request_id\":\"20230209002856609187\",\"amount\":100,\"currency\":\"USD\",\"merchant_order_id\":\"Merchant_Order_a7f9baf8-884a-4def-ba85-d1f9be83470a\",\"descriptor\":\"Cathy Testing\",\"status\":\"SUCCEEDED\",\"captured_amount\":100,\"latest_payment_attempt\":{\"id\":\"att_hkdmlgwbggi230bw7q8_zw9ylf\",\"amount\":100,\"currency\":\"USD\",\"payment_method\":{\"type\":\"card\",\"card\":{\"expiry_month\":\"07\",\"expiry_year\":\"2025\",\"name\":\"SANIL\",\"bin\":\"40355010\",\"last4\":\"0008\",\"brand\":\"visa\",\"issuer_country_code\":\"US\",\"card_type\":\"DEBIT\",\"fingerprint\":\"FTZd09K9OAPutJpassrvqPgpY\\/c=\",\"cvc_check\":\"pass\",\"billing\":{\"first_name\":\"\",\"last_name\":\"\"},\"issuer_name\":\"SOCIETE GENERALE\",\"is_commercial\":false,\"number_type\":\"PAN\"},\"id\":\"mtd_hkdmd527lgi230ec1zc\",\"status\":\"CREATED\",\"created_at\":\"2023-02-09T00:29:23+0000\",\"updated_at\":\"2023-02-09T00:29:23+0000\"},\"payment_intent_id\":\"int_hkdmqcpjwgi22zw9ylf\",\"status\":\"CAPTURE_REQUESTED\",\"provider_transaction_id\":\"044586925789_210508007387298\",\"provider_original_response_code\":\"00\",\"authorization_code\":\"348067\",\"captured_amount\":100,\"refunded_amount\":0,\"created_at\":\"2023-02-09T00:29:23+0000\",\"updated_at\":\"2023-02-09T00:29:27+0000\",\"settle_via\":\"airwallex\",\"device\":{\"device_id\":\"03f09a2e-3ca2-488d-a4da-efe86b01fbd5\",\"ip_address\":\"156.146.35.172\",\"host_name\":\"https:\\/\\/onehrstag.com\",\"cookies_accepted\":\"true\",\"http_browser_type\":\"chrome\",\"ip_network_address\":\"156.146.35.172\"},\"authentication_data\":{\"ds_data\":{\"retry_count_for_auth_decline\":0},\"fraud_data\":{\"action\":\"ACCEPT\",\"score\":\"22\"},\"avs_result\":\"U\",\"cvc_result\":\"Y\",\"cvc_code\":\"M\"}},\"created_at\":\"2023-02-09T00:28:57+0000\",\"updated_at\":\"2023-02-09T00:29:27+0000\",\"client_secret\":\"eyJhbGciOiJIUzI1NiJ9.eyJpYXQiOjE2NzU5MDI1NjcsImV4cCI6MTY3NTkwNjE2NywidHlwZSI6ImNsaWVudC1zZWNyZXQiLCJwYWRjIjoiSEsiLCJhY2NvdW50X2lkIjoiZGI3MTZjZDEtZGVhYS00YWUxLTg0NjYtNmQ3NDBkZmVmY2ZmIiwiaW50ZW50X2lkIjoiaW50X2hrZG1xY3Bqd2dpMjJ6dzl5bGYiLCJidXNpbmVzc19uYW1lIjoiZGVtbyBDYXBhYmlsaXR5U29sdXRpb24ifQ.xyX5FZThuYtoMkHVQcbFUo1q6Y4dxqV7MWMPKZ-Jp-c\",\"base_amount\":100}','2023-02-08 18:59:27','2023-02-08 18:59:27'),(14,108,'int_hkdmlgwbggi232z2z5x','20230209003202541229',100,'USD','Merchant_Order_a7f9baf8-884a-4def-ba85-d1f9be83470a','Cathy Testing','SUCCEEDED','{\"id\":\"int_hkdmlgwbggi232z2z5x\",\"request_id\":\"20230209003202541229\",\"amount\":100,\"currency\":\"USD\",\"merchant_order_id\":\"Merchant_Order_a7f9baf8-884a-4def-ba85-d1f9be83470a\",\"descriptor\":\"Cathy Testing\",\"status\":\"SUCCEEDED\",\"captured_amount\":100,\"latest_payment_attempt\":{\"id\":\"att_hkdmqcpjwgi233f1if4_2z2z5x\",\"amount\":100,\"currency\":\"USD\",\"payment_method\":{\"type\":\"card\",\"card\":{\"expiry_month\":\"04\",\"expiry_year\":\"2025\",\"name\":\"SANIL\",\"bin\":\"40355010\",\"last4\":\"0008\",\"brand\":\"visa\",\"issuer_country_code\":\"US\",\"card_type\":\"DEBIT\",\"fingerprint\":\"FTZd09K9OAPutJpassrvqPgpY\\/c=\",\"cvc_check\":\"pass\",\"billing\":{\"first_name\":\"\",\"last_name\":\"\"},\"issuer_name\":\"SOCIETE GENERALE\",\"is_commercial\":false,\"number_type\":\"PAN\"},\"id\":\"mtd_hkdm25m9qgi233hqaui\",\"status\":\"CREATED\",\"created_at\":\"2023-02-09T00:32:30+0000\",\"updated_at\":\"2023-02-09T00:32:30+0000\"},\"payment_intent_id\":\"int_hkdmlgwbggi232z2z5x\",\"status\":\"CAPTURE_REQUESTED\",\"provider_transaction_id\":\"325413125425_205945707302550\",\"provider_original_response_code\":\"00\",\"authorization_code\":\"338622\",\"captured_amount\":100,\"refunded_amount\":0,\"created_at\":\"2023-02-09T00:32:30+0000\",\"updated_at\":\"2023-02-09T00:32:34+0000\",\"settle_via\":\"airwallex\",\"device\":{\"device_id\":\"4b65317c-e000-405b-9327-74619239974e\",\"ip_address\":\"156.146.35.172\",\"host_name\":\"https:\\/\\/onehrstag.com\",\"cookies_accepted\":\"true\",\"http_browser_type\":\"chrome\",\"ip_network_address\":\"156.146.35.172\"},\"authentication_data\":{\"ds_data\":{\"retry_count_for_auth_decline\":0},\"fraud_data\":{\"action\":\"ACCEPT\",\"score\":\"22\"},\"avs_result\":\"U\",\"cvc_result\":\"Y\",\"cvc_code\":\"M\"}},\"created_at\":\"2023-02-09T00:32:03+0000\",\"updated_at\":\"2023-02-09T00:32:34+0000\",\"client_secret\":\"eyJhbGciOiJIUzI1NiJ9.eyJpYXQiOjE2NzU5MDI3NTQsImV4cCI6MTY3NTkwNjM1NCwidHlwZSI6ImNsaWVudC1zZWNyZXQiLCJwYWRjIjoiSEsiLCJhY2NvdW50X2lkIjoiZGI3MTZjZDEtZGVhYS00YWUxLTg0NjYtNmQ3NDBkZmVmY2ZmIiwiaW50ZW50X2lkIjoiaW50X2hrZG1sZ3diZ2dpMjMyejJ6NXgiLCJidXNpbmVzc19uYW1lIjoiZGVtbyBDYXBhYmlsaXR5U29sdXRpb24ifQ.1q0_xViJrV0uNms68x5wHqVq_Lt2OhpvvyzJ-MHbknM\",\"base_amount\":100}','2023-02-08 19:02:35','2023-02-08 19:02:35'),(15,109,'int_hkdmnxc6dgi2a1aja60','20230209044418356250',100,'USD','Merchant_Order_a7f9baf8-884a-4def-ba85-d1f9be83470a','Cathy Testing','SUCCEEDED','{\"id\":\"int_hkdmnxc6dgi2a1aja60\",\"request_id\":\"20230209044418356250\",\"amount\":100,\"currency\":\"USD\",\"merchant_order_id\":\"Merchant_Order_a7f9baf8-884a-4def-ba85-d1f9be83470a\",\"descriptor\":\"Cathy Testing\",\"status\":\"SUCCEEDED\",\"captured_amount\":100,\"latest_payment_attempt\":{\"id\":\"att_hkdmqcpjwgi2a1qpfcs_1aja60\",\"amount\":100,\"currency\":\"USD\",\"payment_method\":{\"type\":\"card\",\"card\":{\"expiry_month\":\"04\",\"expiry_year\":\"2025\",\"name\":\"SANIL\",\"bin\":\"40355010\",\"last4\":\"0008\",\"brand\":\"visa\",\"issuer_country_code\":\"US\",\"card_type\":\"DEBIT\",\"fingerprint\":\"FTZd09K9OAPutJpassrvqPgpY\\/c=\",\"cvc_check\":\"pass\",\"billing\":{\"first_name\":\"\",\"last_name\":\"\"},\"issuer_name\":\"SOCIETE GENERALE\",\"is_commercial\":false,\"number_type\":\"PAN\"},\"id\":\"mtd_hkdmd527lgi2a1tcp8l\",\"status\":\"CREATED\",\"created_at\":\"2023-02-09T04:44:46+0000\",\"updated_at\":\"2023-02-09T04:44:46+0000\"},\"payment_intent_id\":\"int_hkdmnxc6dgi2a1aja60\",\"status\":\"CAPTURE_REQUESTED\",\"provider_transaction_id\":\"059298460632_817894037618725\",\"provider_original_response_code\":\"00\",\"authorization_code\":\"072074\",\"captured_amount\":100,\"refunded_amount\":0,\"created_at\":\"2023-02-09T04:44:46+0000\",\"updated_at\":\"2023-02-09T04:44:50+0000\",\"settle_via\":\"airwallex\",\"device\":{\"device_id\":\"04846bd0-78f6-4f0b-a10f-3060687f5339\",\"ip_address\":\"156.146.35.172\",\"host_name\":\"https:\\/\\/onehrstag.com\",\"cookies_accepted\":\"true\",\"http_browser_type\":\"chrome\",\"ip_network_address\":\"156.146.35.172\"},\"authentication_data\":{\"ds_data\":{\"retry_count_for_auth_decline\":0},\"fraud_data\":{\"action\":\"ACCEPT\",\"score\":\"22\"},\"avs_result\":\"U\",\"cvc_result\":\"Y\",\"cvc_code\":\"M\"}},\"created_at\":\"2023-02-09T04:44:19+0000\",\"updated_at\":\"2023-02-09T04:44:50+0000\",\"client_secret\":\"eyJhbGciOiJIUzI1NiJ9.eyJpYXQiOjE2NzU5MTc4OTAsImV4cCI6MTY3NTkyMTQ5MCwidHlwZSI6ImNsaWVudC1zZWNyZXQiLCJwYWRjIjoiSEsiLCJhY2NvdW50X2lkIjoiZGI3MTZjZDEtZGVhYS00YWUxLTg0NjYtNmQ3NDBkZmVmY2ZmIiwiaW50ZW50X2lkIjoiaW50X2hrZG1ueGM2ZGdpMmExYWphNjAiLCJidXNpbmVzc19uYW1lIjoiZGVtbyBDYXBhYmlsaXR5U29sdXRpb24ifQ.9wWlZGszXTgAEs4KuOfOPZau65hAE387dJC95d9FsBg\",\"base_amount\":100}','2023-02-08 23:14:51','2023-02-08 23:14:51'),(16,110,'int_hkdmnxc6dgi2a9wjh7n','20230209045259194514',100,'USD','Merchant_Order_a7f9baf8-884a-4def-ba85-d1f9be83470a','Cathy Testing','SUCCEEDED','{\"id\":\"int_hkdmnxc6dgi2a9wjh7n\",\"request_id\":\"20230209045259194514\",\"amount\":100,\"currency\":\"USD\",\"merchant_order_id\":\"Merchant_Order_a7f9baf8-884a-4def-ba85-d1f9be83470a\",\"descriptor\":\"Cathy Testing\",\"status\":\"SUCCEEDED\",\"captured_amount\":100,\"latest_payment_attempt\":{\"id\":\"att_hkdmnxc6dgi2aafuvxv_9wjh7n\",\"amount\":100,\"currency\":\"USD\",\"payment_method\":{\"type\":\"card\",\"card\":{\"expiry_month\":\"08\",\"expiry_year\":\"2027\",\"name\":\"SANIL\",\"bin\":\"40355010\",\"last4\":\"0008\",\"brand\":\"visa\",\"issuer_country_code\":\"US\",\"card_type\":\"DEBIT\",\"fingerprint\":\"FTZd09K9OAPutJpassrvqPgpY\\/c=\",\"cvc_check\":\"pass\",\"billing\":{\"first_name\":\"\",\"last_name\":\"\"},\"issuer_name\":\"SOCIETE GENERALE\",\"is_commercial\":false,\"number_type\":\"PAN\"},\"id\":\"mtd_hkdmd527lgi2aai9olc\",\"status\":\"CREATED\",\"created_at\":\"2023-02-09T04:53:32+0000\",\"updated_at\":\"2023-02-09T04:53:32+0000\"},\"payment_intent_id\":\"int_hkdmnxc6dgi2a9wjh7n\",\"status\":\"CAPTURE_REQUESTED\",\"provider_transaction_id\":\"880007169972_906060637307740\",\"provider_original_response_code\":\"00\",\"authorization_code\":\"803328\",\"captured_amount\":100,\"refunded_amount\":0,\"created_at\":\"2023-02-09T04:53:32+0000\",\"updated_at\":\"2023-02-09T04:53:36+0000\",\"settle_via\":\"airwallex\",\"device\":{\"device_id\":\"5ae5d291-138b-4cb0-82a6-f6f34c0b55aa\",\"ip_address\":\"156.146.35.172\",\"host_name\":\"https:\\/\\/onehrstag.com\",\"cookies_accepted\":\"true\",\"http_browser_type\":\"chrome\",\"ip_network_address\":\"156.146.35.172\"},\"authentication_data\":{\"ds_data\":{\"retry_count_for_auth_decline\":0},\"fraud_data\":{\"action\":\"ACCEPT\",\"score\":\"22\"},\"avs_result\":\"U\",\"cvc_result\":\"Y\",\"cvc_code\":\"M\"}},\"created_at\":\"2023-02-09T04:53:00+0000\",\"updated_at\":\"2023-02-09T04:53:36+0000\",\"client_secret\":\"eyJhbGciOiJIUzI1NiJ9.eyJpYXQiOjE2NzU5MTg0MTYsImV4cCI6MTY3NTkyMjAxNiwidHlwZSI6ImNsaWVudC1zZWNyZXQiLCJwYWRjIjoiSEsiLCJhY2NvdW50X2lkIjoiZGI3MTZjZDEtZGVhYS00YWUxLTg0NjYtNmQ3NDBkZmVmY2ZmIiwiaW50ZW50X2lkIjoiaW50X2hrZG1ueGM2ZGdpMmE5d2poN24iLCJidXNpbmVzc19uYW1lIjoiZGVtbyBDYXBhYmlsaXR5U29sdXRpb24ifQ.F5a-VPNAdLFMobotvgd2TIFj498lI1eiUnPwPTxTtHQ\",\"base_amount\":100}','2023-02-08 23:23:36','2023-02-08 23:23:36'),(17,111,'int_hkdmnxc6dgi2gisb01g','20230209083936620197',100,'USD','Merchant_Order_a7f9baf8-884a-4def-ba85-d1f9be83470a','Cathy Testing','SUCCEEDED','{\"id\":\"int_hkdmnxc6dgi2gisb01g\",\"request_id\":\"20230209083936620197\",\"amount\":100,\"currency\":\"USD\",\"merchant_order_id\":\"Merchant_Order_a7f9baf8-884a-4def-ba85-d1f9be83470a\",\"descriptor\":\"Cathy Testing\",\"status\":\"SUCCEEDED\",\"captured_amount\":100,\"latest_payment_attempt\":{\"id\":\"att_hkdmqcpjwgi2gjdlf73_isb01g\",\"amount\":100,\"currency\":\"USD\",\"payment_method\":{\"type\":\"card\",\"card\":{\"expiry_month\":\"09\",\"expiry_year\":\"2027\",\"name\":\"SANIL\",\"bin\":\"40355010\",\"last4\":\"0008\",\"brand\":\"visa\",\"issuer_country_code\":\"US\",\"card_type\":\"DEBIT\",\"fingerprint\":\"FTZd09K9OAPutJpassrvqPgpY\\/c=\",\"cvc_check\":\"pass\",\"billing\":{\"first_name\":\"\",\"last_name\":\"\"},\"issuer_name\":\"SOCIETE GENERALE\",\"is_commercial\":false,\"number_type\":\"PAN\"},\"id\":\"mtd_hkdmd527lgi2gjfvsfz\",\"status\":\"CREATED\",\"created_at\":\"2023-02-09T08:40:13+0000\",\"updated_at\":\"2023-02-09T08:40:13+0000\"},\"payment_intent_id\":\"int_hkdmnxc6dgi2gisb01g\",\"status\":\"CAPTURE_REQUESTED\",\"provider_transaction_id\":\"115061296853_012374805597735\",\"provider_original_response_code\":\"00\",\"authorization_code\":\"463366\",\"captured_amount\":100,\"refunded_amount\":0,\"created_at\":\"2023-02-09T08:40:13+0000\",\"updated_at\":\"2023-02-09T08:40:17+0000\",\"settle_via\":\"airwallex\",\"device\":{\"device_id\":\"1e561b3e-f371-43e0-9d9f-c7f47f0fb21d\",\"ip_address\":\"156.146.35.176\",\"host_name\":\"https:\\/\\/onehrstag.com\",\"cookies_accepted\":\"true\",\"http_browser_type\":\"chrome\",\"ip_network_address\":\"156.146.35.176\"},\"authentication_data\":{\"ds_data\":{\"retry_count_for_auth_decline\":0},\"fraud_data\":{\"action\":\"ACCEPT\",\"score\":\"22\"},\"avs_result\":\"U\",\"cvc_result\":\"Y\",\"cvc_code\":\"M\"}},\"created_at\":\"2023-02-09T08:39:37+0000\",\"updated_at\":\"2023-02-09T08:40:17+0000\",\"client_secret\":\"eyJhbGciOiJIUzI1NiJ9.eyJpYXQiOjE2NzU5MzIwMTcsImV4cCI6MTY3NTkzNTYxNywidHlwZSI6ImNsaWVudC1zZWNyZXQiLCJwYWRjIjoiSEsiLCJhY2NvdW50X2lkIjoiZGI3MTZjZDEtZGVhYS00YWUxLTg0NjYtNmQ3NDBkZmVmY2ZmIiwiaW50ZW50X2lkIjoiaW50X2hrZG1ueGM2ZGdpMmdpc2IwMWciLCJidXNpbmVzc19uYW1lIjoiZGVtbyBDYXBhYmlsaXR5U29sdXRpb24ifQ.91dwFCrSkKWvkPy3-SEWCy3o30b1im7YmbGqcOliciU\",\"base_amount\":100}','2023-02-09 03:10:17','2023-02-09 03:10:17'),(18,112,'int_hkdmjdzt7gi2if9l7e2','20230209094837468564',100,'USD','Merchant_Order_a7f9baf8-884a-4def-ba85-d1f9be83470a','Cathy Testing','SUCCEEDED','{\"id\":\"int_hkdmjdzt7gi2if9l7e2\",\"request_id\":\"20230209094837468564\",\"amount\":100,\"currency\":\"USD\",\"merchant_order_id\":\"Merchant_Order_a7f9baf8-884a-4def-ba85-d1f9be83470a\",\"descriptor\":\"Cathy Testing\",\"status\":\"SUCCEEDED\",\"captured_amount\":100,\"latest_payment_attempt\":{\"id\":\"att_hkdm8s7g5gi2ighxxms_f9l7e2\",\"amount\":100,\"currency\":\"USD\",\"payment_method\":{\"type\":\"card\",\"card\":{\"expiry_month\":\"08\",\"expiry_year\":\"2024\",\"name\":\"SANIL\",\"bin\":\"40355010\",\"last4\":\"0008\",\"brand\":\"visa\",\"issuer_country_code\":\"US\",\"card_type\":\"DEBIT\",\"fingerprint\":\"FTZd09K9OAPutJpassrvqPgpY\\/c=\",\"cvc_check\":\"pass\",\"billing\":{\"first_name\":\"\",\"last_name\":\"\"},\"issuer_name\":\"SOCIETE GENERALE\",\"is_commercial\":false,\"number_type\":\"PAN\"},\"id\":\"mtd_hkdms4kn5gi2igktc80\",\"status\":\"CREATED\",\"created_at\":\"2023-02-09T09:49:53+0000\",\"updated_at\":\"2023-02-09T09:49:53+0000\"},\"payment_intent_id\":\"int_hkdmjdzt7gi2if9l7e2\",\"status\":\"CAPTURE_REQUESTED\",\"provider_transaction_id\":\"597460272414_616056012832172\",\"provider_original_response_code\":\"00\",\"authorization_code\":\"347615\",\"captured_amount\":100,\"refunded_amount\":0,\"created_at\":\"2023-02-09T09:49:53+0000\",\"updated_at\":\"2023-02-09T09:49:57+0000\",\"settle_via\":\"airwallex\",\"device\":{\"device_id\":\"02ea7dfe-7422-42a3-a538-024837e570f5\",\"ip_address\":\"156.146.35.176\",\"host_name\":\"https:\\/\\/onehrstag.com\",\"cookies_accepted\":\"true\",\"http_browser_type\":\"chrome\",\"ip_network_address\":\"156.146.35.176\"},\"authentication_data\":{\"ds_data\":{\"retry_count_for_auth_decline\":0},\"fraud_data\":{\"action\":\"ACCEPT\",\"score\":\"22\"},\"avs_result\":\"U\",\"cvc_result\":\"Y\",\"cvc_code\":\"M\"}},\"created_at\":\"2023-02-09T09:48:38+0000\",\"updated_at\":\"2023-02-09T09:49:57+0000\",\"client_secret\":\"eyJhbGciOiJIUzI1NiJ9.eyJpYXQiOjE2NzU5MzYxOTcsImV4cCI6MTY3NTkzOTc5NywidHlwZSI6ImNsaWVudC1zZWNyZXQiLCJwYWRjIjoiSEsiLCJhY2NvdW50X2lkIjoiZGI3MTZjZDEtZGVhYS00YWUxLTg0NjYtNmQ3NDBkZmVmY2ZmIiwiaW50ZW50X2lkIjoiaW50X2hrZG1qZHp0N2dpMmlmOWw3ZTIiLCJidXNpbmVzc19uYW1lIjoiZGVtbyBDYXBhYmlsaXR5U29sdXRpb24ifQ.D1QJS0tFNX9HzmNDLkJdZlQMUcKaMxTZHDcL9cRp9v0\",\"base_amount\":100}','2023-02-09 04:19:58','2023-02-09 04:19:58'),(19,113,'int_hkdmv7pxfgi36i76teb','20230210002217383777',100,'USD','Merchant_Order_a7f9baf8-884a-4def-ba85-d1f9be83470a','Cathy Testing','SUCCEEDED','{\"id\":\"int_hkdmv7pxfgi36i76teb\",\"request_id\":\"20230210002217383777\",\"amount\":100,\"currency\":\"USD\",\"merchant_order_id\":\"Merchant_Order_a7f9baf8-884a-4def-ba85-d1f9be83470a\",\"descriptor\":\"Cathy Testing\",\"status\":\"SUCCEEDED\",\"captured_amount\":100,\"latest_payment_attempt\":{\"id\":\"att_hkdmjdzt7gi36islafq_i76teb\",\"amount\":100,\"currency\":\"USD\",\"payment_method\":{\"type\":\"card\",\"card\":{\"expiry_month\":\"09\",\"expiry_year\":\"2026\",\"name\":\"RICHARD\",\"bin\":\"40355010\",\"last4\":\"0008\",\"brand\":\"visa\",\"issuer_country_code\":\"US\",\"card_type\":\"DEBIT\",\"fingerprint\":\"FTZd09K9OAPutJpassrvqPgpY\\/c=\",\"cvc_check\":\"pass\",\"billing\":{\"first_name\":\"\",\"last_name\":\"\"},\"issuer_name\":\"SOCIETE GENERALE\",\"is_commercial\":false,\"number_type\":\"PAN\"},\"id\":\"mtd_hkdms4kn5gi36ivgw2p\",\"status\":\"CREATED\",\"created_at\":\"2023-02-10T00:22:54+0000\",\"updated_at\":\"2023-02-10T00:22:54+0000\"},\"payment_intent_id\":\"int_hkdmv7pxfgi36i76teb\",\"status\":\"CAPTURE_REQUESTED\",\"provider_transaction_id\":\"173179150976_480820293736198\",\"provider_original_response_code\":\"00\",\"authorization_code\":\"063869\",\"captured_amount\":100,\"refunded_amount\":0,\"created_at\":\"2023-02-10T00:22:54+0000\",\"updated_at\":\"2023-02-10T00:22:59+0000\",\"settle_via\":\"airwallex\",\"device\":{\"device_id\":\"95851a9a-7c39-4ed2-ba61-ee229b7647ca\",\"ip_address\":\"77.234.43.142\",\"host_name\":\"https:\\/\\/onehrstag.com\",\"cookies_accepted\":\"true\",\"http_browser_type\":\"chrome\",\"ip_network_address\":\"77.234.43.142\"},\"authentication_data\":{\"ds_data\":{\"retry_count_for_auth_decline\":0},\"fraud_data\":{\"action\":\"ACCEPT\",\"score\":\"22\"},\"avs_result\":\"U\",\"cvc_result\":\"Y\",\"cvc_code\":\"M\"}},\"created_at\":\"2023-02-10T00:22:18+0000\",\"updated_at\":\"2023-02-10T00:22:59+0000\",\"client_secret\":\"eyJhbGciOiJIUzI1NiJ9.eyJpYXQiOjE2NzU5ODg1NzksImV4cCI6MTY3NTk5MjE3OSwidHlwZSI6ImNsaWVudC1zZWNyZXQiLCJwYWRjIjoiSEsiLCJhY2NvdW50X2lkIjoiZGI3MTZjZDEtZGVhYS00YWUxLTg0NjYtNmQ3NDBkZmVmY2ZmIiwiaW50ZW50X2lkIjoiaW50X2hrZG12N3B4ZmdpMzZpNzZ0ZWIiLCJidXNpbmVzc19uYW1lIjoiZGVtbyBDYXBhYmlsaXR5U29sdXRpb24ifQ.3e8tVPl9G9OheudBBOMgDTgSgPj47WwsH-1FM1Uyaes\",\"base_amount\":100}','2023-02-09 18:52:59','2023-02-09 18:52:59'),(20,114,'int_hkdmw7kv8gi3utf89e0','20230210150418782465',100,'USD','Merchant_Order_a7f9baf8-884a-4def-ba85-d1f9be83470a','Cathy Testing','SUCCEEDED','{\"id\":\"int_hkdmw7kv8gi3utf89e0\",\"request_id\":\"20230210150418782465\",\"amount\":100,\"currency\":\"USD\",\"merchant_order_id\":\"Merchant_Order_a7f9baf8-884a-4def-ba85-d1f9be83470a\",\"descriptor\":\"Cathy Testing\",\"status\":\"SUCCEEDED\",\"captured_amount\":100,\"latest_payment_attempt\":{\"id\":\"att_hkdm7pqwlgi3uufv3o6_tf89e0\",\"amount\":100,\"currency\":\"USD\",\"payment_method\":{\"type\":\"card\",\"card\":{\"expiry_month\":\"07\",\"expiry_year\":\"2028\",\"name\":\"SANIL NAIR\",\"bin\":\"40355010\",\"last4\":\"0008\",\"brand\":\"visa\",\"issuer_country_code\":\"US\",\"card_type\":\"DEBIT\",\"fingerprint\":\"FTZd09K9OAPutJpassrvqPgpY\\/c=\",\"cvc_check\":\"pass\",\"billing\":{\"first_name\":\"\",\"last_name\":\"\"},\"issuer_name\":\"SOCIETE GENERALE\",\"is_commercial\":false,\"number_type\":\"PAN\"},\"id\":\"mtd_hkdmj8hwfgi3uuixdnj\",\"status\":\"CREATED\",\"created_at\":\"2023-02-10T15:05:21+0000\",\"updated_at\":\"2023-02-10T15:05:21+0000\"},\"payment_intent_id\":\"int_hkdmw7kv8gi3utf89e0\",\"status\":\"CAPTURE_REQUESTED\",\"provider_transaction_id\":\"165330074536_699488372909882\",\"provider_original_response_code\":\"00\",\"authorization_code\":\"702495\",\"captured_amount\":100,\"refunded_amount\":0,\"created_at\":\"2023-02-10T15:05:21+0000\",\"updated_at\":\"2023-02-10T15:05:26+0000\",\"settle_via\":\"airwallex\",\"device\":{\"device_id\":\"8b153608-d5e0-48ce-8d11-fade27037260\",\"ip_address\":\"185.102.219.217\",\"host_name\":\"https:\\/\\/onehrstag.com\",\"cookies_accepted\":\"true\",\"http_browser_type\":\"chrome\",\"ip_network_address\":\"185.102.219.217\"},\"authentication_data\":{\"ds_data\":{\"retry_count_for_auth_decline\":0},\"fraud_data\":{\"action\":\"ACCEPT\",\"score\":\"22\"},\"avs_result\":\"U\",\"cvc_result\":\"Y\",\"cvc_code\":\"M\"}},\"created_at\":\"2023-02-10T15:04:20+0000\",\"updated_at\":\"2023-02-10T15:05:26+0000\",\"client_secret\":\"eyJhbGciOiJIUzI1NiJ9.eyJpYXQiOjE2NzYwNDE1MjYsImV4cCI6MTY3NjA0NTEyNiwidHlwZSI6ImNsaWVudC1zZWNyZXQiLCJwYWRjIjoiSEsiLCJhY2NvdW50X2lkIjoiZGI3MTZjZDEtZGVhYS00YWUxLTg0NjYtNmQ3NDBkZmVmY2ZmIiwiaW50ZW50X2lkIjoiaW50X2hrZG13N2t2OGdpM3V0Zjg5ZTAiLCJidXNpbmVzc19uYW1lIjoiZGVtbyBDYXBhYmlsaXR5U29sdXRpb24ifQ.YKUA0QruxrFIY_tetESyhbA6ochGuFpQmFS1czHSl9U\",\"base_amount\":100}','2023-02-10 09:35:26','2023-02-10 09:35:26'),(21,115,'int_hkdmm84dfgi9s93k5cj','20230216000741042049',100,'USD','Merchant_Order_a7f9baf8-884a-4def-ba85-d1f9be83470a','Cathy Testing','SUCCEEDED','{\"id\":\"int_hkdmm84dfgi9s93k5cj\",\"request_id\":\"20230216000741042049\",\"amount\":100,\"currency\":\"USD\",\"merchant_order_id\":\"Merchant_Order_a7f9baf8-884a-4def-ba85-d1f9be83470a\",\"descriptor\":\"Cathy Testing\",\"status\":\"SUCCEEDED\",\"captured_amount\":100,\"latest_payment_attempt\":{\"id\":\"att_hkdmd55clgi9s9l0swt_93k5cj\",\"amount\":100,\"currency\":\"USD\",\"payment_method\":{\"type\":\"card\",\"card\":{\"expiry_month\":\"05\",\"expiry_year\":\"2025\",\"name\":\"SANIL\",\"bin\":\"40355010\",\"last4\":\"0008\",\"brand\":\"visa\",\"issuer_country_code\":\"US\",\"card_type\":\"DEBIT\",\"fingerprint\":\"FTZd09K9OAPutJpassrvqPgpY\\/c=\",\"cvc_check\":\"pass\",\"billing\":{\"first_name\":\"\",\"last_name\":\"\"},\"issuer_name\":\"SOCIETE GENERALE\",\"is_commercial\":false,\"number_type\":\"PAN\"},\"id\":\"mtd_hkdmf5kddgi9s9nmauk\",\"status\":\"CREATED\",\"created_at\":\"2023-02-16T00:08:11+0000\",\"updated_at\":\"2023-02-16T00:08:11+0000\"},\"payment_intent_id\":\"int_hkdmm84dfgi9s93k5cj\",\"status\":\"CAPTURE_REQUESTED\",\"provider_transaction_id\":\"429947684345_926018446849437\",\"provider_original_response_code\":\"00\",\"authorization_code\":\"134204\",\"captured_amount\":100,\"refunded_amount\":0,\"created_at\":\"2023-02-16T00:08:11+0000\",\"updated_at\":\"2023-02-16T00:08:16+0000\",\"settle_via\":\"airwallex\",\"device\":{\"device_id\":\"41bf544a-7ba9-430d-99c4-5168160ca1b8\",\"ip_address\":\"116.68.99.12\",\"host_name\":\"https:\\/\\/onehrstag.com\",\"cookies_accepted\":\"true\",\"http_browser_type\":\"chrome\",\"ip_network_address\":\"116.68.99.12\"},\"authentication_data\":{\"ds_data\":{\"retry_count_for_auth_decline\":0},\"fraud_data\":{\"action\":\"ACCEPT\",\"score\":\"20\"},\"avs_result\":\"U\",\"cvc_result\":\"Y\",\"cvc_code\":\"M\"}},\"created_at\":\"2023-02-16T00:07:42+0000\",\"updated_at\":\"2023-02-16T00:08:16+0000\",\"client_secret\":\"eyJhbGciOiJIUzI1NiJ9.eyJpYXQiOjE2NzY1MDYwOTYsImV4cCI6MTY3NjUwOTY5NiwidHlwZSI6ImNsaWVudC1zZWNyZXQiLCJwYWRjIjoiSEsiLCJhY2NvdW50X2lkIjoiZGI3MTZjZDEtZGVhYS00YWUxLTg0NjYtNmQ3NDBkZmVmY2ZmIiwiaW50ZW50X2lkIjoiaW50X2hrZG1tODRkZmdpOXM5M2s1Y2oiLCJidXNpbmVzc19uYW1lIjoiZGVtbyBDYXBhYmlsaXR5U29sdXRpb24ifQ.LwKFbuU3nxFJorj_ssX7XttClt0bbJwvOuzbhaqbwn0\",\"base_amount\":100}','2023-02-15 18:38:16','2023-02-15 18:38:16'),(22,116,'int_hkdmz89w2giza3kc6jb','20230311030653130406',100,'USD','Merchant_Order_a7f9baf8-884a-4def-ba85-d1f9be83470a','Cathy Testing','SUCCEEDED','{\"id\":\"int_hkdmz89w2giza3kc6jb\",\"request_id\":\"20230311030653130406\",\"amount\":100,\"currency\":\"USD\",\"merchant_order_id\":\"Merchant_Order_a7f9baf8-884a-4def-ba85-d1f9be83470a\",\"descriptor\":\"Cathy Testing\",\"status\":\"SUCCEEDED\",\"captured_amount\":100,\"latest_payment_attempt\":{\"id\":\"att_hkdmz89w2giza51xhsd_3kc6jb\",\"amount\":100,\"currency\":\"USD\",\"payment_method\":{\"type\":\"card\",\"card\":{\"expiry_month\":\"09\",\"expiry_year\":\"2024\",\"name\":\"TEST\",\"bin\":\"40355010\",\"last4\":\"0008\",\"brand\":\"visa\",\"issuer_country_code\":\"US\",\"card_type\":\"DEBIT\",\"fingerprint\":\"FTZd09K9OAPutJpassrvqPgpY\\/c=\",\"cvc_check\":\"pass\",\"billing\":{\"first_name\":\"\",\"last_name\":\"\"},\"issuer_name\":\"SOCIETE GENERALE\",\"is_commercial\":false,\"number_type\":\"PAN\"},\"id\":\"mtd_hkdm4jkx2giza551gq7\",\"status\":\"CREATED\",\"created_at\":\"2023-03-11T03:08:24+0000\",\"updated_at\":\"2023-03-11T03:08:24+0000\"},\"payment_intent_id\":\"int_hkdmz89w2giza3kc6jb\",\"status\":\"CAPTURE_REQUESTED\",\"provider_transaction_id\":\"062929166675_578468659755226\",\"provider_original_response_code\":\"00\",\"authorization_code\":\"325053\",\"captured_amount\":100,\"refunded_amount\":0,\"created_at\":\"2023-03-11T03:08:24+0000\",\"updated_at\":\"2023-03-11T03:08:29+0000\",\"settle_via\":\"airwallex\",\"device\":{\"device_id\":\"a96f0e75-4c5f-4b14-8e08-4f5c5c767698\",\"ip_address\":\"111.92.75.88\",\"host_name\":\"https:\\/\\/onehrstag.com\",\"cookies_accepted\":\"true\",\"http_browser_type\":\"chrome\",\"ip_network_address\":\"111.92.75.88\"},\"authentication_data\":{\"ds_data\":{\"retry_count_for_auth_decline\":0},\"fraud_data\":{\"action\":\"ACCEPT\",\"score\":\"19\"},\"avs_result\":\"U\",\"cvc_result\":\"Y\",\"cvc_code\":\"M\"}},\"created_at\":\"2023-03-11T03:06:54+0000\",\"updated_at\":\"2023-03-11T03:08:29+0000\",\"client_secret\":\"eyJhbGciOiJIUzI1NiJ9.eyJpYXQiOjE2Nzg1MDQxMDksImV4cCI6MTY3ODUwNzcwOSwidHlwZSI6ImNsaWVudC1zZWNyZXQiLCJwYWRjIjoiSEsiLCJhY2NvdW50X2lkIjoiZGI3MTZjZDEtZGVhYS00YWUxLTg0NjYtNmQ3NDBkZmVmY2ZmIiwiaW50ZW50X2lkIjoiaW50X2hrZG16ODl3MmdpemEza2M2amIiLCJidXNpbmVzc19uYW1lIjoiZGVtbyBDYXBhYmlsaXR5U29sdXRpb24ifQ.sN3UaKD6DNJV7L0L-17H5J7oXv0D45zm1n2Ku9f9A8c\",\"base_amount\":100}','2023-03-10 21:38:29','2023-03-10 21:38:29'),(23,117,'int_hkdmmf5qwgja5dkc48z','20230320234218913508',100,'USD','Merchant_Order_a7f9baf8-884a-4def-ba85-d1f9be83470a','Cathy Testing','SUCCEEDED','{\"id\":\"int_hkdmmf5qwgja5dkc48z\",\"request_id\":\"20230320234218913508\",\"amount\":100,\"currency\":\"USD\",\"merchant_order_id\":\"Merchant_Order_a7f9baf8-884a-4def-ba85-d1f9be83470a\",\"descriptor\":\"Cathy Testing\",\"status\":\"SUCCEEDED\",\"captured_amount\":100,\"latest_payment_attempt\":{\"id\":\"att_hkdmmf5qwgja5f4s84b_dkc48z\",\"amount\":100,\"currency\":\"USD\",\"payment_method\":{\"type\":\"card\",\"card\":{\"expiry_month\":\"09\",\"expiry_year\":\"2025\",\"name\":\"Test\",\"bin\":\"40355010\",\"last4\":\"0008\",\"brand\":\"visa\",\"issuer_country_code\":\"US\",\"card_type\":\"DEBIT\",\"fingerprint\":\"FTZd09K9OAPutJpassrvqPgpY\\/c=\",\"cvc_check\":\"pass\",\"billing\":{\"first_name\":\"\",\"last_name\":\"\"},\"issuer_name\":\"SOCIETE GENERALE\",\"is_commercial\":false,\"number_type\":\"PAN\"},\"id\":\"mtd_hkdmm9qthgja5f7ewqi\",\"status\":\"CREATED\",\"created_at\":\"2023-03-20T23:43:55+0000\",\"updated_at\":\"2023-03-20T23:43:55+0000\"},\"payment_intent_id\":\"int_hkdmmf5qwgja5dkc48z\",\"status\":\"CAPTURE_REQUESTED\",\"provider_transaction_id\":\"674193121947_873282944477687\",\"provider_original_response_code\":\"00\",\"authorization_code\":\"739277\",\"captured_amount\":100,\"refunded_amount\":0,\"created_at\":\"2023-03-20T23:43:55+0000\",\"updated_at\":\"2023-03-20T23:43:59+0000\",\"settle_via\":\"airwallex\",\"device\":{\"device_id\":\"c61fa13e-095f-4541-a6b1-de15d2157cda\",\"ip_address\":\"111.92.80.37\",\"host_name\":\"https:\\/\\/onehrstag.com\",\"cookies_accepted\":\"true\",\"http_browser_type\":\"chrome\",\"ip_network_address\":\"111.92.80.37\"},\"authentication_data\":{\"ds_data\":{\"retry_count_for_auth_decline\":0},\"fraud_data\":{\"action\":\"ACCEPT\",\"score\":\"20\"},\"avs_result\":\"U\",\"cvc_result\":\"Y\",\"cvc_code\":\"M\"}},\"created_at\":\"2023-03-20T23:42:20+0000\",\"updated_at\":\"2023-03-20T23:43:59+0000\",\"client_secret\":\"eyJhbGciOiJIUzI1NiJ9.eyJpYXQiOjE2NzkzNTU4MzksImV4cCI6MTY3OTM1OTQzOSwidHlwZSI6ImNsaWVudC1zZWNyZXQiLCJwYWRjIjoiSEsiLCJhY2NvdW50X2lkIjoiZGI3MTZjZDEtZGVhYS00YWUxLTg0NjYtNmQ3NDBkZmVmY2ZmIiwiaW50ZW50X2lkIjoiaW50X2hrZG1tZjVxd2dqYTVka2M0OHoiLCJidXNpbmVzc19uYW1lIjoiZGVtbyBDYXBhYmlsaXR5U29sdXRpb24ifQ.5wr_WurR13Y_Y2Td6QELZn1i6cyEGoYrpSg8LiUEPEg\",\"base_amount\":100}','2023-03-20 18:14:00','2023-03-20 18:14:00'),(24,69,'int_hkdm95hqqgjziiul50f','20230412235100455795',100,'USD','Merchant_Order_a7f9baf8-884a-4def-ba85-d1f9be83470a','Cathy Testing','SUCCEEDED','{\"id\":\"int_hkdm95hqqgjziiul50f\",\"request_id\":\"20230412235100455795\",\"amount\":100,\"currency\":\"USD\",\"merchant_order_id\":\"Merchant_Order_a7f9baf8-884a-4def-ba85-d1f9be83470a\",\"descriptor\":\"Cathy Testing\",\"status\":\"SUCCEEDED\",\"captured_amount\":100,\"latest_payment_attempt\":{\"id\":\"att_hkdmwrlcggjzik6mt7n_iul50f\",\"amount\":100,\"currency\":\"USD\",\"payment_method\":{\"type\":\"card\",\"card\":{\"expiry_month\":\"09\",\"expiry_year\":\"2026\",\"name\":\"SANIL\",\"bin\":\"40355010\",\"last4\":\"0008\",\"brand\":\"visa\",\"issuer_country_code\":\"US\",\"card_type\":\"DEBIT\",\"fingerprint\":\"FTZd09K9OAPutJpassrvqPgpY\\/c=\",\"cvc_check\":\"pass\",\"billing\":{\"first_name\":\"\",\"last_name\":\"\"},\"issuer_name\":\"SOCIETE GENERALE\",\"is_commercial\":false,\"number_type\":\"PAN\"},\"id\":\"mtd_hkdm6jhkngjzikafemn\",\"status\":\"CREATED\",\"created_at\":\"2023-04-12T23:52:23+0000\",\"updated_at\":\"2023-04-12T23:52:23+0000\"},\"payment_intent_id\":\"int_hkdm95hqqgjziiul50f\",\"status\":\"CAPTURE_REQUESTED\",\"provider_transaction_id\":\"040957469303_718939233438998\",\"provider_original_response_code\":\"00\",\"authorization_code\":\"054086\",\"captured_amount\":100,\"refunded_amount\":0,\"created_at\":\"2023-04-12T23:52:23+0000\",\"updated_at\":\"2023-04-12T23:52:29+0000\",\"settle_via\":\"airwallex\",\"device\":{\"device_id\":\"29617130-d58b-4eca-ae09-332775f64598\",\"ip_address\":\"116.68.100.237\",\"host_name\":\"https:\\/\\/onehrstag.com\",\"cookies_accepted\":\"true\",\"http_browser_type\":\"chrome\",\"ip_network_address\":\"116.68.100.237\"},\"authentication_data\":{\"ds_data\":{\"retry_count_for_auth_decline\":0},\"fraud_data\":{\"action\":\"ACCEPT\",\"score\":\"23\"},\"avs_result\":\"U\",\"cvc_result\":\"Y\",\"cvc_code\":\"M\"}},\"created_at\":\"2023-04-12T23:51:02+0000\",\"updated_at\":\"2023-04-12T23:52:29+0000\",\"client_secret\":\"eyJhbGciOiJIUzI1NiJ9.eyJpYXQiOjE2ODEzNDM1NDksImV4cCI6MTY4MTM0NzE0OSwidHlwZSI6ImNsaWVudC1zZWNyZXQiLCJwYWRjIjoiSEsiLCJhY2NvdW50X2lkIjoiZGI3MTZjZDEtZGVhYS00YWUxLTg0NjYtNmQ3NDBkZmVmY2ZmIiwiaW50ZW50X2lkIjoiaW50X2hrZG05NWhxcWdqemlpdWw1MGYiLCJidXNpbmVzc19uYW1lIjoiZGVtbyBDYXBhYmlsaXR5U29sdXRpb24ifQ.6sjWiSl9_qWXZhbZczNlSyGkVJ4XLkYVYhPOcf8LrwU\",\"base_amount\":100}','2023-04-12 18:22:29','2023-04-12 18:22:29'),(25,19,'int_hkdmhzgt9gk6kveczbn','20230419093841740482',100,'USD','Merchant_Order_a7f9baf8-884a-4def-ba85-d1f9be83470a','Cathy Testing','SUCCEEDED','{\"id\":\"int_hkdmhzgt9gk6kveczbn\",\"request_id\":\"20230419093841740482\",\"amount\":100,\"currency\":\"USD\",\"merchant_order_id\":\"Merchant_Order_a7f9baf8-884a-4def-ba85-d1f9be83470a\",\"descriptor\":\"Cathy Testing\",\"status\":\"SUCCEEDED\",\"captured_amount\":100,\"latest_payment_attempt\":{\"id\":\"att_hkdmd2cxngk6kw1xjgb_veczbn\",\"amount\":100,\"currency\":\"USD\",\"payment_method\":{\"type\":\"card\",\"card\":{\"expiry_month\":\"12\",\"expiry_year\":\"2025\",\"name\":\"Rich C\",\"bin\":\"40355010\",\"last4\":\"0008\",\"brand\":\"visa\",\"issuer_country_code\":\"US\",\"card_type\":\"DEBIT\",\"fingerprint\":\"FTZd09K9OAPutJpassrvqPgpY\\/c=\",\"cvc_check\":\"pass\",\"billing\":{\"first_name\":\"\",\"last_name\":\"\"},\"issuer_name\":\"SOCIETE GENERALE\",\"is_commercial\":false,\"number_type\":\"PAN\"},\"id\":\"mtd_hkdmqp9nvgk6kwg5dik\",\"status\":\"CREATED\",\"created_at\":\"2023-04-19T09:39:23+0000\",\"updated_at\":\"2023-04-19T09:39:23+0000\"},\"payment_intent_id\":\"int_hkdmhzgt9gk6kveczbn\",\"status\":\"CAPTURE_REQUESTED\",\"provider_transaction_id\":\"445140208324_015911875021974\",\"provider_original_response_code\":\"00\",\"authorization_code\":\"880428\",\"captured_amount\":100,\"refunded_amount\":0,\"created_at\":\"2023-04-19T09:39:23+0000\",\"updated_at\":\"2023-04-19T09:39:47+0000\",\"settle_via\":\"airwallex\",\"device\":{\"device_id\":\"45649b7c-67f3-447c-8abe-118a03a67e38\",\"ip_address\":\"124.122.192.214\",\"host_name\":\"https:\\/\\/onehrstag.com\",\"cookies_accepted\":\"true\",\"http_browser_type\":\"chrome\",\"ip_network_address\":\"124.122.192.214\"},\"authentication_data\":{\"ds_data\":{\"retry_count_for_auth_decline\":0},\"fraud_data\":{\"action\":\"ACCEPT\",\"score\":\"-1\"},\"avs_result\":\"U\",\"cvc_result\":\"Y\",\"cvc_code\":\"M\"}},\"created_at\":\"2023-04-19T09:38:44+0000\",\"updated_at\":\"2023-04-19T09:39:47+0000\",\"client_secret\":\"eyJhbGciOiJIUzI1NiJ9.eyJpYXQiOjE2ODE4OTcxODcsImV4cCI6MTY4MTkwMDc4NywidHlwZSI6ImNsaWVudC1zZWNyZXQiLCJwYWRjIjoiSEsiLCJhY2NvdW50X2lkIjoiZGI3MTZjZDEtZGVhYS00YWUxLTg0NjYtNmQ3NDBkZmVmY2ZmIiwiaW50ZW50X2lkIjoiaW50X2hrZG1oemd0OWdrNmt2ZWN6Ym4iLCJidXNpbmVzc19uYW1lIjoiZGVtbyBDYXBhYmlsaXR5U29sdXRpb24ifQ.CS5xf_wvc9o04KXGAiPvdTxpnJV7rH8VD9w03yD5gxE\",\"base_amount\":100}','2023-04-19 04:09:47','2023-04-19 04:09:47'),(26,119,'int_hkdmmpdb6gmt09x0p2k','20230714010803845445',100,'USD','Merchant_Order_a7f9baf8-884a-4def-ba85-d1f9be83470a','Cathy Testing','SUCCEEDED','{\"id\":\"int_hkdmmpdb6gmt09x0p2k\",\"request_id\":\"20230714010803845445\",\"amount\":100,\"currency\":\"USD\",\"merchant_order_id\":\"Merchant_Order_a7f9baf8-884a-4def-ba85-d1f9be83470a\",\"descriptor\":\"Cathy Testing\",\"status\":\"SUCCEEDED\",\"captured_amount\":100,\"latest_payment_attempt\":{\"id\":\"att_hkdm9v6cdgmt0am9uo1_9x0p2k\",\"amount\":100,\"currency\":\"USD\",\"payment_method\":{\"type\":\"card\",\"card\":{\"expiry_month\":\"12\",\"expiry_year\":\"2028\",\"name\":\"SANIL TESTING\",\"bin\":\"40355010\",\"last4\":\"0008\",\"brand\":\"visa\",\"issuer_country_code\":\"US\",\"card_type\":\"DEBIT\",\"fingerprint\":\"FTZd09K9OAPutJpassrvqPgpY\\/c=\",\"cvc_check\":\"pass\",\"billing\":{\"first_name\":\"\",\"last_name\":\"\"},\"issuer_name\":\"SOCIETE GENERALE\",\"is_commercial\":false,\"number_type\":\"PAN\"},\"id\":\"mtd_hkdmvzw6fgmt0apacfz\",\"status\":\"CREATED\",\"created_at\":\"2023-07-14T01:08:47+0000\",\"updated_at\":\"2023-07-14T01:08:47+0000\"},\"merchant_order_id\":\"Merchant_Order_a7f9baf8-884a-4def-ba85-d1f9be83470a\",\"payment_intent_id\":\"int_hkdmmpdb6gmt09x0p2k\",\"status\":\"CAPTURE_REQUESTED\",\"provider_transaction_id\":\"780266932714_893586976361678\",\"provider_original_response_code\":\"00\",\"authorization_code\":\"885743\",\"captured_amount\":100,\"refunded_amount\":0,\"created_at\":\"2023-07-14T01:08:47+0000\",\"updated_at\":\"2023-07-14T01:08:52+0000\",\"settle_via\":\"airwallex\",\"device\":{\"device_id\":\"f1c1fd0e-f963-4bc8-98c1-bbb2596b7779\",\"ip_address\":\"202.83.40.32\",\"host_name\":\"https:\\/\\/onehrstag.com\",\"cookies_accepted\":\"true\",\"http_browser_type\":\"chrome\",\"ip_network_address\":\"202.83.40.32\"},\"authentication_data\":{\"ds_data\":{\"retry_count_for_auth_decline\":0},\"fraud_data\":{\"action\":\"ACCEPT\",\"score\":\"85\"},\"avs_result\":\"U\",\"cvc_result\":\"Y\",\"cvc_code\":\"M\"}},\"created_at\":\"2023-07-14T01:08:05+0000\",\"updated_at\":\"2023-07-14T01:08:52+0000\",\"client_secret\":\"eyJhbGciOiJIUzI1NiJ9.eyJpYXQiOjE2ODkyOTY5MzIsImV4cCI6MTY4OTMwMDUzMiwidHlwZSI6ImNsaWVudC1zZWNyZXQiLCJwYWRjIjoiSEsiLCJhY2NvdW50X2lkIjoiZGI3MTZjZDEtZGVhYS00YWUxLTg0NjYtNmQ3NDBkZmVmY2ZmIiwiaW50ZW50X2lkIjoiaW50X2hrZG1tcGRiNmdtdDA5eDBwMmsiLCJidXNpbmVzc19uYW1lIjoiZGVtbyBDYXBhYmlsaXR5U29sdXRpb24ifQ.EjrV2XlERVVlv-sLLA_sQQG6XYgU1YpEhiJquIteJms\",\"base_amount\":100}','2023-07-13 19:38:52','2023-07-13 19:38:52'),(27,120,'int_hkdmdfhgmgpq6wc8la6','20231017104537390423',100,'USD','Merchant_Order_a7f9baf8-884a-4def-ba85-d1f9be83470a','Cathy Testing','SUCCEEDED','{\"latest_payment_attempt\":{\"id\":\"att_hkdmwkscqgpq6xe0w8g_wc8la6\",\"amount\":100,\"currency\":\"USD\",\"payment_method\":{\"type\":\"card\",\"card\":{\"expiry_month\":\"12\",\"expiry_year\":\"2023\",\"name\":\"PRADEEP\",\"bin\":\"40355010\",\"last4\":\"0008\",\"brand\":\"visa\",\"issuer_country_code\":\"US\",\"card_type\":\"DEBIT\",\"fingerprint\":\"FTZd09K9OAPutJpassrvqPgpY\\/c=\",\"cvc_check\":\"pass\",\"billing\":{\"first_name\":\"\",\"last_name\":\"\"},\"issuer_name\":\"SOCIETE GENERALE\",\"is_commercial\":false,\"number_type\":\"PAN\"},\"id\":\"mtd_hkdmmmsp7gpq6xg5o9h\",\"status\":\"CREATED\",\"created_at\":\"2023-10-17T10:46:42+0000\",\"updated_at\":\"2023-10-17T10:46:42+0000\"},\"merchant_order_id\":\"Merchant_Order_a7f9baf8-884a-4def-ba85-d1f9be83470a\",\"payment_intent_id\":\"int_hkdmdfhgmgpq6wc8la6\",\"status\":\"CAPTURE_REQUESTED\",\"provider_transaction_id\":\"465197153987_242446110736433\",\"provider_original_response_code\":\"00\",\"authorization_code\":\"230140\",\"captured_amount\":100,\"refunded_amount\":0,\"created_at\":\"2023-10-17T10:46:42+0000\",\"updated_at\":\"2023-10-17T10:46:45+0000\",\"settle_via\":\"airwallex\",\"device\":{\"device_id\":\"c07a3e46-78c4-49c3-8d22-aa9482f8b8f4\",\"ip_address\":\"42.104.146.70\",\"host_name\":\"https:\\/\\/onehrstag.com\",\"cookies_accepted\":\"true\",\"http_browser_type\":\"firefox\",\"ip_network_address\":\"42.104.146.70\"},\"authentication_data\":{\"ds_data\":{\"retry_count_for_auth_decline\":0},\"fraud_data\":{\"action\":\"ACCEPT\",\"score\":\"5\"},\"avs_result\":\"U\",\"cvc_result\":\"Y\",\"cvc_code\":\"M\"},\"payment_method_options\":{\"card\":[]}},\"id\":\"int_hkdmdfhgmgpq6wc8la6\",\"request_id\":\"20231017104537390423\",\"amount\":100,\"currency\":\"USD\",\"merchant_order_id\":\"Merchant_Order_a7f9baf8-884a-4def-ba85-d1f9be83470a\",\"descriptor\":\"Cathy Testing\",\"status\":\"SUCCEEDED\",\"captured_amount\":100,\"created_at\":\"2023-10-17T10:45:38+0000\",\"updated_at\":\"2023-10-17T10:46:45+0000\",\"client_secret\":\"eyJhbGciOiJIUzI1NiJ9.eyJpYXQiOjE2OTc1Mzk2MDUsImV4cCI6MTY5NzU0MzIwNSwidHlwZSI6ImNsaWVudC1zZWNyZXQiLCJwYWRjIjoiSEsiLCJhY2NvdW50X2lkIjoiZGI3MTZjZDEtZGVhYS00YWUxLTg0NjYtNmQ3NDBkZmVmY2ZmIiwiaW50ZW50X2lkIjoiaW50X2hrZG1kZmhnbWdwcTZ3YzhsYTYiLCJidXNpbmVzc19uYW1lIjoiZGVtbyBDYXBhYmlsaXR5U29sdXRpb24ifQ.LXkEyVlTGoGZPnFLrbZH5SsDGJQrSpPLCvVHaZ444ms\",\"base_amount\":100}','2023-10-17 05:16:45','2023-10-17 05:16:45');

--
-- Table structure for table `personal_development_plan`
--

CREATE TABLE `personal_development_plan` (
  `id` int(10) unsigned NOT NULL AUTO_INCREMENT,
  `member_id` int(11) NOT NULL,
  `focus_area_id` int(11) NOT NULL,
  `fa_accountability_id` int(11) NOT NULL,
  `current_maturity_level` int(11) DEFAULT NULL,
  `maturity_level_aspiration` int(11) DEFAULT NULL,
  `created_at` timestamp NULL DEFAULT NULL,
  `updated_at` timestamp NULL DEFAULT NULL,
  PRIMARY KEY (`id`)
) ENGINE=InnoDB AUTO_INCREMENT=79 DEFAULT CHARSET=utf8mb4 COLLATE=utf8mb4_unicode_ci;

--
-- Dumping data for table `personal_development_plan`
--

INSERT INTO `personal_development_plan` VALUES (1,4,1,1,313,317,'2023-05-22 00:26:59','2023-05-22 13:52:59'),(2,4,1,2,NULL,NULL,'2023-05-22 00:26:59','2023-05-22 00:26:59'),(3,4,1,3,NULL,NULL,'2023-05-22 00:26:59','2023-05-22 00:26:59'),(4,4,1,4,NULL,NULL,'2023-05-22 00:26:59','2023-05-22 00:26:59'),(5,4,1,5,NULL,NULL,'2023-05-22 00:26:59','2023-05-22 00:26:59'),(6,4,2,6,NULL,NULL,'2023-05-22 00:26:59','2023-05-22 00:26:59'),(7,4,2,7,NULL,NULL,'2023-05-22 00:26:59','2023-05-22 00:26:59'),(8,4,2,8,NULL,NULL,'2023-05-22 00:26:59','2023-05-22 00:26:59'),(9,4,2,9,NULL,NULL,'2023-05-22 00:26:59','2023-05-22 00:26:59'),(10,4,2,10,NULL,NULL,'2023-05-22 00:26:59','2023-05-22 00:26:59'),(11,4,2,11,NULL,NULL,'2023-05-22 00:26:59','2023-05-22 00:26:59'),(12,4,2,12,NULL,NULL,'2023-05-22 00:26:59','2023-05-22 00:26:59'),(13,4,2,13,NULL,NULL,'2023-05-22 00:26:59','2023-05-22 00:26:59'),(14,4,2,14,NULL,NULL,'2023-05-22 00:26:59','2023-05-22 00:26:59'),(15,4,2,15,NULL,NULL,'2023-05-22 00:26:59','2023-05-22 00:26:59'),(16,4,2,16,NULL,NULL,'2023-05-22 00:26:59','2023-05-22 00:26:59'),(17,4,2,17,NULL,NULL,'2023-05-22 00:26:59','2023-05-22 00:26:59'),(18,4,2,18,NULL,NULL,'2023-05-22 00:26:59','2023-05-22 00:26:59'),(19,4,2,19,NULL,NULL,'2023-05-22 00:26:59','2023-05-22 00:26:59'),(20,4,2,20,NULL,NULL,'2023-05-22 00:26:59','2023-05-22 00:26:59'),(21,4,3,21,NULL,NULL,'2023-05-22 00:26:59','2023-05-22 00:26:59'),(22,4,3,22,NULL,NULL,'2023-05-22 00:26:59','2023-05-22 00:26:59'),(23,4,3,23,NULL,NULL,'2023-05-22 00:26:59','2023-05-22 00:26:59'),(24,4,4,24,NULL,NULL,'2023-05-22 00:26:59','2023-05-22 00:26:59'),(25,4,4,25,NULL,NULL,'2023-05-22 00:26:59','2023-05-22 00:26:59'),(26,4,4,26,NULL,NULL,'2023-05-22 00:26:59','2023-05-22 00:26:59'),(27,69,1,1,315,314,'2023-05-22 02:25:22','2023-05-22 02:25:39'),(28,69,1,2,NULL,NULL,'2023-05-22 02:25:22','2023-05-22 02:25:22'),(29,69,1,3,NULL,NULL,'2023-05-22 02:25:22','2023-05-22 02:25:22'),(30,69,1,4,NULL,NULL,'2023-05-22 02:25:22','2023-05-22 02:25:22'),(31,69,1,5,NULL,NULL,'2023-05-22 02:25:22','2023-05-22 02:25:22'),(32,69,2,6,NULL,NULL,'2023-05-22 02:25:22','2023-05-22 02:25:22'),(33,69,2,7,NULL,NULL,'2023-05-22 02:25:22','2023-05-22 02:25:22'),(34,69,2,8,NULL,NULL,'2023-05-22 02:25:22','2023-05-22 02:25:22'),(35,69,2,9,NULL,NULL,'2023-05-22 02:25:22','2023-05-22 02:25:22'),(36,69,2,10,NULL,NULL,'2023-05-22 02:25:22','2023-05-22 02:25:22'),(37,69,2,11,NULL,NULL,'2023-05-22 02:25:22','2023-05-22 02:25:22'),(38,69,2,12,NULL,NULL,'2023-05-22 02:25:22','2023-05-22 02:25:22'),(39,69,2,13,NULL,NULL,'2023-05-22 02:25:22','2023-05-22 02:25:22'),(40,69,2,14,NULL,NULL,'2023-05-22 02:25:22','2023-05-22 02:25:22'),(41,69,2,15,NULL,NULL,'2023-05-22 02:25:22','2023-05-22 02:25:22'),(42,69,2,16,NULL,NULL,'2023-05-22 02:25:22','2023-05-22 02:25:22'),(43,69,2,17,NULL,NULL,'2023-05-22 02:25:22','2023-05-22 02:25:22'),(44,69,2,18,NULL,NULL,'2023-05-22 02:25:22','2023-05-22 02:25:22'),(45,69,2,19,NULL,NULL,'2023-05-22 02:25:22','2023-05-22 02:25:22'),(46,69,2,20,NULL,NULL,'2023-05-22 02:25:22','2023-05-22 02:25:22'),(47,69,3,21,NULL,NULL,'2023-05-22 02:25:22','2023-05-22 02:25:22'),(48,69,3,22,NULL,NULL,'2023-05-22 02:25:22','2023-05-22 02:25:22'),(49,69,3,23,NULL,NULL,'2023-05-22 02:25:22','2023-05-22 02:25:22'),(50,69,4,24,NULL,NULL,'2023-05-22 02:25:22','2023-05-22 02:25:22'),(51,69,4,25,NULL,NULL,'2023-05-22 02:25:22','2023-05-22 02:25:22'),(52,69,4,26,NULL,NULL,'2023-05-22 02:25:22','2023-05-22 02:25:22'),(53,120,1,1,315,313,'2023-10-17 05:19:56','2023-10-17 05:20:17'),(54,120,1,2,NULL,NULL,'2023-10-17 05:19:56','2023-10-17 05:19:56'),(55,120,1,3,NULL,NULL,'2023-10-17 05:19:56','2023-10-17 05:19:56'),(56,120,1,4,NULL,NULL,'2023-10-17 05:19:56','2023-10-17 05:19:56'),(57,120,1,5,NULL,NULL,'2023-10-17 05:19:56','2023-10-17 05:19:56'),(58,120,2,6,NULL,NULL,'2023-10-17 05:19:56','2023-10-17 05:19:56'),(59,120,2,7,NULL,NULL,'2023-10-17 05:19:56','2023-10-17 05:19:56'),(60,120,2,8,NULL,NULL,'2023-10-17 05:19:56','2023-10-17 05:19:56'),(61,120,2,9,NULL,NULL,'2023-10-17 05:19:56','2023-10-17 05:19:56'),(62,120,2,10,NULL,NULL,'2023-10-17 05:19:56','2023-10-17 05:19:56'),(63,120,2,11,NULL,NULL,'2023-10-17 05:19:56','2023-10-17 05:19:56'),(64,120,2,12,NULL,NULL,'2023-10-17 05:19:56','2023-10-17 05:19:56'),(65,120,2,13,NULL,NULL,'2023-10-17 05:19:56','2023-10-17 05:19:56'),(66,120,2,14,NULL,NULL,'2023-10-17 05:19:56','2023-10-17 05:19:56'),(67,120,2,15,NULL,NULL,'2023-10-17 05:19:56','2023-10-17 05:19:56'),(68,120,2,16,NULL,NULL,'2023-10-17 05:19:56','2023-10-17 05:19:56'),(69,120,2,17,NULL,NULL,'2023-10-17 05:19:56','2023-10-17 05:19:56'),(70,120,2,18,NULL,NULL,'2023-10-17 05:19:56','2023-10-17 05:19:56'),(71,120,2,19,NULL,NULL,'2023-10-17 05:19:56','2023-10-17 05:19:56'),(72,120,2,20,NULL,NULL,'2023-10-17 05:19:56','2023-10-17 05:19:56'),(73,120,3,21,NULL,NULL,'2023-10-17 05:19:56','2023-10-17 05:19:56'),(74,120,3,22,NULL,NULL,'2023-10-17 05:19:56','2023-10-17 05:19:56'),(75,120,3,23,NULL,NULL,'2023-10-17 05:19:56','2023-10-17 05:19:56'),(76,120,4,24,NULL,NULL,'2023-10-17 05:19:56','2023-10-17 05:19:56'),(77,120,4,25,NULL,NULL,'2023-10-17 05:19:56','2023-10-17 05:19:56'),(78,120,4,26,NULL,NULL,'2023-10-17 05:19:56','2023-10-17 05:19:56');

--
-- Table structure for table `personal_development_plan_level1_master`
--

CREATE TABLE `personal_development_plan_level1_master` (
  `id` int(10) unsigned NOT NULL AUTO_INCREMENT,
  `level1` varchar(255) NOT NULL,
  `created_at` timestamp NULL DEFAULT NULL,
  `updated_at` timestamp NULL DEFAULT NULL,
  PRIMARY KEY (`id`)
) ENGINE=InnoDB AUTO_INCREMENT=4 DEFAULT CHARSET=utf8mb4 COLLATE=utf8mb4_unicode_ci;

--
-- Dumping data for table `personal_development_plan_level1_master`
--

INSERT INTO `personal_development_plan_level1_master` VALUES (1,'Learning By Doing',NULL,NULL),(2,'Learning Through Others',NULL,NULL),(3,'Learning Through Resources',NULL,NULL);

--
-- Table structure for table `personal_development_plan_level2_master`
--

CREATE TABLE `personal_development_plan_level2_master` (
  `id` int(10) unsigned NOT NULL AUTO_INCREMENT,
  `level1_id` int(11) NOT NULL,
  `level2` varchar(255) NOT NULL,
  `created_at` timestamp NULL DEFAULT NULL,
  `updated_at` timestamp NULL DEFAULT NULL,
  PRIMARY KEY (`id`)
) ENGINE=InnoDB AUTO_INCREMENT=76 DEFAULT CHARSET=utf8mb4 COLLATE=utf8mb4_unicode_ci;

--
-- Dumping data for table `personal_development_plan_level2_master`
--

INSERT INTO `personal_development_plan_level2_master` VALUES (37,1,'On-the-job Assignments',NULL,NULL),(38,1,'Work Experience',NULL,NULL),(39,1,'Join a relevant Project',NULL,NULL),(40,1,'Job Rotation',NULL,NULL),(41,1,'Increased Responsibility',NULL,NULL),(42,1,'Coach Others',NULL,NULL),(43,1,'Mentor Others',NULL,NULL),(44,1,'Counsel Others',NULL,NULL),(45,1,'Conduct Research',NULL,NULL),(46,1,'Promotion',NULL,NULL),(47,1,'Shadow Learning',NULL,NULL),(48,1,'Study Visit',NULL,NULL),(49,1,'Undertake a high risk assignment (new or turnaround business)',NULL,NULL),(50,1,'Present at an industry forum',NULL,NULL),(51,1,'Undertake a stretch assignment',NULL,NULL),(52,1,'Other  [to be crowd sourced and categorised accordingly]',NULL,NULL),(53,2,'Appoint a Coach',NULL,NULL),(54,2,'Undertake Counseling',NULL,NULL),(55,2,'Set up a Mentor relationship',NULL,NULL),(56,2,'Feedback received from others',NULL,NULL),(57,2,'Knowledge Sharing/Transfer Knowledge',NULL,NULL),(58,2,'Market Visit',NULL,NULL),(59,2,'Join a Network(s)',NULL,NULL),(60,2,'Shadow Learning',NULL,NULL),(61,2,'Attend Conference(s)',NULL,NULL),(62,2,'Attend Exhibition(s)',NULL,NULL),(63,2,'Attend Exhibition(s)',NULL,NULL),(64,2,'Attend Seminar(s)',NULL,NULL),(65,2,'Join a Professional Association(s) / Industry Group(s)',NULL,NULL),(66,2,'Activate relevant Membership(s)',NULL,NULL),(67,2,'Activate relevant Membership(s)',NULL,NULL),(68,2,'Other  [to be crowd sourced and categorised accordingly]',NULL,NULL),(69,3,'Classroom Training / Instructor Led Courses',NULL,NULL),(70,3,'eLearning Programs',NULL,NULL),(71,3,'Formal Education Programs (Tertiary, Vocational studies etc)',NULL,NULL),(72,3,'Reading Journals, books, magazines, newspapers, blogs',NULL,NULL),(73,3,'Virtual Learning Events',NULL,NULL),(74,3,'Webinars)',NULL,NULL),(75,3,'Other  [to be crowd sourced and categorised accordingly]',NULL,NULL);

--
-- Table structure for table `personal_development_plan_list`
--

CREATE TABLE `personal_development_plan_list` (
  `id` int(10) unsigned NOT NULL AUTO_INCREMENT,
  `member_id` int(11) NOT NULL,
  `personal_development_plan_id` int(11) NOT NULL,
  `action` varchar(255) DEFAULT NULL,
  `smart_goal` varchar(255) DEFAULT NULL,
  `when` varchar(255) DEFAULT NULL,
  `how` varchar(255) DEFAULT NULL,
  `level1_id` int(11) DEFAULT NULL,
  `level2_id` int(11) DEFAULT NULL,
  `details` varchar(255) DEFAULT NULL,
  `created_at` timestamp NULL DEFAULT NULL,
  `updated_at` timestamp NULL DEFAULT NULL,
  PRIMARY KEY (`id`)
) ENGINE=InnoDB AUTO_INCREMENT=3 DEFAULT CHARSET=utf8mb4 COLLATE=utf8mb4_unicode_ci;

--
-- Dumping data for table `personal_development_plan_list`
--

INSERT INTO `personal_development_plan_list` VALUES (1,69,27,'This is a test','This is a test',NULL,NULL,1,48,'Study Visit to mdfdfsfdsj','2023-05-22 02:29:02','2023-05-22 02:29:02'),(2,4,1,'Test','SMART GOAL',NULL,NULL,1,47,'Testing.........','2023-05-22 13:53:23','2023-05-22 13:53:23');

--
-- Table structure for table `post_activities`
--

CREATE TABLE `post_activities` (
  `id` int(10) unsigned NOT NULL AUTO_INCREMENT,
  `member_id` int(11) NOT NULL,
  `post_id` int(11) NOT NULL,
  `post_type` int(11) NOT NULL COMMENT '1: post, 2: sub post',
  `activity_type` int(11) NOT NULL DEFAULT 0 COMMENT '1: like, 2: love',
  `is_viewed` int(11) NOT NULL DEFAULT 0 COMMENT '1: true',
  `created_at` timestamp NULL DEFAULT NULL,
  `updated_at` timestamp NULL DEFAULT NULL,
  PRIMARY KEY (`id`)
) ENGINE=InnoDB AUTO_INCREMENT=5 DEFAULT CHARSET=utf8mb4 COLLATE=utf8mb4_unicode_ci;

--
-- Dumping data for table `post_activities`
--

INSERT INTO `post_activities` VALUES (2,72,7,1,2,0,'2023-02-09 03:31:35','2023-02-09 03:31:35'),(3,72,8,1,2,0,'2023-02-09 03:33:07','2023-02-09 03:33:07'),(4,112,10,1,2,0,'2023-02-09 04:23:23','2023-02-09 04:23:23');

--
-- Table structure for table `post_activities_count`
--

CREATE TABLE `post_activities_count` (
  `id` int(10) unsigned NOT NULL AUTO_INCREMENT,
  `post_type` int(11) NOT NULL COMMENT '1: post, 2: sub post',
  `post_id` int(11) NOT NULL,
  `likes` int(11) NOT NULL DEFAULT 0,
  `loves` int(11) NOT NULL DEFAULT 0,
  `views` int(11) NOT NULL DEFAULT 0,
  `comments` int(11) NOT NULL DEFAULT 0,
  `created_at` timestamp NULL DEFAULT NULL,
  `updated_at` timestamp NULL DEFAULT NULL,
  PRIMARY KEY (`id`)
) ENGINE=InnoDB DEFAULT CHARSET=utf8mb4 COLLATE=utf8mb4_unicode_ci;

--
-- Dumping data for table `post_activities_count`
--


--
-- Table structure for table `post_tag`
--

CREATE TABLE `post_tag` (
  `id` int(10) unsigned NOT NULL AUTO_INCREMENT,
  `tag_id` int(11) NOT NULL,
  `post_id` int(11) NOT NULL,
  `created_by` int(11) NOT NULL,
  `created_at` timestamp NULL DEFAULT NULL,
  `updated_at` timestamp NULL DEFAULT NULL,
  PRIMARY KEY (`id`)
) ENGINE=InnoDB AUTO_INCREMENT=16 DEFAULT CHARSET=utf8mb4 COLLATE=utf8mb4_unicode_ci;

--
-- Dumping data for table `post_tag`
--

INSERT INTO `post_tag` VALUES (3,36,2,4,'2023-02-07 18:43:14','2023-02-07 18:43:14'),(4,43,3,4,'2023-02-07 18:52:10','2023-02-07 18:52:10'),(5,29,1,4,'2023-02-07 18:54:24','2023-02-07 18:54:24'),(7,37,4,111,'2023-02-09 03:17:51','2023-02-09 03:17:51'),(9,73,6,111,'2023-02-09 03:23:57','2023-02-09 03:23:57'),(13,1,7,4,'2023-02-09 03:30:53','2023-02-09 03:30:53'),(14,2,9,72,'2023-02-09 03:48:26','2023-02-09 03:48:26'),(15,2,10,112,'2023-02-09 04:23:00','2023-02-09 04:23:00');

--
-- Table structure for table `resources`
--

CREATE TABLE `resources` (
  `id` int(10) unsigned NOT NULL AUTO_INCREMENT,
  `member_id` int(11) NOT NULL,
  `category_id` int(11) NOT NULL,
  `sub_category_id` int(11) NOT NULL,
  `file_name` varchar(255) NOT NULL,
  `original_file_name` varchar(255) NOT NULL,
  `extension` varchar(255) NOT NULL,
  `description` varchar(255) NOT NULL,
  `created_at` timestamp NULL DEFAULT NULL,
  `updated_at` timestamp NULL DEFAULT NULL,
  PRIMARY KEY (`id`)
) ENGINE=InnoDB AUTO_INCREMENT=3 DEFAULT CHARSET=utf8mb4 COLLATE=utf8mb4_unicode_ci;

--
-- Dumping data for table `resources`
--

INSERT INTO `resources` VALUES (1,4,3,23,'1675933722310whatmatters.com_okrs_and_ogsm.pdf','whatmatters.com_OKRs_and_OGSM.pdf','pdf','OGSM and OKRs - whats the difference','2023-02-09 03:38:42','2023-02-09 03:38:42');

--
-- Table structure for table `role`
--

CREATE TABLE `role` (
  `id` bigint(20) unsigned NOT NULL AUTO_INCREMENT,
  `role_name` varchar(255) DEFAULT NULL,
  `created_at` timestamp NULL DEFAULT NULL,
  `updated_at` timestamp NULL DEFAULT NULL,
  PRIMARY KEY (`id`)
) ENGINE=InnoDB AUTO_INCREMENT=12 DEFAULT CHARSET=utf8mb4 COLLATE=utf8mb4_unicode_ci;

--
-- Dumping data for table `role`
--

INSERT INTO `role` VALUES (1,'HR President','2021-10-19 01:32:44',NULL),(2,'HR Vice President','2021-10-19 01:32:44',NULL),(3,'HR Director','2021-10-19 01:32:44',NULL),(4,'HR Personal Manager','2021-10-19 01:32:44',NULL),(5,'HR Factory Manager ( Hi-Tech)','2021-10-19 01:32:44',NULL),(6,'HR Factory Manager (Low-Tech)','2021-10-19 01:32:44',NULL),(7,'HR Officer or HR Supervisor','2021-10-19 01:32:44',NULL),(8,'Strategic Individual Contributor','2021-10-19 01:32:44',NULL),(9,'Operational Individual Contributor','2021-10-19 01:32:44',NULL),(10,'Transactional Individual Contributor','2021-10-19 01:32:44',NULL),(11,'HR Trainee or Intern','2021-10-19 01:32:44',NULL);

--
-- Table structure for table `role_evaluation`
--

CREATE TABLE `role_evaluation` (
  `id` bigint(20) unsigned NOT NULL AUTO_INCREMENT,
  `role_name` varchar(255) DEFAULT NULL,
  `created_at` timestamp NULL DEFAULT NULL,
  `updated_at` timestamp NULL DEFAULT NULL,
  PRIMARY KEY (`id`)
) ENGINE=InnoDB AUTO_INCREMENT=19 DEFAULT CHARSET=utf8mb4 COLLATE=utf8mb4_unicode_ci;

--
-- Dumping data for table `role_evaluation`
--

INSERT INTO `role_evaluation` VALUES (1,'Generalist Global HR Leader (HOHR or Director)','2023-03-07 12:23:33',NULL),(2,'Generalist Regional HR Leader (HOHR or Director)','2023-03-07 12:23:33',NULL),(3,'Generalist Country HR Leader (HOHR or Director)','2023-03-07 12:23:33',NULL),(4,'Generalist large company HR Leader (HOHR or Director)','2023-03-07 12:23:33',NULL),(5,'Generalist medium Company HR Leader (HOHR or Director)','2023-03-07 12:23:33',NULL),(6,'Generalist start up Company HR Leader (HOHR or Director)','2023-03-07 12:23:33',NULL),(7,'Generalist small Company HR Leader (HOHR or Director)','2023-03-07 12:23:33',NULL),(8,'Generalist HR Manager','2023-03-07 12:23:33',NULL),(9,'Generalist HR Officer or Supervisor','2023-03-07 12:23:33',NULL),(10,'Specialist Reward (C&B) Manager','2023-03-07 12:23:33',NULL),(11,'Specialist OD Manager','2023-03-07 12:23:33',NULL),(12,'Specialist Recruitment Manager','2023-03-07 12:23:33',NULL),(13,'Specialist L&D Manager','2023-03-07 12:23:33',NULL),(14,'Specialist HR Administation Manager','2023-03-07 12:23:33',NULL),(15,'HR Process Executive or Specialist','2023-03-07 12:23:33',NULL),(16,'Generalist HR Executive','2023-03-07 12:23:33',NULL),(17,'HR Trainee','2023-03-07 12:23:33',NULL),(18,'HR Intern','2023-03-07 12:23:33',NULL);

--
-- Table structure for table `senior_leadership_alignment`
--

CREATE TABLE `senior_leadership_alignment` (
  `id` int(10) unsigned NOT NULL AUTO_INCREMENT,
  `member_id` int(11) NOT NULL,
  `title` varchar(255) DEFAULT NULL,
  `leader` varchar(255) DEFAULT NULL,
  `completed_status` int(11) NOT NULL DEFAULT 0 COMMENT '0: Not Cmpleted 1: Completed',
  `created_at` timestamp NULL DEFAULT NULL,
  `updated_at` timestamp NULL DEFAULT NULL,
  PRIMARY KEY (`id`)
) ENGINE=InnoDB AUTO_INCREMENT=4 DEFAULT CHARSET=utf8mb4 COLLATE=utf8mb4_unicode_ci;

--
-- Dumping data for table `senior_leadership_alignment`
--

INSERT INTO `senior_leadership_alignment` VALUES (1,4,'Senior Leadership Alignment','Senior Leadership Alignment',0,'2023-05-24 07:21:27','2023-05-24 07:21:27'),(2,69,'25 M by 2025','SLeader 1',0,'2023-05-24 18:28:30','2023-05-24 18:28:30'),(3,4,'Senior Leadership Alignment','Senior Leadership Alignment',0,'2023-05-24 21:01:55','2023-05-24 21:01:55');

--
-- Table structure for table `senior_leadership_alignment_objectives`
--

CREATE TABLE `senior_leadership_alignment_objectives` (
  `id` int(10) unsigned NOT NULL AUTO_INCREMENT,
  `member_id` int(11) NOT NULL,
  `senior_leadership_alignment_id` int(11) NOT NULL,
  `objectives` varchar(255) DEFAULT NULL,
  `goals` varchar(255) DEFAULT NULL,
  `created_at` timestamp NULL DEFAULT NULL,
  `updated_at` timestamp NULL DEFAULT NULL,
  PRIMARY KEY (`id`)
) ENGINE=InnoDB AUTO_INCREMENT=3 DEFAULT CHARSET=utf8mb4 COLLATE=utf8mb4_unicode_ci;

--
-- Dumping data for table `senior_leadership_alignment_objectives`
--

INSERT INTO `senior_leadership_alignment_objectives` VALUES (1,69,2,'<p>Test Objetisdfi 		</p>','<p>Test Goals</p>','2023-05-24 18:28:51','2023-05-24 18:28:51'),(2,4,3,'<h3>Senior Leadership Alignment</h3><p><br></p>','<h3>Senior Leadership Alignment</h3><p><br></p>','2023-05-24 21:02:14','2023-05-24 21:02:14');

--
-- Table structure for table `senior_leadership_alignment_strategies`
--

CREATE TABLE `senior_leadership_alignment_strategies` (
  `id` int(10) unsigned NOT NULL AUTO_INCREMENT,
  `member_id` int(11) NOT NULL,
  `objectives_id` int(11) NOT NULL,
  `strategy` varchar(255) NOT NULL,
  `measures` varchar(255) DEFAULT NULL,
  `created_at` timestamp NULL DEFAULT NULL,
  `updated_at` timestamp NULL DEFAULT NULL,
  PRIMARY KEY (`id`)
) ENGINE=InnoDB AUTO_INCREMENT=3 DEFAULT CHARSET=utf8mb4 COLLATE=utf8mb4_unicode_ci;

--
-- Dumping data for table `senior_leadership_alignment_strategies`
--

INSERT INTO `senior_leadership_alignment_strategies` VALUES (1,69,1,'<p>Measures 1</p>','<p>Measures 1</p>','2023-05-24 18:29:07','2023-05-24 18:29:07'),(2,69,1,'<p>Measures 2</p>','<p>Measures 2</p>','2023-05-24 18:29:25','2023-05-24 18:29:25');

--
-- Table structure for table `strategies`
--

CREATE TABLE `strategies` (
  `id` int(10) unsigned NOT NULL AUTO_INCREMENT,
  `member_id` int(11) NOT NULL,
  `objectives_id` int(11) DEFAULT NULL,
  `strategy` varchar(255) DEFAULT NULL,
  `measures` varchar(255) DEFAULT NULL,
  `created_at` timestamp NULL DEFAULT NULL,
  `updated_at` timestamp NULL DEFAULT NULL,
  PRIMARY KEY (`id`)
) ENGINE=InnoDB AUTO_INCREMENT=20 DEFAULT CHARSET=utf8mb4 COLLATE=utf8mb4_unicode_ci;

--
-- Dumping data for table `strategies`
--

INSERT INTO `strategies` VALUES (1,4,1,'<p>HR Business Alignment OGSM  Testing</p>','<p>HR Business Alignment OGSM</p>','2023-05-17 07:38:23','2023-05-22 20:36:27'),(2,4,1,'HR Business Alignment OGSM','HR Business Alignment OGSM','2023-05-17 07:38:32','2023-05-17 07:38:32'),(8,4,1,'<p> HR Business Alignment OGSM  </p><p> HR Business Alignment <span style=\"color: rgb(230, 0, 0);\">OGSM  </span></p>','<p> HR Business Alignment OGSM  </p><p> HR Business Alignment <span style=\"color: rgb(230, 0, 0);\">OGSM  </span></p>','2023-05-18 12:16:39','2023-05-18 12:16:39'),(11,4,5,'<p>HR Business Alignment <strong>OGSM STRATEGY</strong></p>','<p>HR Business Alignment <strong>OGSM MEASURES</strong></p>','2023-05-22 20:37:12','2023-05-22 20:40:02'),(13,4,6,'<p>Measures</p>','<p>Measures</p>','2023-05-22 20:48:31','2023-05-22 20:48:31'),(14,4,6,'<p>meas</p>','<p>meas</p>','2023-05-22 20:52:44','2023-05-22 20:52:44'),(17,4,6,'<p>Strategies</p>','<p>Measures</p>','2023-05-22 21:25:18','2023-05-22 21:25:18'),(18,69,4,'<p>Grow global e-commerce customers by leveraging strengths (design, product development, customer service, on-time delivery, quality, effective cost structure)</p>','<p>From x to y customers</p><p>From x to $3M</p>','2023-05-22 21:27:56','2023-05-22 21:29:17'),(19,69,4,'<p>Grow global brand customers by leveraging strengths (design, product development, customer service, on-time delivery, quality, effective cost structure)</p>','<p>From x to y customers</p><p>From x to $3M</p>','2023-05-22 21:28:54','2023-05-22 21:28:54');

--
-- Table structure for table `tag`
--

CREATE TABLE `tag` (
  `id` int(10) unsigned NOT NULL AUTO_INCREMENT,
  `parent_id` int(11) NOT NULL,
  `tag` varchar(255) NOT NULL,
  `created_by` int(11) NOT NULL,
  `created_at` timestamp NULL DEFAULT NULL,
  `updated_at` timestamp NULL DEFAULT NULL,
  PRIMARY KEY (`id`)
) ENGINE=InnoDB AUTO_INCREMENT=80 DEFAULT CHARSET=utf8mb4 COLLATE=utf8mb4_unicode_ci;

--
-- Dumping data for table `tag`
--

INSERT INTO `tag` VALUES (1,1,'OGSM',1,NULL,NULL),(2,1,'Business Planning',1,NULL,NULL),(3,1,'Business Planning',1,NULL,NULL),(4,2,'KPIs',1,NULL,NULL),(5,2,'Performance Objectives',1,NULL,NULL),(6,2,'OKRs',1,NULL,NULL),(7,3,'Capabilities',1,NULL,NULL),(8,3,'Maturity Matrix',1,NULL,NULL),(9,3,'Functional Capabilities',1,NULL,NULL),(10,4,'Transformation and Change Management',1,NULL,NULL),(11,4,'Structure Development',1,NULL,NULL),(12,4,'Accountability Matrix',1,NULL,NULL),(13,5,'Workplace Culture',1,NULL,NULL),(14,5,'Career Growth',1,NULL,NULL),(15,5,'Employee Experience',1,NULL,NULL),(16,6,'HR Admin Strategies',1,NULL,NULL),(17,6,'HR Admin Operations',1,NULL,NULL),(18,6,'HR Admin Outsourcing',1,NULL,NULL),(19,7,'ER Strategies',1,NULL,NULL),(20,7,'ER Policy',1,NULL,NULL),(21,7,'ER Process',1,NULL,NULL),(22,8,'Diversity Management',1,NULL,NULL),(23,8,'Inclusion Management',1,NULL,NULL),(24,8,'Equity Management',1,NULL,NULL),(25,9,'Labour Law',1,NULL,NULL),(26,9,'Collective Bargaining',1,NULL,NULL),(27,9,'Union Management',1,NULL,NULL),(28,10,'PM Process',1,NULL,NULL),(29,10,'PM Engagement',1,NULL,NULL),(30,10,'PM Administration',1,NULL,NULL),(31,11,'Reward Definitions',1,NULL,NULL),(32,11,'Reward Policy',1,NULL,NULL),(33,11,'Reward Process',1,NULL,NULL),(34,12,'Talent Policy',1,NULL,NULL),(35,12,'Talent Evaluation',1,NULL,NULL),(36,12,'Talent Process',1,NULL,NULL),(37,13,'Sourcing Strategies',1,NULL,NULL),(38,13,'Interview Management',1,NULL,NULL),(39,13,'Graduate Hiring',1,NULL,NULL),(40,13,'Recruitment Agencies',1,NULL,NULL),(41,14,'L&D Strategies',1,NULL,NULL),(42,14,'L&D Policy',1,NULL,NULL),(43,14,'L&D Operations',1,NULL,NULL),(44,15,'HR Project Leadership',1,NULL,NULL),(45,15,'HR Project Governance',1,NULL,NULL),(46,15,'HR Project Stakeholder Management',1,NULL,NULL),(47,16,'Requirement Definition',1,NULL,NULL),(48,16,'Digitisation',1,NULL,NULL),(49,16,'Automation',1,NULL,NULL),(50,17,'Legislation',1,NULL,NULL),(51,17,'Dashboard',1,NULL,NULL),(52,17,'Workplace Management',1,NULL,NULL),(53,18,'Internal Communication Strategies',1,NULL,NULL),(54,18,'Internal Communication Policies',1,NULL,NULL),(55,18,'Internal Communication Process',1,NULL,NULL),(56,19,'Expat Taxation',1,NULL,NULL),(57,19,'Expat Benefits',1,NULL,NULL),(58,19,'Expat Relocation',1,NULL,NULL),(59,20,'Location Evaluation',1,NULL,NULL),(60,20,'Lease Management',1,NULL,NULL),(61,20,'Faciliities Services',1,NULL,NULL),(62,21,'HR Financial Metrics',1,NULL,NULL),(63,21,'HR Financial Budgeting',1,NULL,NULL),(64,21,'HR Financial Dashboards',1,NULL,NULL),(65,22,'HR Performance Metrics Strategies',1,NULL,NULL),(66,22,'HR Performance  Options',1,NULL,NULL),(67,22,'HR Performance Metrics Management',1,NULL,NULL),(68,23,'HR Governance Structure',1,NULL,NULL),(69,23,'HR Project Management',1,NULL,NULL),(70,23,'HR Project Operations',1,NULL,NULL),(71,24,'HR Strategy Innovation & Creativity',1,NULL,NULL),(72,24,'HR Policy Innovation & Creativity',1,NULL,NULL),(73,24,'HR System Innovation & Creativity',1,NULL,NULL),(74,25,'HR Maturity Governance',1,NULL,NULL),(75,25,'HR Maturity Matrix',1,NULL,NULL),(76,25,'HR Maturity Dashboard',1,NULL,NULL),(77,26,'HR 4.0',1,NULL,NULL),(78,26,'RPA',1,NULL,NULL),(79,26,'Digital Solutions',1,NULL,NULL);

--
-- Table structure for table `third_level_subject`
--

CREATE TABLE `third_level_subject` (
  `id` int(10) unsigned NOT NULL AUTO_INCREMENT,
  `parent_id` int(11) NOT NULL,
  `subject` text NOT NULL,
  `created_by` int(11) NOT NULL,
  `created_at` timestamp NULL DEFAULT NULL,
  `updated_at` timestamp NULL DEFAULT NULL,
  PRIMARY KEY (`id`)
) ENGINE=InnoDB AUTO_INCREMENT=20 DEFAULT CHARSET=utf8mb4 COLLATE=utf8mb4_unicode_ci;

--
-- Dumping data for table `third_level_subject`
--

INSERT INTO `third_level_subject` VALUES (11,2,'Models',4,'2022-11-11 01:35:00','2022-11-11 01:35:00'),(12,2,'Systems',4,'2022-11-11 01:35:15','2022-11-11 01:35:15'),(13,3,'Capability Assessment and Planning Tools',4,'2022-11-21 19:09:09','2022-11-21 19:09:09'),(14,4,'Organizational Innovation',4,'2022-11-23 18:02:44','2022-11-23 18:02:44'),(17,1,'Strategies',4,'2022-11-26 02:07:42','2022-11-26 02:07:42'),(18,1,'Models',4,'2022-11-26 02:07:50','2022-11-26 02:07:50'),(19,1,'Case Studies',4,'2022-11-26 02:08:01','2022-11-26 02:08:01');

--
-- Table structure for table `user_verification_status`
--

CREATE TABLE `user_verification_status` (
  `id` int(10) unsigned NOT NULL AUTO_INCREMENT,
  `member_id` int(11) NOT NULL,
  `mobile_number` tinyint(1) NOT NULL DEFAULT 0,
  `location` tinyint(1) NOT NULL DEFAULT 0,
  `evaluation` tinyint(1) NOT NULL DEFAULT 0,
  `created_at` timestamp NULL DEFAULT NULL,
  `updated_at` timestamp NULL DEFAULT NULL,
  PRIMARY KEY (`id`)
) ENGINE=InnoDB AUTO_INCREMENT=117 DEFAULT CHARSET=utf8mb4 COLLATE=utf8mb4_unicode_ci;

--
-- Dumping data for table `user_verification_status`
--

INSERT INTO `user_verification_status` VALUES (1,4,2,1,1,'2022-08-04 15:32:20','2023-02-09 00:03:16'),(2,5,2,1,1,'2022-08-04 21:35:46','2022-08-04 21:36:08'),(3,6,2,0,0,'2022-08-05 10:15:42','2022-08-05 10:15:46'),(4,7,2,1,1,'2022-08-05 10:24:01','2022-08-05 10:24:59'),(5,8,2,1,1,'2022-08-05 18:50:14','2022-08-05 18:50:38'),(6,9,2,1,1,'2022-08-07 11:22:30','2022-08-07 11:22:58'),(7,10,2,1,1,'2022-08-07 11:52:32','2022-08-07 11:53:04'),(8,11,2,1,1,'2022-08-07 19:10:49','2022-08-07 19:11:23'),(9,12,2,1,1,'2022-08-07 23:03:15','2022-08-07 23:03:48'),(10,13,2,1,1,'2022-08-08 00:05:52','2022-08-08 00:06:35'),(11,14,2,1,1,'2022-08-08 18:54:57','2022-08-08 18:55:31'),(12,16,2,1,1,'2022-08-09 18:13:50','2022-08-09 18:14:20'),(13,17,0,0,0,'2022-08-09 18:23:08','2022-08-09 18:23:08'),(14,18,2,1,1,'2022-08-09 20:02:24','2022-08-09 20:05:35'),(15,19,2,1,1,'2022-08-09 20:14:20','2022-08-09 20:15:35'),(16,20,2,1,1,'2022-08-10 19:18:11','2022-08-10 19:18:46'),(17,21,2,1,1,'2022-08-10 21:37:38','2022-08-10 21:38:09'),(18,22,2,1,1,'2022-08-10 23:04:03','2022-08-10 23:04:25'),(19,23,2,1,1,'2022-08-11 01:45:42','2022-08-11 01:46:47'),(20,24,2,1,1,'2022-08-11 07:28:42','2022-08-11 07:29:16'),(21,25,2,1,1,'2022-08-11 19:14:13','2022-08-11 19:14:53'),(22,26,2,1,1,'2022-08-11 21:49:01','2022-08-11 21:49:27'),(23,27,2,1,1,'2022-08-11 22:13:41','2022-08-11 22:14:00'),(24,28,2,1,1,'2022-08-12 21:19:05','2022-08-12 21:19:49'),(25,29,2,1,1,'2022-08-12 21:53:33','2022-08-12 21:54:01'),(26,30,2,0,0,'2022-08-12 22:01:15','2022-08-12 22:01:19'),(27,31,2,1,1,'2022-08-14 20:25:12','2022-08-14 20:25:46'),(28,32,2,1,1,'2022-08-17 10:50:37','2022-08-17 10:51:01'),(29,33,2,1,1,'2022-08-18 05:47:59','2022-08-18 05:48:27'),(30,34,2,1,1,'2022-08-21 19:55:40','2022-08-21 19:56:08'),(31,35,2,1,1,'2022-08-22 00:07:22','2022-08-22 00:07:48'),(32,36,2,1,1,'2022-08-25 20:16:09','2022-08-25 20:16:40'),(33,37,2,1,1,'2022-08-28 00:06:17','2022-08-28 00:06:45'),(34,38,2,1,1,'2022-08-28 00:21:53','2022-08-28 00:22:19'),(35,39,2,1,1,'2022-08-28 00:36:01','2022-08-28 00:36:33'),(36,40,2,1,1,'2022-08-28 01:04:19','2022-08-28 01:07:09'),(37,41,2,1,1,'2022-08-28 20:19:31','2022-08-28 20:20:05'),(38,42,2,1,1,'2022-08-31 19:43:27','2022-08-31 19:44:09'),(39,43,2,0,0,'2022-09-03 14:42:47','2022-09-03 14:42:50'),(40,44,2,1,1,'2022-09-03 20:56:57','2022-09-03 20:58:17'),(41,45,2,1,1,'2022-09-18 11:05:42','2022-09-18 11:06:09'),(42,46,2,1,1,'2022-09-18 11:40:29','2022-09-18 11:58:11'),(43,47,2,1,1,'2022-09-18 21:20:08','2022-09-18 21:43:09'),(44,48,2,1,1,'2022-09-24 08:14:33','2022-09-24 08:16:48'),(45,49,2,1,1,'2022-09-24 23:40:33','2022-09-24 23:45:26'),(46,50,2,1,1,'2022-11-01 04:36:49','2022-11-01 04:38:05'),(47,51,2,1,1,'2022-11-09 00:17:00','2022-11-09 00:19:53'),(48,52,2,1,1,'2022-11-09 00:24:45','2022-11-09 00:25:06'),(49,53,2,1,1,'2022-11-10 08:42:24','2022-11-10 08:44:02'),(50,54,2,1,1,'2022-11-10 18:09:02','2022-11-10 18:10:38'),(51,55,2,1,1,'2022-11-10 18:48:03','2022-11-10 18:50:00'),(52,56,2,1,1,'2022-11-10 22:47:55','2022-11-10 22:50:57'),(53,57,2,1,0,'2022-11-11 01:05:12','2022-11-11 01:05:36'),(54,58,2,1,1,'2022-11-11 01:06:15','2022-11-11 01:07:33'),(55,59,2,1,1,'2022-11-11 01:23:34','2022-11-11 01:25:34'),(56,60,2,1,1,'2022-11-11 10:56:56','2022-11-11 10:57:24'),(57,61,2,1,1,'2022-11-14 02:41:31','2022-11-14 02:47:52'),(58,62,2,1,1,'2022-11-14 02:56:47','2022-11-14 02:58:28'),(59,63,2,1,1,'2022-11-16 09:34:17','2022-11-16 09:36:10'),(60,64,2,1,1,'2022-11-17 19:15:58','2022-11-17 19:22:00'),(61,65,2,1,1,'2022-11-17 21:38:40','2022-11-17 21:39:02'),(62,66,2,1,1,'2022-11-18 01:32:29','2022-11-18 01:33:56'),(63,67,2,1,1,'2022-11-19 02:33:28','2022-11-19 02:52:46'),(64,68,2,1,1,'2022-11-19 20:01:23','2022-11-19 20:01:41'),(65,69,2,1,1,'2022-11-20 18:29:38','2023-04-27 23:14:07'),(66,70,2,1,1,'2022-11-21 06:16:34','2022-11-21 06:18:40'),(67,71,2,1,1,'2022-11-21 19:04:47','2022-11-21 19:06:51'),(68,72,2,1,1,'2022-11-23 07:14:53','2023-03-19 18:28:55'),(69,73,2,1,1,'2022-11-23 19:24:59','2022-11-23 19:26:54'),(70,74,2,1,1,'2022-11-26 01:07:37','2022-11-26 01:09:04'),(71,75,2,1,1,'2022-11-26 01:48:35','2022-11-26 01:56:12'),(72,76,2,1,1,'2022-11-27 22:54:00','2022-11-27 22:58:14'),(73,77,2,1,1,'2022-11-29 07:50:58','2022-11-29 07:51:22'),(74,78,2,1,1,'2022-11-29 18:30:19','2022-11-29 18:35:33'),(75,79,2,1,1,'2022-11-30 19:01:19','2022-11-30 19:07:33'),(76,80,2,1,1,'2022-12-03 06:43:01','2022-12-03 06:45:28'),(77,81,2,1,1,'2022-12-05 06:36:42','2022-12-05 06:37:24'),(78,82,2,1,1,'2022-12-05 06:38:32','2022-12-05 06:43:31'),(79,83,2,1,1,'2022-12-13 00:41:56','2022-12-13 00:42:21'),(80,84,2,1,1,'2022-12-13 00:43:40','2022-12-13 00:44:07'),(81,85,2,1,0,'2022-12-13 03:31:41','2022-12-13 03:31:57'),(82,86,2,1,1,'2022-12-13 05:25:29','2022-12-13 05:26:00'),(83,87,2,1,1,'2022-12-14 19:17:55','2022-12-14 19:21:03'),(84,88,2,1,1,'2022-12-15 19:10:00','2022-12-15 19:11:49'),(85,89,2,1,1,'2022-12-15 19:21:15','2022-12-15 19:22:29'),(86,90,2,1,1,'2022-12-19 08:38:27','2022-12-19 08:38:50'),(87,91,2,1,0,'2022-12-19 08:40:30','2022-12-19 08:40:48'),(88,92,2,1,0,'2022-12-20 18:40:28','2022-12-20 18:40:43'),(89,93,2,1,1,'2023-01-02 18:45:12','2023-01-02 18:46:58'),(90,94,2,1,1,'2023-01-26 09:54:56','2023-02-09 00:32:36'),(91,95,2,1,1,'2023-01-27 00:38:12','2023-01-27 00:40:16'),(92,96,2,1,1,'2023-01-27 07:07:39','2023-01-27 07:08:04'),(93,97,2,1,1,'2023-01-27 12:12:14','2023-01-27 12:12:46'),(94,98,2,1,1,'2023-01-27 18:46:58','2023-01-27 18:49:24'),(95,99,2,1,1,'2023-01-27 18:54:53','2023-01-27 18:56:38'),(96,100,2,1,1,'2023-01-27 19:01:18','2023-01-27 19:03:29'),(97,101,2,1,1,'2023-01-27 19:58:36','2023-01-27 20:00:08'),(98,102,2,1,1,'2023-01-29 02:43:59','2023-01-29 02:44:23'),(99,103,2,1,1,'2023-02-01 13:28:38','2023-02-01 13:28:56'),(100,104,2,1,1,'2023-02-08 18:35:15','2023-02-08 18:42:54'),(101,105,2,1,1,'2023-02-08 18:47:14','2023-02-08 18:47:45'),(102,106,2,1,1,'2023-02-08 18:50:18','2023-02-08 18:54:10'),(103,107,2,1,1,'2023-02-08 18:56:41','2023-02-08 18:58:20'),(104,108,2,1,1,'2023-02-08 19:00:00','2023-02-08 19:01:39'),(105,109,2,1,1,'2023-02-08 23:11:24','2023-02-08 23:16:41'),(106,110,2,1,1,'2023-02-08 23:19:07','2023-02-08 23:22:06'),(107,111,2,1,1,'2023-02-09 03:07:18','2023-02-09 03:08:45'),(108,112,2,1,1,'2023-02-09 04:15:00','2023-02-09 04:18:20'),(109,113,2,1,1,'2023-02-09 18:49:51','2023-02-09 18:51:55'),(110,114,2,1,1,'2023-02-10 09:30:59','2023-02-10 09:46:16'),(111,115,2,1,1,'2023-02-15 18:34:40','2023-02-15 18:36:19'),(112,116,2,1,1,'2023-03-10 21:32:04','2023-03-10 21:34:34'),(113,117,2,1,1,'2023-03-20 18:10:10','2023-03-20 18:12:02'),(114,118,2,1,1,'2023-05-02 01:15:35','2023-05-02 01:16:21'),(115,119,2,1,1,'2023-07-13 19:33:43','2023-07-13 19:35:52'),(116,120,2,1,1,'2023-10-17 05:09:06','2023-10-17 05:15:00');


